000
CDUS43 KICT 140623
CLIICT


CLIMATE REPORT
NATIONAL WEATHER SERVICE WICHITA KS
122 AM CDT SAT OCT 14 2017


...................................

...THE WICHITA EISENHOWER NATIONAL CLIMATE SUMMARY FOR OCTOBER 13 2017...

CLIMATE NORMAL PERIOD 1981 TO 2010
CLIMATE RECORD PERIOD 1888 TO 2017


WEATHER ITEM   OBSERVED TIME   RECORD YEAR NORMAL DEPARTURE LAST
                VALUE   (LST)  VALUE       VALUE  FROM      YEAR
                                                  NORMAL
..................................................................
TEMPERATURE (F)
 YESTERDAY
  MAXIMUM         83    123 PM  90    1966  71     12       60
                                      1954
  MINIMUM         63   1159 PM  33    1969  48     15       41
  AVERAGE         73                        59     14       51

PRECIPITATION (IN)
  YESTERDAY        0.00          2.30 1960   0.09  -0.09     0.00
  MONTH TO DATE    2.85                      1.29   1.56     1.12
  SINCE SEP 1      5.19                      4.43   0.76    12.42
  SINCE JAN 1     32.54                     28.52   4.02    48.76

SNOWFALL (IN)
  YESTERDAY        0.0           0.0  2007   0.0    0.0      0.0
  MONTH TO DATE    0.0                       0.0    0.0      0.0
  SINCE SEP 1      0.0                       0.0    0.0      0.0
  SINCE JUL 1      0.0                       0.0    0.0      0.0
  SNOW DEPTH       0

DEGREE DAYS
 HEATING
  YESTERDAY        0                         7     -7       14
  MONTH TO DATE   35                        70    -35       43
  SINCE SEP 1     41                       112    -71       57
  SINCE JUL 1     41                       113    -72       57

 COOLING
  YESTERDAY        8                         1      7        0
  MONTH TO DATE   58                        26     32       25
  SINCE SEP 1    334                       248     86      305
  SINCE JAN 1   1773                      1675     98     1977
..................................................................


WIND (MPH)
  HIGHEST WIND SPEED    18   HIGHEST WIND DIRECTION     S (200)
  HIGHEST GUST SPEED    24   HIGHEST GUST DIRECTION     S (170)
  AVERAGE WIND SPEED    12.0


SKY COVER
  POSSIBLE SUNSHINE  MM
  AVERAGE SKY COVER 0.2


WEATHER CONDITIONS
 THE FOLLOWING WEATHER WAS RECORDED YESTERDAY.
  NO SIGNIFICANT WEATHER WAS OBSERVED.


RELATIVE HUMIDITY (PERCENT)
 HIGHEST    87           400 AM
 LOWEST     54           400 PM
 AVERAGE    71

..........................................................


THE WICHITA EISENHOWER NATIONAL CLIMATE NORMALS FOR TODAY
                         NORMAL    RECORD    YEAR
 MAXIMUM TEMPERATURE (F)   70        89      1989
                                             1938
                                             1911
 MINIMUM TEMPERATURE (F)   48        30      1969


SUNRISE AND SUNSET
OCTOBER 14 2017.......SUNRISE   737 AM CDT   SUNSET   653 PM CDT
OCTOBER 15 2017.......SUNRISE   738 AM CDT   SUNSET   652 PM CDT


-  INDICATES NEGATIVE NUMBERS.
R  INDICATES RECORD WAS SET OR TIED.
MM INDICATES DATA IS MISSING.
T  INDICATES TRACE AMOUNT.




$$
