000
CDUS43 KICT 120630
CLIICT


CLIMATE REPORT
NATIONAL WEATHER SERVICE WICHITA KS
130 AM CDT SAT APR 12 2014


...................................

...THE WICHITA MID CONTINENT KS CLIMATE SUMMARY FOR APRIL 11 2014...

CLIMATE NORMAL PERIOD 1981 TO 2010
CLIMATE RECORD PERIOD 1888 TO 2014


WEATHER ITEM   OBSERVED TIME   RECORD YEAR NORMAL DEPARTURE LAST
                VALUE   (LST)  VALUE       VALUE  FROM      YEAR
                                                  NORMAL
..................................................................
TEMPERATURE (F)
 YESTERDAY
  MAXIMUM         80    503 PM  87    1996  66     14       55
  MINIMUM         50    501 AM  24    1940  43      7       28
  AVERAGE         65                        55     10       42

PRECIPITATION (IN)
  YESTERDAY        0.00          1.07 1943   0.07  -0.07     0.00
  MONTH TO DATE    0.41                      0.82  -0.41     1.63
  SINCE MAR 1      0.90                      3.51  -2.61     3.74
  SINCE JAN 1      1.89                      5.52  -3.63     6.76

SNOWFALL (IN)
  YESTERDAY        0.0           0.4  1900   0.1   -0.1      0.0
  MONTH TO DATE    0.0                       0.2   -0.2       T
  SINCE MAR 1      3.2                       2.5    0.7      5.3
  SINCE JUL 1     22.7                      14.9    7.8     29.8
  SNOW DEPTH       0

DEGREE DAYS
 HEATING
  YESTERDAY        0                        11    -11       23
  MONTH TO DATE  123                       137    -14      174
  SINCE MAR 1    800                       714     86      840
  SINCE JUL 1   4719                      4354    365     4111

 COOLING
  YESTERDAY        0                         1     -1        0
  MONTH TO DATE    0                         4     -4        2
  SINCE MAR 1      0                         6     -6        2
  SINCE JAN 1      0                         6     -6        2
..................................................................


WIND (MPH)
  HIGHEST WIND SPEED    18   HIGHEST WIND DIRECTION    SE (120)
  HIGHEST GUST SPEED    23   HIGHEST GUST DIRECTION     E (110)
  AVERAGE WIND SPEED    10.8


SKY COVER
  POSSIBLE SUNSHINE  MM
  AVERAGE SKY COVER 0.4


WEATHER CONDITIONS
 THE FOLLOWING WEATHER WAS RECORDED YESTERDAY.
  HAZE


RELATIVE HUMIDITY (PERCENT)
 HIGHEST    73          1100 PM
 LOWEST     29           100 PM
 AVERAGE    51

..........................................................


THE WICHITA MID CONTINENT KS CLIMATE NORMALS FOR TODAY
                         NORMAL    RECORD    YEAR
 MAXIMUM TEMPERATURE (F)   67        96      1972
 MINIMUM TEMPERATURE (F)   43        21      1940


SUNRISE AND SUNSET
APRIL 12 2014.........SUNRISE   659 AM CDT   SUNSET   803 PM CDT
APRIL 13 2014.........SUNRISE   657 AM CDT   SUNSET   803 PM CDT


-  INDICATES NEGATIVE NUMBERS.
R  INDICATES RECORD WAS SET OR TIED.
MM INDICATES DATA IS MISSING.
T  INDICATES TRACE AMOUNT.




$$
