000
CDUS43 KICT 300623
CLIICT


CLIMATE REPORT
NATIONAL WEATHER SERVICE WICHITA KS
123 AM CDT SAT AUG 30 2014


...................................

...THE WICHITA MID CONTINENT KS CLIMATE SUMMARY FOR AUGUST 29 2014...

CLIMATE NORMAL PERIOD 1981 TO 2010
CLIMATE RECORD PERIOD 1888 TO 2014


WEATHER ITEM   OBSERVED TIME   RECORD YEAR NORMAL DEPARTURE LAST
                VALUE   (LST)  VALUE       VALUE  FROM      YEAR
                                                  NORMAL
..................................................................
TEMPERATURE (F)
 YESTERDAY
  MAXIMUM         87    347 PM 110    1984  89     -2       99
  MINIMUM         68    645 AM  45    1893  67      1       72
  AVERAGE         78                        78      0       86

PRECIPITATION (IN)
  YESTERDAY        0.14          2.68 1991   0.12   0.02     0.00
  MONTH TO DATE    2.38                      3.45  -1.07    10.63
  SINCE JUN 1     15.91                     11.97   3.94    20.15
  SINCE JAN 1     21.98                     23.83  -1.85    34.17

SNOWFALL (IN)
  YESTERDAY        0.0           0.0  2007   0.0    0.0      0.0
  MONTH TO DATE    0.0                       0.0    0.0      0.0
  SINCE JUN 1      0.0                       0.0    0.0      0.0
  SINCE JUL 1      0.0                       0.0    0.0      0.0
  SNOW DEPTH       0

DEGREE DAYS
 HEATING
  YESTERDAY        0                         0      0        0
  MONTH TO DATE    0                         0      0        0
  SINCE JUN 1      1                         6     -5        4
  SINCE JUL 1      1                         0      1        1

 COOLING
  YESTERDAY       13                        13      0       21
  MONTH TO DATE  470                       440     30      370
  SINCE JUN 1   1195                      1266    -71     1231
  SINCE JAN 1   1462                      1402     60     1369
..................................................................


WIND (MPH)
  HIGHEST WIND SPEED    21   HIGHEST WIND DIRECTION    SW (220)
  HIGHEST GUST SPEED    26   HIGHEST GUST DIRECTION     S (200)
  AVERAGE WIND SPEED     7.4


SKY COVER
  POSSIBLE SUNSHINE  MM
  AVERAGE SKY COVER 0.7


WEATHER CONDITIONS
 THE FOLLOWING WEATHER WAS RECORDED YESTERDAY.
  THUNDERSTORM
  HEAVY RAIN
  LIGHT RAIN


RELATIVE HUMIDITY (PERCENT)
 HIGHEST    90          1000 PM
 LOWEST     46           300 PM
 AVERAGE    68

..........................................................


THE WICHITA MID CONTINENT KS CLIMATE NORMALS FOR TODAY
                         NORMAL    RECORD    YEAR
 MAXIMUM TEMPERATURE (F)   89       105      1939
 MINIMUM TEMPERATURE (F)   66        46      1915


SUNRISE AND SUNSET
AUGUST 30 2014........SUNRISE   658 AM CDT   SUNSET   802 PM CDT
AUGUST 31 2014........SUNRISE   659 AM CDT   SUNSET   800 PM CDT


-  INDICATES NEGATIVE NUMBERS.
R  INDICATES RECORD WAS SET OR TIED.
MM INDICATES DATA IS MISSING.
T  INDICATES TRACE AMOUNT.




$$
