000
CDUS43 KICT 190619
CLIICT


CLIMATE REPORT
NATIONAL WEATHER SERVICE WICHITA KS
118 AM CDT SAT JUL 19 2014


...................................

...THE WICHITA MID CONTINENT KS CLIMATE SUMMARY FOR JULY 18 2014...

CLIMATE NORMAL PERIOD 1981 TO 2010
CLIMATE RECORD PERIOD 1888 TO 2014


WEATHER ITEM   OBSERVED TIME   RECORD YEAR NORMAL DEPARTURE LAST
                VALUE   (LST)  VALUE       VALUE  FROM      YEAR
                                                  NORMAL
..................................................................
TEMPERATURE (F)
 YESTERDAY
  MAXIMUM         76    420 PM 112    1936  93    -17       93
  MINIMUM         61   1159 PM  59    1911  70     -9       69
  AVERAGE         69                        81    -12       81

PRECIPITATION (IN)
  YESTERDAY        T             2.20 1901   0.10  -0.10     0.00
  MONTH TO DATE    2.86                      2.10   0.76     1.37
  SINCE JUN 1     13.32                      7.30   6.02     3.20
  SINCE JAN 1     19.39                     19.16   0.23    17.22

SNOWFALL (IN)
  YESTERDAY        0.0           0.0  2007   0.0    0.0      0.0
  MONTH TO DATE    0.0                       0.0    0.0      0.0
  SINCE JUN 1      0.0                       0.0    0.0      0.0
  SINCE JUL 1      0.0                       0.0    0.0      0.0
  SNOW DEPTH       0

DEGREE DAYS
 HEATING
  YESTERDAY        0                         0      0        0
  MONTH TO DATE    1                         0      1        0
  SINCE JUN 1      1                         6     -5        3
  SINCE JUL 1      1                         0      1        0

 COOLING
  YESTERDAY        4                        16    -12       16
  MONTH TO DATE  191                       283    -92      290
  SINCE JUN 1    533                       612    -79      692
  SINCE JAN 1    800                       748     52      830
..................................................................


WIND (MPH)
  HIGHEST WIND SPEED    17   HIGHEST WIND DIRECTION     S (160)
  HIGHEST GUST SPEED    22   HIGHEST GUST DIRECTION    SE (140)
  AVERAGE WIND SPEED     8.4


SKY COVER
  POSSIBLE SUNSHINE  MM
  AVERAGE SKY COVER 0.7


WEATHER CONDITIONS
 THE FOLLOWING WEATHER WAS RECORDED YESTERDAY.
  LIGHT RAIN
  FOG


RELATIVE HUMIDITY (PERCENT)
 HIGHEST    97           600 AM
 LOWEST     60           200 PM
 AVERAGE    79

..........................................................


THE WICHITA MID CONTINENT KS CLIMATE NORMALS FOR TODAY
                         NORMAL    RECORD    YEAR
 MAXIMUM TEMPERATURE (F)   93       109      2006
 MINIMUM TEMPERATURE (F)   70        61      2009
                                             1947
                                             1910


SUNRISE AND SUNSET
JULY 19 2014..........SUNRISE   623 AM CDT   SUNSET   848 PM CDT
JULY 20 2014..........SUNRISE   624 AM CDT   SUNSET   848 PM CDT


-  INDICATES NEGATIVE NUMBERS.
R  INDICATES RECORD WAS SET OR TIED.
MM INDICATES DATA IS MISSING.
T  INDICATES TRACE AMOUNT.




$$
