000
CDUS43 KICT 200701
CLIICT

CLIMATE REPORT
NATIONAL WEATHER SERVICE WICHITA KS
1259 AM CST MON FEB 20 2017

...................................

...THE WICHITA EISENHOWER NATIONAL CLIMATE SUMMARY FOR FEBRUARY 19 2017...

CLIMATE NORMAL PERIOD 1981 TO 2010
CLIMATE RECORD PERIOD 1888 TO 2017


WEATHER ITEM   OBSERVED TIME   RECORD YEAR NORMAL DEPARTURE LAST
                VALUE   (LST)  VALUE       VALUE  FROM      YEAR
                                                  NORMAL
..................................................................
TEMPERATURE (F)
 YESTERDAY
  MAXIMUM         64    534 PM  74    1996  49     15       72
                                      1930
  MINIMUM         42    405 AM   2    1975  27     15       46
                                      1903
  AVERAGE         53                        38     15       59

PRECIPITATION (IN)
  YESTERDAY        0.50          1.36 1891   0.05   0.45     0.00
  MONTH TO DATE    0.53                      0.76  -0.23     0.55
  SINCE DEC 1      3.98                      2.79   1.19     2.96
  SINCE JAN 1      3.32                      1.59   1.73     0.74

SNOWFALL (IN)
  YESTERDAY        0.0           3.5  1902   0.1   -0.1      0.0
  MONTH TO DATE    0.0                       2.5   -2.5      0.0
  SINCE DEC 1      2.0                      10.3   -8.3      0.5
  SINCE JUL 1      2.0                      11.7   -9.7      0.8
  SNOW DEPTH       0

DEGREE DAYS
 HEATING
  YESTERDAY       12                        27    -15        6
  MONTH TO DATE  380                       554   -174      425
  SINCE DEC 1   2239                      2538   -299     2107
  SINCE JUL 1   2692                      3414   -722     2676

 COOLING
  YESTERDAY        0                         0      0        0
  MONTH TO DATE    0                         0      0        0
  SINCE DEC 1      0                         0      0        0
  SINCE JAN 1      0                         0      0        0
..................................................................


WIND (MPH)
  HIGHEST WIND SPEED    18   HIGHEST WIND DIRECTION     S (180)
  HIGHEST GUST SPEED    23   HIGHEST GUST DIRECTION     S (170)
  AVERAGE WIND SPEED    10.0


SKY COVER
  POSSIBLE SUNSHINE  MM
  AVERAGE SKY COVER 0.7


WEATHER CONDITIONS
 THE FOLLOWING WEATHER WAS RECORDED YESTERDAY.
  THUNDERSTORM
  HEAVY RAIN
  RAIN
  LIGHT RAIN
  FOG
  FOG W/VISIBILITY <= 1/4 MILE


RELATIVE HUMIDITY (PERCENT)
 HIGHEST   100           300 AM
 LOWEST     73           500 PM
 AVERAGE    87

..........................................................


THE WICHITA EISENHOWER NATIONAL CLIMATE NORMALS FOR TODAY
                         NORMAL    RECORD    YEAR
 MAXIMUM TEMPERATURE (F)   50        81      1981
 MINIMUM TEMPERATURE (F)   28         3      1918


SUNRISE AND SUNSET
FEBRUARY 20 2017......SUNRISE   713 AM CST   SUNSET   615 PM CST
FEBRUARY 21 2017......SUNRISE   711 AM CST   SUNSET   616 PM CST


-  INDICATES NEGATIVE NUMBERS.
R  INDICATES RECORD WAS SET OR TIED.
MM INDICATES DATA IS MISSING.
T  INDICATES TRACE AMOUNT.

$$
