000
CDUS43 KICT 210630
CLIICT


CLIMATE REPORT
NATIONAL WEATHER SERVICE WICHITA KS
130 AM CDT SAT MAY 21 2016


...................................

...THE WICHITA EISENHOWER NATIONAL CLIMATE SUMMARY FOR MAY 20 2016...

CLIMATE NORMAL PERIOD 1981 TO 2010
CLIMATE RECORD PERIOD 1888 TO 2016


WEATHER ITEM   OBSERVED TIME   RECORD YEAR NORMAL DEPARTURE LAST
                VALUE   (LST)  VALUE       VALUE  FROM      YEAR
                                                  NORMAL
..................................................................
TEMPERATURE (F)
 YESTERDAY
  MAXIMUM         71    335 PM  98    1956  78     -7       58
  MINIMUM         56    627 AM  37    1968  57     -1       50
  AVERAGE         64                        67     -3       54

PRECIPITATION (IN)
  YESTERDAY        T             2.46 1899   0.16  -0.16      T
  MONTH TO DATE    1.90                      2.82  -0.92     8.18
  SINCE MAR 1      9.66                      8.10   1.56    11.08
  SINCE JAN 1     10.40                     10.11   0.29    12.85

SNOWFALL (IN)
  YESTERDAY        0.0           0.0  2007   0.0    0.0      0.0
                                      2001
  MONTH TO DATE    0.0                       0.0    0.0      0.0
  SINCE MAR 1      3.5                       2.5    1.0      1.1
  SINCE JUL 1      4.3                      14.9  -10.6     18.0
  SNOW DEPTH       0

DEGREE DAYS
 HEATING
  YESTERDAY        1                         2     -1       11
  MONTH TO DATE   91                        66     25       50
  SINCE MAR 1    654                       934   -280      687
  SINCE JUL 1   3504                      4574  -1070     4252

 COOLING
  YESTERDAY        0                         4     -4        0
  MONTH TO DATE   19                        52    -33       55
  SINCE MAR 1     56                        78    -22       83
  SINCE JAN 1     56                        78    -22       83
..................................................................


WIND (MPH)
  HIGHEST WIND SPEED    16   HIGHEST WIND DIRECTION     S (160)
  HIGHEST GUST SPEED    23   HIGHEST GUST DIRECTION     S (180)
  AVERAGE WIND SPEED    10.4


SKY COVER
  POSSIBLE SUNSHINE  MM
  AVERAGE SKY COVER 0.8


WEATHER CONDITIONS
 THE FOLLOWING WEATHER WAS RECORDED YESTERDAY.
  LIGHT RAIN


RELATIVE HUMIDITY (PERCENT)
 HIGHEST    93           400 AM
 LOWEST     57           300 PM
 AVERAGE    75

..........................................................


THE WICHITA EISENHOWER NATIONAL CLIMATE NORMALS FOR TODAY
                         NORMAL    RECORD    YEAR
 MAXIMUM TEMPERATURE (F)   78        99      1925
 MINIMUM TEMPERATURE (F)   57        36      1967


SUNRISE AND SUNSET
MAY 21 2016...........SUNRISE   615 AM CDT   SUNSET   838 PM CDT
MAY 22 2016...........SUNRISE   615 AM CDT   SUNSET   839 PM CDT


-  INDICATES NEGATIVE NUMBERS.
R  INDICATES RECORD WAS SET OR TIED.
MM INDICATES DATA IS MISSING.
T  INDICATES TRACE AMOUNT.




$$
