000
CDUS43 KICT 272203
CLIICT


CLIMATE REPORT
NATIONAL WEATHER SERVICE WICHITA KS
503 PM CDT WED MAY 27 2015


...................................

...THE WICHITA EISENHOWER NATIONAL CLIMATE SUMMARY FOR MAY 27 2015...
VALID TODAY AS OF 500 PM LOCAL TIME.

CLIMATE NORMAL PERIOD 1981 TO 2010
CLIMATE RECORD PERIOD 1888 TO 2015


WEATHER ITEM   OBSERVED TIME   RECORD YEAR NORMAL DEPARTURE LAST
                VALUE   (LST)  VALUE       VALUE  FROM      YEAR
                                                  NORMAL
..................................................................
TEMPERATURE (F)
 TODAY
  MAXIMUM         83    402 PM  96    1896  80      3       81
  MINIMUM         59    445 AM  37    1907  59      0       63
  AVERAGE         71                        69      2       72

PRECIPITATION (IN)
  TODAY            0.00          3.74 1964   0.16  -0.16     0.25
  MONTH TO DATE   11.18                      3.89   7.29     4.06
  SINCE MAR 1     14.08                      9.17   4.91     5.08
  SINCE JAN 1     15.85                     11.18   4.67     6.07

SNOWFALL (IN)
  TODAY            0.0           0.0  2007   0.0    0.0      0.0
                                      2001
  MONTH TO DATE    0.0                       0.0    0.0      0.0
  SINCE MAR 1      1.1                       2.5   -1.4      3.5
  SINCE JUL 1     18.0                      14.9    3.1     23.0
  SNOW DEPTH       0

DEGREE DAYS
 HEATING
  TODAY            0                         1     -1        0
  MONTH TO DATE   74                        76     -2       73
  SINCE MAR 1    711                       944   -233     1020
  SINCE JUL 1   4276                      4584   -308     4939

 COOLING
  TODAY            6                         6      0        7
  MONTH TO DATE   69                        86    -17      191
  SINCE MAR 1     97                       112    -15      224
  SINCE JAN 1     97                       112    -15      224
..................................................................


WIND (MPH)
  HIGHEST WIND SPEED    16   HIGHEST WIND DIRECTION    SE (140)
  HIGHEST GUST SPEED    20   HIGHEST GUST DIRECTION    SE (140)
  AVERAGE WIND SPEED     7.6


SKY COVER
  POSSIBLE SUNSHINE   0 PERCENT
  AVERAGE SKY COVER 0.0


WEATHER CONDITIONS
 THE FOLLOWING WEATHER WAS RECORDED TODAY.
  NO SIGNIFICANT WEATHER WAS OBSERVED.


RELATIVE HUMIDITY (PERCENT)
 HIGHEST     0          1200 AM
 LOWEST      0          1200 AM
 AVERAGE     0

..........................................................


THE WICHITA EISENHOWER NATIONAL CLIMATE NORMALS FOR TOMORROW
                         NORMAL    RECORD    YEAR
 MAXIMUM TEMPERATURE (F)   80        96      1974
 MINIMUM TEMPERATURE (F)   59        39      1947


SUNRISE AND SUNSET
MAY 27 2015...........SUNRISE   612 AM CDT   SUNSET   842 PM CDT
MAY 28 2015...........SUNRISE   612 AM CDT   SUNSET   843 PM CDT


-  INDICATES NEGATIVE NUMBERS.
R  INDICATES RECORD WAS SET OR TIED.
MM INDICATES DATA IS MISSING.
T  INDICATES TRACE AMOUNT.




$$
