000
CDUS43 KICT 310647
CLIICT


CLIMATE REPORT
NATIONAL WEATHER SERVICE WICHITA KS
147 AM CDT FRI OCT 31 2014


...................................

...THE WICHITA MID CONTINENT KS CLIMATE SUMMARY FOR OCTOBER 30 2014...

CLIMATE NORMAL PERIOD 1981 TO 2010
CLIMATE RECORD PERIOD 1888 TO 2014


WEATHER ITEM   OBSERVED TIME   RECORD YEAR NORMAL DEPARTURE LAST
                VALUE   (LST)  VALUE       VALUE  FROM      YEAR
                                                  NORMAL
..................................................................
TEMPERATURE (F)
 YESTERDAY
  MAXIMUM         74    300 PM  88    1950  64     10       73
  MINIMUM         45    724 AM  14    1917  42      3       52
  AVERAGE         60                        53      7       63

PRECIPITATION (IN)
  YESTERDAY        0.00          2.05 1979   0.07  -0.07     0.17
  MONTH TO DATE    1.41                      2.71  -1.30     2.39
  SINCE SEP 1      1.88                      5.85  -3.97     4.42
  SINCE JAN 1     23.86                     29.94  -6.08    38.59

SNOWFALL (IN)
  YESTERDAY        0.0           0.3  1905   0.0    0.0      0.0
  MONTH TO DATE    0.0                       0.1   -0.1       T
  SINCE SEP 1      0.0                       0.1   -0.1       T
  SINCE JUL 1      0.0                       0.1   -0.1       T
  SNOW DEPTH       0

DEGREE DAYS
 HEATING
  YESTERDAY        5                        12     -7        2
  MONTH TO DATE  119                       230   -111      240
  SINCE SEP 1    139                       272   -133      244
  SINCE JUL 1    140                       273   -133      245

 COOLING
  YESTERDAY        0                         0      0        0
  MONTH TO DATE   78                        35     43       51
  SINCE SEP 1    353                       257     96      365
  SINCE JAN 1   1849                      1684    165     1778
..................................................................


WIND (MPH)
  HIGHEST WIND SPEED    26   HIGHEST WIND DIRECTION    NW (330)
  HIGHEST GUST SPEED    39   HIGHEST GUST DIRECTION    NW (330)
  AVERAGE WIND SPEED    14.4


SKY COVER
  POSSIBLE SUNSHINE  MM
  AVERAGE SKY COVER 0.2


WEATHER CONDITIONS
 THE FOLLOWING WEATHER WAS RECORDED YESTERDAY.
  NO SIGNIFICANT WEATHER WAS OBSERVED.


RELATIVE HUMIDITY (PERCENT)
 HIGHEST    65           300 AM
 LOWEST     25           100 PM
 AVERAGE    45

..........................................................


THE WICHITA MID CONTINENT KS CLIMATE NORMALS FOR TODAY
                         NORMAL    RECORD    YEAR
 MAXIMUM TEMPERATURE (F)   64        85      1950
 MINIMUM TEMPERATURE (F)   42        18      1993


SUNRISE AND SUNSET
OCTOBER 31 2014.......SUNRISE   754 AM CDT   SUNSET   632 PM CDT
NOVEMBER  1 2014......SUNRISE   755 AM CDT   SUNSET   631 PM CDT


-  INDICATES NEGATIVE NUMBERS.
R  INDICATES RECORD WAS SET OR TIED.
MM INDICATES DATA IS MISSING.
T  INDICATES TRACE AMOUNT.




$$
