000
CDUS43 KICT 250657
CLIICT


CLIMATE REPORT
NATIONAL WEATHER SERVICE WICHITA KS
1257 AM CST THU DEC 25 2014


...................................

...THE WICHITA MID CONTINENT KS CLIMATE SUMMARY FOR DECEMBER 24 2014...

CLIMATE NORMAL PERIOD 1981 TO 2010
CLIMATE RECORD PERIOD 1888 TO 2014


WEATHER ITEM   OBSERVED TIME   RECORD YEAR NORMAL DEPARTURE LAST
                VALUE   (LST)  VALUE       VALUE  FROM      YEAR
                                                  NORMAL
..................................................................
TEMPERATURE (F)
 YESTERDAY
  MAXIMUM         46    341 PM  83    1955  42      4       32
  MINIMUM         29   1106 PM -10    1983  23      6       16
  AVERAGE         38                        32      6       24

PRECIPITATION (IN)
  YESTERDAY        T             0.82 1890   0.03  -0.03      T
  MONTH TO DATE    1.22                      0.98   0.24     0.60
  SINCE DEC 1      1.22                      0.98   0.24     0.60
  SINCE JAN 1     25.53                     32.42  -6.89    40.45

SNOWFALL (IN)
  YESTERDAY        T             2.8  2009   0.1   -0.1       T
                                      1918
  MONTH TO DATE    2.7                       3.2   -0.5      3.4
  SINCE DEC 1      2.7                       3.2   -0.5      3.4
  SINCE JUL 1      4.5                       4.6   -0.1      3.4
  SNOW DEPTH       0

DEGREE DAYS
 HEATING
  YESTERDAY       27                        33     -6       41
  MONTH TO DATE  577                       736   -159      838
  SINCE DEC 1    577                       736   -159      838
  SINCE JUL 1   1457                      1612   -155     1723

 COOLING
  YESTERDAY        0                         0      0        0
  MONTH TO DATE    0                         0      0        0
  SINCE DEC 1      0                         0      0        0
  SINCE JAN 1   1849                      1686    163     1778
..................................................................


WIND (MPH)
  HIGHEST WIND SPEED    24   HIGHEST WIND DIRECTION     N (340)
  HIGHEST GUST SPEED    31   HIGHEST GUST DIRECTION     N (340)
  AVERAGE WIND SPEED    12.7


SKY COVER
  POSSIBLE SUNSHINE  MM
  AVERAGE SKY COVER 0.5


WEATHER CONDITIONS
 THE FOLLOWING WEATHER WAS RECORDED YESTERDAY.
  LIGHT RAIN
  SNOW
  LIGHT SNOW


RELATIVE HUMIDITY (PERCENT)
 HIGHEST    82           300 AM
 LOWEST     45           400 PM
 AVERAGE    64

..........................................................


THE WICHITA MID CONTINENT KS CLIMATE NORMALS FOR TODAY
                         NORMAL    RECORD    YEAR
 MAXIMUM TEMPERATURE (F)   42        65      1960
                                             1954
                                             1950
 MINIMUM TEMPERATURE (F)   23        -6      1983


SUNRISE AND SUNSET
DECEMBER 25 2014......SUNRISE   743 AM CST   SUNSET   517 PM CST
DECEMBER 26 2014......SUNRISE   743 AM CST   SUNSET   517 PM CST


-  INDICATES NEGATIVE NUMBERS.
R  INDICATES RECORD WAS SET OR TIED.
MM INDICATES DATA IS MISSING.
T  INDICATES TRACE AMOUNT.




$$
