000
CDUS43 KICT 200625
CLIICT


CLIMATE REPORT
NATIONAL WEATHER SERVICE WICHITA KS
124 AM CDT MON OCT 20 2014


...................................

...THE WICHITA MID CONTINENT KS CLIMATE SUMMARY FOR OCTOBER 19 2014...

CLIMATE NORMAL PERIOD 1981 TO 2010
CLIMATE RECORD PERIOD 1888 TO 2014


WEATHER ITEM   OBSERVED TIME   RECORD YEAR NORMAL DEPARTURE LAST
                VALUE   (LST)  VALUE       VALUE  FROM      YEAR
                                                  NORMAL
..................................................................
TEMPERATURE (F)
 YESTERDAY
  MAXIMUM         74    305 PM  86    1979  69      5       67
  MINIMUM         44    709 AM  23    1917  46     -2       29
  AVERAGE         59                        57      2       48

PRECIPITATION (IN)
  YESTERDAY        T             0.67 1908   0.09  -0.09     0.00
  MONTH TO DATE    1.38                      1.84  -0.46     1.01
  SINCE SEP 1      1.85                      4.98  -3.13     3.04
  SINCE JAN 1     23.83                     29.07  -5.24    37.21

SNOWFALL (IN)
  YESTERDAY       MM             0.0  2007   0.0   MM        0.0
  MONTH TO DATE    0.0                       0.0    0.0       T
  SINCE SEP 1      0.0                       0.0    0.0       T
  SINCE JUL 1      0.0                       0.0    0.0       T
  SNOW DEPTH       0

DEGREE DAYS
 HEATING
  YESTERDAY        6                         8     -2       17
  MONTH TO DATE   91                       116    -25      120
  SINCE SEP 1    111                       158    -47      124
  SINCE JUL 1    112                       159    -47      125

 COOLING
  YESTERDAY        0                         1     -1        0
  MONTH TO DATE   44                        32     12       51
  SINCE SEP 1    319                       254     65      365
  SINCE JAN 1   1815                      1681    134     1778
..................................................................


WIND (MPH)
  HIGHEST WIND SPEED    20   HIGHEST WIND DIRECTION     S (180)
  HIGHEST GUST SPEED    23   HIGHEST GUST DIRECTION     S (200)
  AVERAGE WIND SPEED     8.1


SKY COVER
  POSSIBLE SUNSHINE  MM
  AVERAGE SKY COVER 0.6


WEATHER CONDITIONS
 THE FOLLOWING WEATHER WAS RECORDED YESTERDAY.
  NO SIGNIFICANT WEATHER WAS OBSERVED.


RELATIVE HUMIDITY (PERCENT)
 HIGHEST    86           400 AM
 LOWEST     47           200 PM
 AVERAGE    67

..........................................................


THE WICHITA MID CONTINENT KS CLIMATE NORMALS FOR TODAY
                         NORMAL    RECORD    YEAR
 MAXIMUM TEMPERATURE (F)   68        92      1979
 MINIMUM TEMPERATURE (F)   46        21      1976


SUNRISE AND SUNSET
OCTOBER 20 2014.......SUNRISE   743 AM CDT   SUNSET   646 PM CDT
OCTOBER 21 2014.......SUNRISE   744 AM CDT   SUNSET   644 PM CDT


-  INDICATES NEGATIVE NUMBERS.
R  INDICATES RECORD WAS SET OR TIED.
MM INDICATES DATA IS MISSING.
T  INDICATES TRACE AMOUNT.




$$
