000
CDUS43 KICT 190637
CLIICT


CLIMATE REPORT
NATIONAL WEATHER SERVICE WICHITA KS
137 AM CDT SUN MAR 19 2017


...................................

...THE WICHITA EISENHOWER NATIONAL CLIMATE SUMMARY FOR MARCH 18 2017...

CLIMATE NORMAL PERIOD 1981 TO 2010
CLIMATE RECORD PERIOD 1888 TO 2017


WEATHER ITEM   OBSERVED TIME   RECORD YEAR NORMAL DEPARTURE LAST
                VALUE   (LST)  VALUE       VALUE  FROM      YEAR
                                                  NORMAL
..................................................................
TEMPERATURE (F)
 YESTERDAY
  MAXIMUM         73    449 PM  83    1921  59     14       50
  MINIMUM         45    710 AM   2    1923  36      9       30
  AVERAGE         59                        47     12       40

PRECIPITATION (IN)
  YESTERDAY        0.00          1.44 1984   0.09  -0.09      T
  MONTH TO DATE    0.02                      1.44  -1.42     0.91
  SINCE MAR 1      0.02                      1.44  -1.42     0.91
  SINCE JAN 1      3.64                      3.45   0.19     1.65

SNOWFALL (IN)
  YESTERDAY        0.0           3.4  1961   0.1   -0.1       T
  MONTH TO DATE    T                         1.5   -1.5       T
  SINCE MAR 1      T                         1.5   -1.5       T
  SINCE JUL 1      2.0                      13.9  -11.9      0.8
  SNOW DEPTH       0

DEGREE DAYS
 HEATING
  YESTERDAY        6                        18    -12       25
  MONTH TO DATE  299                       370    -71      204
  SINCE MAR 1    299                       370    -71      204
  SINCE JUL 1   3143                      4010   -867     3054

 COOLING
  YESTERDAY        0                         0      0        0
  MONTH TO DATE    0                         0      0        3
  SINCE MAR 1      0                         0      0        3
  SINCE JAN 1      0                         0      0        3
..................................................................


WIND (MPH)
  HIGHEST WIND SPEED    17   HIGHEST WIND DIRECTION     E (80)
  HIGHEST GUST SPEED    20   HIGHEST GUST DIRECTION     E (70)
  AVERAGE WIND SPEED    10.5


SKY COVER
  POSSIBLE SUNSHINE  MM
  AVERAGE SKY COVER 0.5


WEATHER CONDITIONS
 THE FOLLOWING WEATHER WAS RECORDED YESTERDAY.
  NO SIGNIFICANT WEATHER WAS OBSERVED.


RELATIVE HUMIDITY (PERCENT)
 HIGHEST    56          1200 AM
 LOWEST     22          1200 PM
 AVERAGE    39

..........................................................


THE WICHITA EISENHOWER NATIONAL CLIMATE NORMALS FOR TODAY
                         NORMAL    RECORD    YEAR
 MAXIMUM TEMPERATURE (F)   59        91      1907
 MINIMUM TEMPERATURE (F)   36         4      1923


SUNRISE AND SUNSET
MARCH 19 2017.........SUNRISE   734 AM CDT   SUNSET   741 PM CDT
MARCH 20 2017.........SUNRISE   733 AM CDT   SUNSET   742 PM CDT


-  INDICATES NEGATIVE NUMBERS.
R  INDICATES RECORD WAS SET OR TIED.
MM INDICATES DATA IS MISSING.
T  INDICATES TRACE AMOUNT.




$$
