000
CDUS43 KICT 040637
CLIICT


CLIMATE REPORT
NATIONAL WEATHER SERVICE WICHITA KS
1237 AM CST SUN DEC 4 2016


...................................

...THE WICHITA EISENHOWER NATIONAL CLIMATE SUMMARY FOR DECEMBER 3 2016...

CLIMATE NORMAL PERIOD 1981 TO 2010
CLIMATE RECORD PERIOD 1888 TO 2016


WEATHER ITEM   OBSERVED TIME   RECORD YEAR NORMAL DEPARTURE LAST
                VALUE   (LST)  VALUE       VALUE  FROM      YEAR
                                                  NORMAL
..................................................................
TEMPERATURE (F)
 YESTERDAY
  MAXIMUM         44    356 PM  72    2012  47     -3       52
  MINIMUM         40    736 AM   4    1897  27     13       23
  AVERAGE         42                        37      5       38

PRECIPITATION (IN)
  YESTERDAY        0.21          2.17 1947   0.05   0.16     0.00
  MONTH TO DATE    0.21                      0.14   0.07     0.00
  SINCE DEC 1      0.21                      0.14   0.07     0.00
  SINCE JAN 1     50.15                     31.58  18.57    39.80

SNOWFALL (IN)
  YESTERDAY        0.0           5.1  1964   0.1   -0.1      0.0
  MONTH TO DATE    0.0                       0.3   -0.3      0.0
  SINCE DEC 1      0.0                       0.3   -0.3      0.0
  SINCE JUL 1      0.0                       1.7   -1.7      0.3
  SNOW DEPTH       0

DEGREE DAYS
 HEATING
  YESTERDAY       23                        28     -5       27
  MONTH TO DATE   73                        83    -10       78
  SINCE DEC 1     73                        83    -10       78
  SINCE JUL 1    526                       959   -433      647

 COOLING
  YESTERDAY        0                         0      0        0
  MONTH TO DATE    0                         0      0        0
  SINCE DEC 1      0                         0      0        0
  SINCE JAN 1   2054                      1686    368     1907
..................................................................


WIND (MPH)
  HIGHEST WIND SPEED    10   HIGHEST WIND DIRECTION     E (70)
  HIGHEST GUST SPEED    13   HIGHEST GUST DIRECTION     E (70)
  AVERAGE WIND SPEED     5.1


SKY COVER
  POSSIBLE SUNSHINE  MM
  AVERAGE SKY COVER 1.0


WEATHER CONDITIONS
 THE FOLLOWING WEATHER WAS RECORDED YESTERDAY.
  LIGHT RAIN
  FOG


RELATIVE HUMIDITY (PERCENT)
 HIGHEST   100           900 PM
 LOWEST     53           300 AM
 AVERAGE    77

..........................................................


THE WICHITA EISENHOWER NATIONAL CLIMATE NORMALS FOR TODAY
                         NORMAL    RECORD    YEAR
 MAXIMUM TEMPERATURE (F)   47        70      2001
 MINIMUM TEMPERATURE (F)   27         8      1902


SUNRISE AND SUNSET
DECEMBER  4 2016......SUNRISE   729 AM CST   SUNSET   511 PM CST
DECEMBER  5 2016......SUNRISE   730 AM CST   SUNSET   511 PM CST


-  INDICATES NEGATIVE NUMBERS.
R  INDICATES RECORD WAS SET OR TIED.
MM INDICATES DATA IS MISSING.
T  INDICATES TRACE AMOUNT.




$$
