000
CDUS43 KICT 172206
CLIICT


CLIMATE REPORT
NATIONAL WEATHER SERVICE WICHITA KS
506 PM CDT WED SEP 17 2014


...................................

...THE WICHITA MID CONTINENT CLIMATE SUMMARY FOR SEPTEMBER 17 2014...
VALID TODAY AS OF 0500 PM LOCAL TIME.

CLIMATE NORMAL PERIOD 1981 TO 2010
CLIMATE RECORD PERIOD 1888 TO 2014


WEATHER ITEM   OBSERVED TIME   RECORD YEAR NORMAL DEPARTURE LAST
                VALUE   (LST)  VALUE       VALUE  FROM      YEAR
                                                  NORMAL
..................................................................
TEMPERATURE (F)
 TODAY
  MAXIMUM         98    357 PM 100    1931  82     16       85
  MINIMUM         65    258 AM  40    1973  59      6       67
  AVERAGE         82                        70     12       76

PRECIPITATION (IN)
  TODAY            0.00          3.12 1905   0.10  -0.10     0.06
  MONTH TO DATE    0.16                      1.80  -1.64     0.39
  SINCE SEP 1      0.16                      1.80  -1.64     0.39
  SINCE JAN 1     22.14                     25.89  -3.75    34.56

SNOWFALL (IN)
  TODAY            0.0           0.0  2007   0.0    0.0      0.0
  MONTH TO DATE    0.0                       0.0    0.0      0.0
  SINCE SEP 1      0.0                       0.0    0.0      0.0
  SINCE JUL 1      0.0                       0.0    0.0      0.0
  SNOW DEPTH       0

DEGREE DAYS
 HEATING
  TODAY            0                         1     -1        0
  MONTH TO DATE   20                         7     13        0
  SINCE SEP 1     20                         7     13        0
  SINCE JUL 1     21                         8     13        1

 COOLING
  TODAY           17                         7     10       11
  MONTH TO DATE  162                       159      3      238
  SINCE SEP 1    162                       159      3      238
  SINCE JAN 1   1658                      1586     72     1651
..................................................................


WIND (MPH)
  HIGHEST WIND SPEED    15   HIGHEST WIND DIRECTION    SW (240)
  HIGHEST GUST SPEED    19   HIGHEST GUST DIRECTION     S (200)
  AVERAGE WIND SPEED     8.3


SKY COVER
  POSSIBLE SUNSHINE  MM
  AVERAGE SKY COVER 0.5


WEATHER CONDITIONS
 THE FOLLOWING WEATHER WAS RECORDED TODAY.
  FOG
  HAZE


RELATIVE HUMIDITY (PERCENT)
 HIGHEST    93          1200 AM
 LOWEST     27           200 PM
 AVERAGE    60

..........................................................


THE WICHITA MID CONTINENT CLIMATE NORMALS FOR TOMORROW
                         NORMAL    RECORD    YEAR
 MAXIMUM TEMPERATURE (F)   82       100      1997
 MINIMUM TEMPERATURE (F)   58        38      1973


SUNRISE AND SUNSET
SEPTEMBER 17 2014.....SUNRISE   713 AM CDT   SUNSET   734 PM CDT
SEPTEMBER 18 2014.....SUNRISE   714 AM CDT   SUNSET   733 PM CDT


-  INDICATES NEGATIVE NUMBERS.
R  INDICATES RECORD WAS SET OR TIED.
MM INDICATES DATA IS MISSING.
T  INDICATES TRACE AMOUNT.




$$
