000
CDUS43 KICT 200633
CLIICT

CLIMATE REPORT
NATIONAL WEATHER SERVICE WICHITA KS
133 AM CDT SAT SEP 20 2014


...................................

...THE WICHITA MID CONTINENT KS CLIMATE SUMMARY FOR SEPTEMBER 19 2014...

CLIMATE NORMAL PERIOD 1981 TO 2010
CLIMATE RECORD PERIOD 1888 TO 2014


WEATHER ITEM   OBSERVED TIME   RECORD YEAR NORMAL DEPARTURE LAST
                VALUE   (LST)  VALUE       VALUE  FROM      YEAR
                                                  NORMAL
..................................................................
TEMPERATURE (F)
 YESTERDAY
  MAXIMUM         93    210 PM 101    1954  81     12       93
  MINIMUM         65    651 AM  38    1991  58      7       67
  AVERAGE         79                        70      9       80

PRECIPITATION (IN)
  YESTERDAY        0.00          1.36 1890   0.11  -0.11     1.19
  MONTH TO DATE    0.16                      2.02  -1.86     1.58
  SINCE SEP 1      0.16                      2.02  -1.86     1.58
  SINCE JAN 1     22.14                     26.11  -3.97    35.75

SNOWFALL (IN)
  YESTERDAY        0.0           0.0  2007   0.0    0.0      0.0
  MONTH TO DATE    0.0                       0.0    0.0      0.0
  SINCE SEP 1      0.0                       0.0    0.0      0.0
  SINCE JUL 1      0.0                       0.0    0.0      0.0
  SNOW DEPTH       0

DEGREE DAYS
 HEATING
  YESTERDAY        0                         2     -2        0
  MONTH TO DATE   20                        10     10        0
  SINCE SEP 1     20                        10     10        0
  SINCE JUL 1     21                        11     10        1

 COOLING
  YESTERDAY       14                         6      8       15
  MONTH TO DATE  190                       171     19      270
  SINCE SEP 1    190                       171     19      270
  SINCE JAN 1   1686                      1598     88     1683
..................................................................


WIND (MPH)
  HIGHEST WIND SPEED    22   HIGHEST WIND DIRECTION     S (160)
  HIGHEST GUST SPEED    26   HIGHEST GUST DIRECTION    SE (150)
  AVERAGE WIND SPEED    11.0


SKY COVER
  POSSIBLE SUNSHINE  MM
  AVERAGE SKY COVER 0.2


WEATHER CONDITIONS
 THE FOLLOWING WEATHER WAS RECORDED YESTERDAY.
  FOG
  HAZE


RELATIVE HUMIDITY (PERCENT)
 HIGHEST    93           300 AM
 LOWEST     38           300 PM
 AVERAGE    66

..........................................................


THE WICHITA MID CONTINENT KS CLIMATE NORMALS FOR TODAY
                         NORMAL    RECORD    YEAR
 MAXIMUM TEMPERATURE (F)   81        99      1980
 MINIMUM TEMPERATURE (F)   58        36      1918
                                             1901


SUNRISE AND SUNSET
SEPTEMBER 20 2014.....SUNRISE   716 AM CDT   SUNSET   730 PM CDT
SEPTEMBER 21 2014.....SUNRISE   717 AM CDT   SUNSET   728 PM CDT


-  INDICATES NEGATIVE NUMBERS.
R  INDICATES RECORD WAS SET OR TIED.
MM INDICATES DATA IS MISSING.
T  INDICATES TRACE AMOUNT.




$$
