000
CDUS43 KICT 172209
CLIICT

CLIMATE REPORT
NATIONAL WEATHER SERVICE WICHITA KS
508 PM CDT THU APR 17 2014

...................................

...THE WICHITA MID CONTINENT CLIMATE SUMMARY FOR APRIL 17 2014...
VALID TODAY AS OF 500 PM LOCAL TIME.

CLIMATE NORMAL PERIOD 1981 TO 2010
CLIMATE RECORD PERIOD 1888 TO 2014


WEATHER ITEM   OBSERVED TIME   RECORD YEAR NORMAL DEPARTURE LAST
                VALUE   (LST)  VALUE       VALUE  FROM      YEAR
                                                  NORMAL
..................................................................
TEMPERATURE (F)
 TODAY
  MAXIMUM         50    359 PM  92    2006  68    -18       47
  MINIMUM         39    735 AM  25    1907  45     -6       41
  AVERAGE         45                        57    -12       44

PRECIPITATION (IN)
  TODAY            T             1.73 1889   0.09  -0.09     0.24
  MONTH TO DATE    0.45                      1.31  -0.86     1.89
  SINCE MAR 1      0.94                      4.00  -3.06     4.00
  SINCE JAN 1      1.93                      6.01  -4.08     7.02

SNOWFALL (IN)
  TODAY            0.0           0.2  1905   0.0    0.0      0.0
  MONTH TO DATE    0.3                       0.2    0.1       T
  SINCE MAR 1      3.5                       2.5    1.0      5.3
  SINCE JUL 1     23.0                      14.9    8.1     29.8
  SNOW DEPTH       0

DEGREE DAYS
 HEATING
  TODAY           20                         9     11       21
  MONTH TO DATE  199                       197      2      257
  SINCE MAR 1    876                       774    102      923
  SINCE JUL 1   4795                      4414    381     4194

 COOLING
  TODAY            0                         1     -1        0
  MONTH TO DATE    9                        10     -1        3
  SINCE MAR 1      9                        12     -3        3
  SINCE JAN 1      9                        12     -3        3
..................................................................


WIND (MPH)
  HIGHEST WIND SPEED    20   HIGHEST WIND DIRECTION    NE (30)
  HIGHEST GUST SPEED    25   HIGHEST GUST DIRECTION     N (20)
  AVERAGE WIND SPEED    12.6


SKY COVER
  POSSIBLE SUNSHINE  MM
  AVERAGE SKY COVER 1.0


WEATHER CONDITIONS
 THE FOLLOWING WEATHER WAS RECORDED TODAY.
  LIGHT RAIN
  HAZE


RELATIVE HUMIDITY (PERCENT)
 HIGHEST    70           200 PM
 LOWEST     56          1200 AM
 AVERAGE    63

..........................................................


THE WICHITA MID CONTINENT CLIMATE NORMALS FOR TOMORROW
                         NORMAL    RECORD    YEAR
 MAXIMUM TEMPERATURE (F)   69        91      1987
 MINIMUM TEMPERATURE (F)   45        28      1953


SUNRISE AND SUNSET
APRIL 17 2014.........SUNRISE   652 AM CDT   SUNSET   807 PM CDT
APRIL 18 2014.........SUNRISE   651 AM CDT   SUNSET   808 PM CDT


-  INDICATES NEGATIVE NUMBERS.
R  INDICATES RECORD WAS SET OR TIED.
MM INDICATES DATA IS MISSING.
T  INDICATES TRACE AMOUNT.




$$
