000
CDUS43 KICT 210659
CLIICT

CLIMATE REPORT
NATIONAL WEATHER SERVICE WICHITA KS
1256 AM CST TUE FEB 21 2017

...................................

...THE WICHITA EISENHOWER NATIONAL CLIMATE SUMMARY FOR FEBRUARY 20 2017...

CLIMATE NORMAL PERIOD 1981 TO 2010
CLIMATE RECORD PERIOD 1888 TO 2017


WEATHER ITEM   OBSERVED TIME   RECORD YEAR NORMAL DEPARTURE LAST
                VALUE   (LST)  VALUE       VALUE  FROM      YEAR
                                                  NORMAL
..................................................................
TEMPERATURE (F)
 YESTERDAY
  MAXIMUM         62    517 PM  81    1981  50     12       75
  MINIMUM         48    829 PM   3    1918  28     20       44
  AVERAGE         55                        39     16       60

PRECIPITATION (IN)
  YESTERDAY        0.30          0.81 1997   0.04   0.26     0.00
  MONTH TO DATE    0.83                      0.80   0.03     0.55
  SINCE DEC 1      4.28                      2.83   1.45     2.96
  SINCE JAN 1      3.62                      1.63   1.99     0.74

SNOWFALL (IN)
  YESTERDAY        0.0           6.2  2013   0.1   -0.1      0.0
  MONTH TO DATE    0.0                       2.6   -2.6      0.0
  SINCE DEC 1      2.0                      10.4   -8.4      0.5
  SINCE JUL 1      2.0                      11.8   -9.8      0.8
  SNOW DEPTH       0

DEGREE DAYS
 HEATING
  YESTERDAY       10                        26    -16        5
  MONTH TO DATE  390                       580   -190      430
  SINCE DEC 1   2249                      2564   -315     2112
  SINCE JUL 1   2702                      3440   -738     2681

 COOLING
  YESTERDAY        0                         0      0        0
  MONTH TO DATE    0                         0      0        0
  SINCE DEC 1      0                         0      0        0
  SINCE JAN 1      0                         0      0        0
..................................................................


WIND (MPH)
  HIGHEST WIND SPEED    22   HIGHEST WIND DIRECTION     S (170)
  HIGHEST GUST SPEED    27   HIGHEST GUST DIRECTION     S (160)
  AVERAGE WIND SPEED    10.8


SKY COVER
  POSSIBLE SUNSHINE  MM
  AVERAGE SKY COVER 0.7


WEATHER CONDITIONS
 THE FOLLOWING WEATHER WAS RECORDED YESTERDAY.
  THUNDERSTORM
  RAIN
  LIGHT RAIN
  FOG


RELATIVE HUMIDITY (PERCENT)
 HIGHEST   100           600 AM
 LOWEST     66          1000 PM
 AVERAGE    83

..........................................................


THE WICHITA EISENHOWER NATIONAL CLIMATE NORMALS FOR TODAY
                         NORMAL    RECORD    YEAR
 MAXIMUM TEMPERATURE (F)   50        79      1935
 MINIMUM TEMPERATURE (F)   28        -3      1939


SUNRISE AND SUNSET
FEBRUARY 21 2017......SUNRISE   711 AM CST   SUNSET   616 PM CST
FEBRUARY 22 2017......SUNRISE   710 AM CST   SUNSET   617 PM CST


-  INDICATES NEGATIVE NUMBERS.
R  INDICATES RECORD WAS SET OR TIED.
MM INDICATES DATA IS MISSING.
T  INDICATES TRACE AMOUNT.

$$
