000
CDUS43 KICT 210630
CLIICT


CLIMATE REPORT
NATIONAL WEATHER SERVICE WICHITA KS
130 AM CDT FRI APR 21 2017


...................................

...THE WICHITA EISENHOWER NATIONAL CLIMATE SUMMARY FOR APRIL 20 2017...

CLIMATE NORMAL PERIOD 1981 TO 2010
CLIMATE RECORD PERIOD 1888 TO 2017


WEATHER ITEM   OBSERVED TIME   RECORD YEAR NORMAL DEPARTURE LAST
                VALUE   (LST)  VALUE       VALUE  FROM      YEAR
                                                  NORMAL
..................................................................
TEMPERATURE (F)
 YESTERDAY
  MAXIMUM         70    448 PM  93    1961  69      1       70
  MINIMUM         56    806 AM  31    1978  46     10       51
                                      1966
                                      1918
  AVERAGE         63                        58      5       61

PRECIPITATION (IN)
  YESTERDAY        0.85          2.20 1974   0.08   0.77     0.04
  MONTH TO DATE    5.02                      1.56   3.46     2.75
  SINCE MAR 1      8.52                      4.25   4.27     4.28
  SINCE JAN 1     12.14                      6.26   5.88     5.02

SNOWFALL (IN)
  YESTERDAY        0.0           0.1  1918   0.0    0.0      0.0
  MONTH TO DATE    0.0                       0.2   -0.2      0.0
  SINCE MAR 1      T                         2.5   -2.5      3.5
  SINCE JUL 1      2.0                      14.9  -12.9      4.3
  SNOW DEPTH       0

DEGREE DAYS
 HEATING
  YESTERDAY        2                         8     -6        4
  MONTH TO DATE  118                       223   -105      128
  SINCE MAR 1    547                       800   -253      517
  SINCE JUL 1   3391                      4440  -1049     3367

 COOLING
  YESTERDAY        0                         1     -1        0
  MONTH TO DATE   27                        13     14       12
  SINCE MAR 1     45                        15     30       19
  SINCE JAN 1     45                        15     30       19
..................................................................


WIND (MPH)
  HIGHEST WIND SPEED    23   HIGHEST WIND DIRECTION     N (10)
  HIGHEST GUST SPEED    29   HIGHEST GUST DIRECTION     N (10)
  AVERAGE WIND SPEED    12.0


SKY COVER
  POSSIBLE SUNSHINE  MM
  AVERAGE SKY COVER 0.7


WEATHER CONDITIONS
 THE FOLLOWING WEATHER WAS RECORDED YESTERDAY.
  THUNDERSTORM
  HEAVY RAIN
  RAIN
  LIGHT RAIN
  FOG


RELATIVE HUMIDITY (PERCENT)
 HIGHEST   100          1200 AM
 LOWEST     44           300 PM
 AVERAGE    72

..........................................................


THE WICHITA EISENHOWER NATIONAL CLIMATE NORMALS FOR TODAY
                         NORMAL    RECORD    YEAR
 MAXIMUM TEMPERATURE (F)   69        92      1963
 MINIMUM TEMPERATURE (F)   46        28      1966


SUNRISE AND SUNSET
APRIL 21 2017.........SUNRISE   646 AM CDT   SUNSET   811 PM CDT
APRIL 22 2017.........SUNRISE   645 AM CDT   SUNSET   812 PM CDT


-  INDICATES NEGATIVE NUMBERS.
R  INDICATES RECORD WAS SET OR TIED.
MM INDICATES DATA IS MISSING.
T  INDICATES TRACE AMOUNT.




$$
