000
CDUS43 KICT 252310
CLIICT


CLIMATE REPORT
NATIONAL WEATHER SERVICE WICHITA KS
510 PM CST FRI NOV 25 2016


...................................

...THE WICHITA EISENHOWER NATIONAL CLIMATE SUMMARY FOR NOVEMBER 25 2016...
VALID TODAY AS OF 0500 PM LOCAL TIME.

CLIMATE NORMAL PERIOD 1981 TO 2010
CLIMATE RECORD PERIOD 1888 TO 2016


WEATHER ITEM   OBSERVED TIME   RECORD YEAR NORMAL DEPARTURE LAST
                VALUE   (LST)  VALUE       VALUE  FROM      YEAR
                                                  NORMAL
..................................................................
TEMPERATURE (F)
 TODAY
  MAXIMUM         58    311 PM  74    1910  51      7       69
  MINIMUM         30    746 AM  11    1993  30      0       56
  AVERAGE         44                        41      3       63

PRECIPITATION (IN)
  TODAY            0.00          1.82 1940   0.04  -0.04     0.00
  MONTH TO DATE    0.19                      1.22  -1.03     0.92
  SINCE SEP 1     13.53                      7.14   6.39     4.13
  SINCE JAN 1     49.87                     31.23  18.64    36.55

SNOWFALL (IN)
  TODAY            0.0           6.8  1952   0.1   -0.1      0.0
  MONTH TO DATE    0.0                       0.9   -0.9       T
  SINCE SEP 1      0.0                       1.0   -1.0       T
  SINCE JUL 1      0.0                       1.0   -1.0       T
  SNOW DEPTH       0

DEGREE DAYS
 HEATING
  TODAY           21                        24     -3        2
  MONTH TO DATE  270                       459   -189      296
  SINCE SEP 1    360                       744   -384      421
  SINCE JUL 1    360                       745   -385      421

 COOLING
  TODAY            0                         0      0        0
  MONTH TO DATE   11                         0     11        2
  SINCE SEP 1    382                       257    125      416
  SINCE JAN 1   2054                      1684    370     1907
..................................................................


WIND (MPH)
  HIGHEST WIND SPEED    18   HIGHEST WIND DIRECTION     N (360)
  HIGHEST GUST SPEED    23   HIGHEST GUST DIRECTION     N (360)
  AVERAGE WIND SPEED     7.6


SKY COVER
  POSSIBLE SUNSHINE  MM
  AVERAGE SKY COVER 0.2


WEATHER CONDITIONS
 THE FOLLOWING WEATHER WAS RECORDED TODAY.
  NO SIGNIFICANT WEATHER WAS OBSERVED.


RELATIVE HUMIDITY (PERCENT)
 HIGHEST    92           700 AM
 LOWEST     41           300 PM
 AVERAGE    67

..........................................................


THE WICHITA EISENHOWER NATIONAL CLIMATE NORMALS FOR TOMORROW
                         NORMAL    RECORD    YEAR
 MAXIMUM TEMPERATURE (F)   51        79      1910
 MINIMUM TEMPERATURE (F)   30         1      1975


SUNRISE AND SUNSET
NOVEMBER 25 2016......SUNRISE   721 AM CST   SUNSET   513 PM CST
NOVEMBER 26 2016......SUNRISE   722 AM CST   SUNSET   513 PM CST


-  INDICATES NEGATIVE NUMBERS.
R  INDICATES RECORD WAS SET OR TIED.
MM INDICATES DATA IS MISSING.
T  INDICATES TRACE AMOUNT.




$$
