000
CDUS43 KICT 160626
CLIICT


CLIMATE REPORT
NATIONAL WEATHER SERVICE WICHITA KS
126 AM CDT WED APR 16 2014


...................................

...THE WICHITA MID CONTINENT KS CLIMATE SUMMARY FOR APRIL 15 2014...

CLIMATE NORMAL PERIOD 1981 TO 2010
CLIMATE RECORD PERIOD 1888 TO 2014


WEATHER ITEM   OBSERVED TIME   RECORD YEAR NORMAL DEPARTURE LAST
                VALUE   (LST)  VALUE       VALUE  FROM      YEAR
                                                  NORMAL
..................................................................
TEMPERATURE (F)
 YESTERDAY
  MAXIMUM         63    441 PM  95    2006  68     -5       58
  MINIMUM         27    633 AM  25    1983  44    -17       45
  AVERAGE         45                        56    -11       52

PRECIPITATION (IN)
  YESTERDAY        0.00          1.80 1945   0.08  -0.08      T
  MONTH TO DATE    0.45                      1.14  -0.69     1.63
  SINCE MAR 1      0.94                      3.83  -2.89     3.74
  SINCE JAN 1      1.93                      5.84  -3.91     6.76

SNOWFALL (IN)
  YESTERDAY        0.0           T    1947   0.0    0.0      0.0
  MONTH TO DATE    0.3                       0.2    0.1       T
  SINCE MAR 1      3.5                       2.5    1.0      5.3
  SINCE JUL 1     23.0                      14.9    8.1     29.8
  SNOW DEPTH       0

DEGREE DAYS
 HEATING
  YESTERDAY       20                        10     10       13
  MONTH TO DATE  174                       178     -4      217
  SINCE MAR 1    851                       755     96      883
  SINCE JUL 1   4770                      4395    375     4154

 COOLING
  YESTERDAY        0                         1     -1        0
  MONTH TO DATE    9                         8      1        3
  SINCE MAR 1      9                        10     -1        3
  SINCE JAN 1      9                        10     -1        3
..................................................................


WIND (MPH)
  HIGHEST WIND SPEED    22   HIGHEST WIND DIRECTION     S (170)
  HIGHEST GUST SPEED    31   HIGHEST GUST DIRECTION    SW (220)
  AVERAGE WIND SPEED    10.8


SKY COVER
  POSSIBLE SUNSHINE  MM
  AVERAGE SKY COVER 0.2


WEATHER CONDITIONS
 THE FOLLOWING WEATHER WAS RECORDED YESTERDAY.
  NO SIGNIFICANT WEATHER WAS OBSERVED.


RELATIVE HUMIDITY (PERCENT)
 HIGHEST    69           700 AM
 LOWEST     17           300 PM
 AVERAGE    43

..........................................................


THE WICHITA MID CONTINENT KS CLIMATE NORMALS FOR TODAY
                         NORMAL    RECORD    YEAR
 MAXIMUM TEMPERATURE (F)   68        89      2006
                                             1967
 MINIMUM TEMPERATURE (F)   45        29      1953
                                             1907


SUNRISE AND SUNSET
APRIL 16 2014.........SUNRISE   653 AM CDT   SUNSET   806 PM CDT
APRIL 17 2014.........SUNRISE   652 AM CDT   SUNSET   807 PM CDT


-  INDICATES NEGATIVE NUMBERS.
R  INDICATES RECORD WAS SET OR TIED.
MM INDICATES DATA IS MISSING.
T  INDICATES TRACE AMOUNT.




$$

JMBW
