000
CDUS43 KICT 162205
CLIICT


CLIMATE REPORT
NATIONAL WEATHER SERVICE WICHITA KS
505 PM CDT TUE SEP 16 2014


...................................

...THE WICHITA MID CONTINENT CLIMATE SUMMARY FOR SEPTEMBER 16 2014...
VALID TODAY AS OF 0500 PM LOCAL TIME.

CLIMATE NORMAL PERIOD 1981 TO 2010
CLIMATE RECORD PERIOD 1888 TO 2014


WEATHER ITEM   OBSERVED TIME   RECORD YEAR NORMAL DEPARTURE LAST
                VALUE   (LST)  VALUE       VALUE  FROM      YEAR
                                                  NORMAL
..................................................................
TEMPERATURE (F)
 TODAY
  MAXIMUM         81    402 PM 105    1978  83     -2       77
  MINIMUM         60    834 AM  42    1903  59      1       66
  AVERAGE         71                        71      0       72

PRECIPITATION (IN)
  TODAY            0.00          2.40 1958   0.10  -0.10     0.06
  MONTH TO DATE    0.16                      1.70  -1.54     0.33
  SINCE SEP 1      0.16                      1.70  -1.54     0.33
  SINCE JAN 1     22.14                     25.79  -3.65    34.50

SNOWFALL (IN)
  TODAY            0.0           0.0  2007   0.0    0.0      0.0
  MONTH TO DATE    0.0                       0.0    0.0      0.0
  SINCE SEP 1      0.0                       0.0    0.0      0.0
  SINCE JUL 1      0.0                       0.0    0.0      0.0
  SNOW DEPTH       0

DEGREE DAYS
 HEATING
  TODAY            0                         1     -1        0
  MONTH TO DATE   20                         6     14        0
  SINCE SEP 1     20                         6     14        0
  SINCE JUL 1     21                         7     14        1

 COOLING
  TODAY            6                         7     -1        7
  MONTH TO DATE  145                       152     -7      227
  SINCE SEP 1    145                       152     -7      227
  SINCE JAN 1   1641                      1579     62     1640
..................................................................


WIND (MPH)
  HIGHEST WIND SPEED    14   HIGHEST WIND DIRECTION    NE (50)
  HIGHEST GUST SPEED    18   HIGHEST GUST DIRECTION    NE (60)
  AVERAGE WIND SPEED     7.8


SKY COVER
  POSSIBLE SUNSHINE  MM
  AVERAGE SKY COVER 0.8


WEATHER CONDITIONS
 THE FOLLOWING WEATHER WAS RECORDED TODAY.
  NO SIGNIFICANT WEATHER WAS OBSERVED.


RELATIVE HUMIDITY (PERCENT)
 HIGHEST    72           100 AM
 LOWEST     52           200 PM
 AVERAGE    62

..........................................................


THE WICHITA MID CONTINENT CLIMATE NORMALS FOR TOMORROW
                         NORMAL    RECORD    YEAR
 MAXIMUM TEMPERATURE (F)   82       100      1931
 MINIMUM TEMPERATURE (F)   59        40      1973


SUNRISE AND SUNSET
SEPTEMBER 16 2014.....SUNRISE   712 AM CDT   SUNSET   736 PM CDT
SEPTEMBER 17 2014.....SUNRISE   713 AM CDT   SUNSET   734 PM CDT


-  INDICATES NEGATIVE NUMBERS.
R  INDICATES RECORD WAS SET OR TIED.
MM INDICATES DATA IS MISSING.
T  INDICATES TRACE AMOUNT.




$$
