000
CDUS43 KICT 032302
CLIICT


CLIMATE REPORT
NATIONAL WEATHER SERVICE WICHITA KS
502 PM CST SUN DEC 3 2017


...................................

...THE WICHITA EISENHOWER NATIONAL CLIMATE SUMMARY FOR DECEMBER 3 2017...
VALID TODAY AS OF 0500 PM LOCAL TIME.

CLIMATE NORMAL PERIOD 1981 TO 2010
CLIMATE RECORD PERIOD 1888 TO 2017


WEATHER ITEM   OBSERVED TIME   RECORD YEAR NORMAL DEPARTURE LAST
                VALUE   (LST)  VALUE       VALUE  FROM      YEAR
                                                  NORMAL
..................................................................
TEMPERATURE (F)
 TODAY
  MAXIMUM         66    325 PM  72    2012  47     19       44
  MINIMUM         36    447 AM   4    1897  27      9       40
  AVERAGE         51                        37     14       42

PRECIPITATION (IN)
  TODAY            0.00          2.17 1947   0.05  -0.05     0.21
  MONTH TO DATE    0.00                      0.14  -0.14     0.21
  SINCE DEC 1      0.00                      0.14  -0.14     0.21
  SINCE JAN 1     33.81                     31.58   2.23    50.15

SNOWFALL (IN)
  TODAY            0.0           5.1  1964   0.1   -0.1      0.0
  MONTH TO DATE    0.0                       0.3   -0.3      0.0
  SINCE DEC 1      0.0                       0.3   -0.3      0.0
  SINCE JUL 1      0.0                       1.7   -1.7      0.0
  SNOW DEPTH       0

DEGREE DAYS
 HEATING
  TODAY           14                        28    -14       23
  MONTH TO DATE   47                        83    -36       73
  SINCE DEC 1     47                        83    -36       73
  SINCE JUL 1    777                       959   -182      526

 COOLING
  TODAY            0                         0      0        0
  MONTH TO DATE    0                         0      0        0
  SINCE DEC 1      0                         0      0        0
  SINCE JAN 1   1785                      1686     99     2054
..................................................................


WIND (MPH)
  HIGHEST WIND SPEED    25   HIGHEST WIND DIRECTION     S (170)
  HIGHEST GUST SPEED    31   HIGHEST GUST DIRECTION     S (180)
  AVERAGE WIND SPEED     7.3


SKY COVER
  POSSIBLE SUNSHINE  MM
  AVERAGE SKY COVER 0.7


WEATHER CONDITIONS
 THE FOLLOWING WEATHER WAS RECORDED TODAY.
  FOG


RELATIVE HUMIDITY (PERCENT)
 HIGHEST    96           200 AM
 LOWEST     58           300 PM
 AVERAGE    77

..........................................................


THE WICHITA EISENHOWER NATIONAL CLIMATE NORMALS FOR TOMORROW
                         NORMAL    RECORD    YEAR
 MAXIMUM TEMPERATURE (F)   47        70      2001
 MINIMUM TEMPERATURE (F)   27         8      1902


SUNRISE AND SUNSET
DECEMBER  3 2017......SUNRISE   728 AM CST   SUNSET   511 PM CST
DECEMBER  4 2017......SUNRISE   729 AM CST   SUNSET   511 PM CST


-  INDICATES NEGATIVE NUMBERS.
R  INDICATES RECORD WAS SET OR TIED.
MM INDICATES DATA IS MISSING.
T  INDICATES TRACE AMOUNT.




$$
