000
CDUS43 KICT 230650
CLIICT


CLIMATE REPORT
NATIONAL WEATHER SERVICE WICHITA KS
1249 AM CST TUE DEC 23 2014


...................................

...THE WICHITA MID CONTINENT KS CLIMATE SUMMARY FOR DECEMBER 22 2014...

CLIMATE NORMAL PERIOD 1981 TO 2010
CLIMATE RECORD PERIOD 1888 TO 2014


WEATHER ITEM   OBSERVED TIME   RECORD YEAR NORMAL DEPARTURE LAST
                VALUE   (LST)  VALUE       VALUE  FROM      YEAR
                                                  NORMAL
..................................................................
TEMPERATURE (F)
 YESTERDAY
  MAXIMUM         55    317 PM  72    1896  42     13       26
  MINIMUM         37    751 PM -16    1989  23     14        4
  AVERAGE         46                        32     14       15

PRECIPITATION (IN)
  YESTERDAY        0.04          0.96 1932   0.04   0.00     0.01
  MONTH TO DATE    1.20                      0.91   0.29     0.57
  SINCE DEC 1      1.20                      0.91   0.29     0.57
  SINCE JAN 1     25.51                     32.35  -6.84    40.42

SNOWFALL (IN)
  YESTERDAY        0.0           6.6  2007   0.2   -0.2      0.1
  MONTH TO DATE    2.7                       3.0   -0.3      3.2
  SINCE DEC 1      2.7                       3.0   -0.3      3.2
  SINCE JUL 1      4.5                       4.4    0.1      3.2
  SNOW DEPTH       0

DEGREE DAYS
 HEATING
  YESTERDAY       19                        33    -14       50
  MONTH TO DATE  522                       670   -148      743
  SINCE DEC 1    522                       670   -148      743
  SINCE JUL 1   1402                      1546   -144     1628

 COOLING
  YESTERDAY        0                         0      0        0
  MONTH TO DATE    0                         0      0        0
  SINCE DEC 1      0                         0      0        0
  SINCE JAN 1   1849                      1686    163     1778
..................................................................


WIND (MPH)
  HIGHEST WIND SPEED    22   HIGHEST WIND DIRECTION    NW (320)
  HIGHEST GUST SPEED    28   HIGHEST GUST DIRECTION    NW (320)
  AVERAGE WIND SPEED    10.0


SKY COVER
  POSSIBLE SUNSHINE  MM
  AVERAGE SKY COVER 0.6


WEATHER CONDITIONS
 THE FOLLOWING WEATHER WAS RECORDED YESTERDAY.
  LIGHT RAIN
  FOG
  FOG W/VISIBILITY <= 1/4 MILE


RELATIVE HUMIDITY (PERCENT)
 HIGHEST    93           700 AM
 LOWEST     50           400 PM
 AVERAGE    72

..........................................................


THE WICHITA MID CONTINENT KS CLIMATE NORMALS FOR TODAY
                         NORMAL    RECORD    YEAR
 MAXIMUM TEMPERATURE (F)   42        67      1893
 MINIMUM TEMPERATURE (F)   23       -15      1989


SUNRISE AND SUNSET
DECEMBER 23 2014......SUNRISE   742 AM CST   SUNSET   516 PM CST
DECEMBER 24 2014......SUNRISE   742 AM CST   SUNSET   516 PM CST


-  INDICATES NEGATIVE NUMBERS.
R  INDICATES RECORD WAS SET OR TIED.
MM INDICATES DATA IS MISSING.
T  INDICATES TRACE AMOUNT.




$$
