000
CDUS43 KICT 210659
CLIICT


CLIMATE REPORT
NATIONAL WEATHER SERVICE WICHITA KS
154 AM CDT SUN MAY 21 2017


...................................

...THE WICHITA EISENHOWER NATIONAL CLIMATE SUMMARY FOR MAY 20 2017...

CLIMATE NORMAL PERIOD 1981 TO 2010
CLIMATE RECORD PERIOD 1888 TO 2017


WEATHER ITEM   OBSERVED TIME   RECORD YEAR NORMAL DEPARTURE LAST
                VALUE   (LST)  VALUE       VALUE  FROM      YEAR
                                                  NORMAL
..................................................................
TEMPERATURE (F)
 YESTERDAY
  MAXIMUM         63    541 PM  98    1956  78    -15       71
  MINIMUM         48   1159 PM  37    1968  57     -9       56
  AVERAGE         56                        67    -11       64

PRECIPITATION (IN)
  YESTERDAY        T             2.46 1899   0.16  -0.16      T
  MONTH TO DATE    4.23                      2.82   1.41     1.90
  SINCE MAR 1     15.01                      8.10   6.91     9.66
  SINCE JAN 1     18.63                     10.11   8.52    10.40

SNOWFALL (IN)
  YESTERDAY       MM             0.0  2007   0.0   MM        0.0
                                      2001
  MONTH TO DATE    0.0                       0.0    0.0      0.0
  SINCE MAR 1      T                         2.5   -2.5      3.5
  SINCE JUL 1      2.0                      14.9  -12.9      4.3
  SNOW DEPTH       0

DEGREE DAYS
 HEATING
  YESTERDAY        9                         2      7        1
  MONTH TO DATE   54                        66    -12       91
  SINCE MAR 1    719                       934   -215      654
  SINCE JUL 1   3563                      4574  -1011     3504

 COOLING
  YESTERDAY        0                         4     -4        0
  MONTH TO DATE   62                        52     10       19
  SINCE MAR 1    107                        78     29       56
  SINCE JAN 1    107                        78     29       56
..................................................................


WIND (MPH)
  HIGHEST WIND SPEED    25   HIGHEST WIND DIRECTION     W (280)
  HIGHEST GUST SPEED    33   HIGHEST GUST DIRECTION     W (280)
  AVERAGE WIND SPEED    15.5


SKY COVER
  POSSIBLE SUNSHINE  MM
  AVERAGE SKY COVER 0.7


WEATHER CONDITIONS
 THE FOLLOWING WEATHER WAS RECORDED YESTERDAY.
  LIGHT RAIN
  FOG


RELATIVE HUMIDITY (PERCENT)
 HIGHEST   100          1200 AM
 LOWEST     48           400 PM
 AVERAGE    74

..........................................................


THE WICHITA EISENHOWER NATIONAL CLIMATE NORMALS FOR TODAY
                         NORMAL    RECORD    YEAR
 MAXIMUM TEMPERATURE (F)   78        99      1925
 MINIMUM TEMPERATURE (F)   57        36      1967


SUNRISE AND SUNSET
MAY 21 2017...........SUNRISE   615 AM CDT   SUNSET   838 PM CDT
MAY 22 2017...........SUNRISE   615 AM CDT   SUNSET   838 PM CDT


-  INDICATES NEGATIVE NUMBERS.
R  INDICATES RECORD WAS SET OR TIED.
MM INDICATES DATA IS MISSING.
T  INDICATES TRACE AMOUNT.




$$
