000
CDUS43 KICT 250636
CLIICT

CLIMATE REPORT
NATIONAL WEATHER SERVICE WICHITA KS
134 AM CDT WED MAR 25 2015

...................................

...THE WICHITA EISENHOWER NATIONAL CLIMATE SUMMARY FOR MARCH 24 2015...

CLIMATE NORMAL PERIOD 1981 TO 2010
CLIMATE RECORD PERIOD 1888 TO 2015


WEATHER ITEM   OBSERVED TIME   RECORD YEAR NORMAL DEPARTURE LAST
                VALUE   (LST)  VALUE       VALUE  FROM      YEAR
                                                  NORMAL
..................................................................
TEMPERATURE (F)
 YESTERDAY
  MAXIMUM         71    540 PM  85    1929  61     10       54
                                      1907
  MINIMUM         52   1159 PM  10    1974  37     15       29
  AVERAGE         62                        49     13       42

PRECIPITATION (IN)
  YESTERDAY        0.00          1.95 1904   0.09  -0.09     0.00
  MONTH TO DATE    0.22                      2.00  -1.78     0.45
  SINCE MAR 1      0.22                      2.00  -1.78     0.45
  SINCE JAN 1      1.99                      4.01  -2.02     1.44

SNOWFALL (IN)
  YESTERDAY        0.0           5.5  1912   0.1   -0.1      0.0
  MONTH TO DATE    1.1                       1.9   -0.8      3.2
  SINCE MAR 1      1.1                       1.9   -0.8      3.2
  SINCE JUL 1     18.0                      14.3    3.7     22.7
  SNOW DEPTH       0

DEGREE DAYS
 HEATING
  YESTERDAY        3                        16    -13       23
  MONTH TO DATE  403                       471    -68      578
  SINCE MAR 1    403                       471    -68      578
  SINCE JUL 1   3968                      4111   -143     4497

 COOLING
  YESTERDAY        0                         0      0        0
  MONTH TO DATE    0                         0      0        0
  SINCE MAR 1      0                         0      0        0
  SINCE JAN 1      0                         0      0        0
..................................................................


WIND (MPH)
  HIGHEST WIND SPEED    25   HIGHEST WIND DIRECTION    NW (320)
  HIGHEST GUST SPEED    29   HIGHEST GUST DIRECTION    NW (330)
  AVERAGE WIND SPEED    12.9


SKY COVER
  POSSIBLE SUNSHINE  MM
  AVERAGE SKY COVER 0.7


WEATHER CONDITIONS
 THE FOLLOWING WEATHER WAS RECORDED YESTERDAY.
  NO SIGNIFICANT WEATHER WAS OBSERVED.


RELATIVE HUMIDITY (PERCENT)
 HIGHEST    75           200 AM
 LOWEST     24           500 PM
 AVERAGE    50

..........................................................


THE WICHITA EISENHOWER NATIONAL CLIMATE NORMALS FOR TODAY
                         NORMAL    RECORD    YEAR
 MAXIMUM TEMPERATURE (F)   61        89      1956
                                             1910
                                             1907
 MINIMUM TEMPERATURE (F)   38         8      1955


SUNRISE AND SUNSET
MARCH 25 2015.........SUNRISE   726 AM CDT   SUNSET   746 PM CDT
MARCH 26 2015.........SUNRISE   724 AM CDT   SUNSET   747 PM CDT


-  INDICATES NEGATIVE NUMBERS.
R  INDICATES RECORD WAS SET OR TIED.
MM INDICATES DATA IS MISSING.
T  INDICATES TRACE AMOUNT.

$$
