708
CDUS43 KICT 260635
CLIICT

CLIMATE REPORT
NATIONAL WEATHER SERVICE WICHITA KS
134 AM CDT TUE APR 26 2016


...................................

...THE WICHITA EISENHOWER NATIONAL CLIMATE SUMMARY FOR APRIL 25 2016...

CLIMATE NORMAL PERIOD 1981 TO 2010
CLIMATE RECORD PERIOD 1888 TO 2016


WEATHER ITEM   OBSERVED TIME   RECORD YEAR NORMAL DEPARTURE LAST
                VALUE   (LST)  VALUE       VALUE  FROM      YEAR
                                                  NORMAL
..................................................................
TEMPERATURE (F)
 YESTERDAY
  MAXIMUM         81    453 PM  95    2012  71     10       76
  MINIMUM         63    604 AM  33    2013  48     15       54
  AVERAGE         72                        59     13       65

PRECIPITATION (IN)
  YESTERDAY        T             1.32 1915   0.10  -0.10      T
  MONTH TO DATE    2.75                      2.05   0.70     2.62
  SINCE MAR 1      4.28                      4.74  -0.46     2.90
  SINCE JAN 1      5.02                      6.75  -1.73     4.67

SNOWFALL (IN)
  YESTERDAY        0.0           T    2011   0.0    0.0      0.0
  MONTH TO DATE    0.0                       0.2   -0.2      0.0
  SINCE MAR 1      3.5                       2.5    1.0      1.1
  SINCE JUL 1      4.3                      14.9  -10.6     18.0
  SNOW DEPTH       0

DEGREE DAYS
 HEATING
  YESTERDAY        0                         7     -7        0
  MONTH TO DATE  136                       260   -124      134
  SINCE MAR 1    525                       837   -312      608
  SINCE JUL 1   3375                      4477  -1102     4173

 COOLING
  YESTERDAY        7                         1      6        0
  MONTH TO DATE   25                        18      7       28
  SINCE MAR 1     32                        20     12       28
  SINCE JAN 1     32                        20     12       28
..................................................................


WIND (MPH)
  HIGHEST WIND SPEED    15   HIGHEST WIND DIRECTION    SE (130)
  HIGHEST GUST SPEED    20   HIGHEST GUST DIRECTION    SE (120)
  AVERAGE WIND SPEED     9.3


SKY COVER
  POSSIBLE SUNSHINE  MM
  AVERAGE SKY COVER 0.7


WEATHER CONDITIONS
 THE FOLLOWING WEATHER WAS RECORDED YESTERDAY.
  LIGHT RAIN
  FOG
  HAZE


RELATIVE HUMIDITY (PERCENT)
 HIGHEST    87           700 AM
 LOWEST     54           200 PM
 AVERAGE    71

..........................................................


THE WICHITA EISENHOWER NATIONAL CLIMATE NORMALS FOR TODAY
                         NORMAL    RECORD    YEAR
 MAXIMUM TEMPERATURE (F)   71        93      1989
 MINIMUM TEMPERATURE (F)   48        31      1907


SUNRISE AND SUNSET
APRIL 26 2016.........SUNRISE   639 AM CDT   SUNSET   816 PM CDT
APRIL 27 2016.........SUNRISE   638 AM CDT   SUNSET   817 PM CDT


-  INDICATES NEGATIVE NUMBERS.
R  INDICATES RECORD WAS SET OR TIED.
MM INDICATES DATA IS MISSING.
T  INDICATES TRACE AMOUNT.




$$
