000
CDUS43 KICT 080633
CLIICT


CLIMATE REPORT
NATIONAL WEATHER SERVICE WICHITA KS
1232 AM CST FRI DEC 8 2017


...................................

...THE WICHITA EISENHOWER NATIONAL CLIMATE SUMMARY FOR DECEMBER 7 2017...

CLIMATE NORMAL PERIOD 1981 TO 2010
CLIMATE RECORD PERIOD 1888 TO 2017


WEATHER ITEM   OBSERVED TIME   RECORD YEAR NORMAL DEPARTURE LAST
                VALUE   (LST)  VALUE       VALUE  FROM      YEAR
                                                  NORMAL
..................................................................
TEMPERATURE (F)
 YESTERDAY
  MAXIMUM         33    401 PM  75    1966  46    -13       35
  MINIMUM         14   1159 PM   0    1917  26    -12       19
                                      1909
  AVERAGE         24                        36    -12       27

PRECIPITATION (IN)
  YESTERDAY        0.00          1.83 1980   0.05  -0.05      T
  MONTH TO DATE    0.00                      0.31  -0.31     0.37
  SINCE DEC 1      0.00                      0.31  -0.31     0.37
  SINCE JAN 1     33.81                     31.75   2.06    50.31

SNOWFALL (IN)
  YESTERDAY        0.0           5.0  1892   0.1   -0.1       T
  MONTH TO DATE    0.0                       0.8   -0.8       T
  SINCE DEC 1      0.0                       0.8   -0.8       T
  SINCE JUL 1      0.0                       2.2   -2.2       T
  SNOW DEPTH       0

DEGREE DAYS
 HEATING
  YESTERDAY       41                        29     12       38
  MONTH TO DATE  154                       198    -44      187
  SINCE DEC 1    154                       198    -44      187
  SINCE JUL 1    884                      1074   -190      640

 COOLING
  YESTERDAY        0                         0      0        0
  MONTH TO DATE    0                         0      0        0
  SINCE DEC 1      0                         0      0        0
  SINCE JAN 1   1785                      1686     99     2054
..................................................................


WIND (MPH)
  HIGHEST WIND SPEED    22   HIGHEST WIND DIRECTION     N (350)
  HIGHEST GUST SPEED    30   HIGHEST GUST DIRECTION     N (350)
  AVERAGE WIND SPEED    11.5


SKY COVER
  POSSIBLE SUNSHINE  MM
  AVERAGE SKY COVER 0.1


WEATHER CONDITIONS
 THE FOLLOWING WEATHER WAS RECORDED YESTERDAY.
  NO SIGNIFICANT WEATHER WAS OBSERVED.


RELATIVE HUMIDITY (PERCENT)
 HIGHEST    80           800 AM
 LOWEST     29           400 PM
 AVERAGE    55

..........................................................


THE WICHITA EISENHOWER NATIONAL CLIMATE NORMALS FOR TODAY
                         NORMAL    RECORD    YEAR
 MAXIMUM TEMPERATURE (F)   45        69      1918
 MINIMUM TEMPERATURE (F)   25        -5      1917


SUNRISE AND SUNSET
DECEMBER  8 2017......SUNRISE   732 AM CST   SUNSET   511 PM CST
DECEMBER  9 2017......SUNRISE   733 AM CST   SUNSET   511 PM CST


-  INDICATES NEGATIVE NUMBERS.
R  INDICATES RECORD WAS SET OR TIED.
MM INDICATES DATA IS MISSING.
T  INDICATES TRACE AMOUNT.

$$
