269
CDUS43 KICT 240642
CLIICT


CLIMATE REPORT
NATIONAL WEATHER SERVICE WICHITA KS
141 AM CDT TUE MAY 24 2016


...................................

...THE WICHITA EISENHOWER NATIONAL CLIMATE SUMMARY FOR MAY 23 2016...

CLIMATE NORMAL PERIOD 1981 TO 2010
CLIMATE RECORD PERIOD 1888 TO 2016


WEATHER ITEM   OBSERVED TIME   RECORD YEAR NORMAL DEPARTURE LAST
                VALUE   (LST)  VALUE       VALUE  FROM      YEAR
                                                  NORMAL
..................................................................
TEMPERATURE (F)
 YESTERDAY
  MAXIMUM         73    556 PM 100    1996  79     -6       62
  MINIMUM         61   1037 AM  40    1917  58      3       55
                                      1893
  AVERAGE         67                        68     -1       59

PRECIPITATION (IN)
  YESTERDAY        1.68          1.98 2015   0.15   1.53     1.98
  MONTH TO DATE    3.58                      3.28   0.30    10.45
  SINCE MAR 1     11.34                      8.56   2.78    13.35
  SINCE JAN 1     12.08                     10.57   1.51    15.12

SNOWFALL (IN)
  YESTERDAY        0.0           0.0  2007   0.0    0.0      0.0
                                      2001
  MONTH TO DATE    0.0                       0.0    0.0      0.0
  SINCE MAR 1      3.5                       2.5    1.0      1.1
  SINCE JUL 1      4.3                      14.9  -10.6     18.0
  SNOW DEPTH       0

DEGREE DAYS
 HEATING
  YESTERDAY        0                         2     -2        6
  MONTH TO DATE   91                        72     19       73
  SINCE MAR 1    654                       940   -286      710
  SINCE JUL 1   3504                      4580  -1076     4275

 COOLING
  YESTERDAY        2                         5     -3        0
  MONTH TO DATE   33                        65    -32       55
  SINCE MAR 1     70                        91    -21       83
  SINCE JAN 1     70                        91    -21       83
..................................................................


WIND (MPH)
  HIGHEST WIND SPEED    32   HIGHEST WIND DIRECTION     S (170)
  HIGHEST GUST SPEED    39   HIGHEST GUST DIRECTION     S (170)
  AVERAGE WIND SPEED    17.0


SKY COVER
  POSSIBLE SUNSHINE  MM
  AVERAGE SKY COVER 0.9


WEATHER CONDITIONS
 THE FOLLOWING WEATHER WAS RECORDED YESTERDAY.
  THUNDERSTORM
  HEAVY RAIN
  RAIN
  LIGHT RAIN
  FOG


RELATIVE HUMIDITY (PERCENT)
 HIGHEST    93           800 AM
 LOWEST     68           400 PM
 AVERAGE    81

..........................................................


THE WICHITA EISENHOWER NATIONAL CLIMATE NORMALS FOR TODAY
                         NORMAL    RECORD    YEAR
 MAXIMUM TEMPERATURE (F)   79        97      1967
 MINIMUM TEMPERATURE (F)   58        41      1924


SUNRISE AND SUNSET
MAY 24 2016...........SUNRISE   613 AM CDT   SUNSET   840 PM CDT
MAY 25 2016...........SUNRISE   613 AM CDT   SUNSET   841 PM CDT


-  INDICATES NEGATIVE NUMBERS.
R  INDICATES RECORD WAS SET OR TIED.
MM INDICATES DATA IS MISSING.
T  INDICATES TRACE AMOUNT.




$$
