000
CDUS43 KICT 190626
CLIICT


CLIMATE REPORT
NATIONAL WEATHER SERVICE WICHITA KS
123 AM CDT TUE SEP 19 2017


...................................

...THE WICHITA EISENHOWER NATIONAL CLIMATE SUMMARY FOR SEPTEMBER 18 2017...

CLIMATE NORMAL PERIOD 1981 TO 2010
CLIMATE RECORD PERIOD 1888 TO 2017


WEATHER ITEM   OBSERVED TIME   RECORD YEAR NORMAL DEPARTURE LAST
                VALUE   (LST)  VALUE       VALUE  FROM      YEAR
                                                  NORMAL
..................................................................
TEMPERATURE (F)
 YESTERDAY
  MAXIMUM         89    208 PM 100    1997  82      7       86
  MINIMUM         66    657 AM  38    1973  58      8       62
  AVERAGE         78                        70      8       74

PRECIPITATION (IN)
  YESTERDAY        T             1.79 1965   0.11  -0.11     0.00
  MONTH TO DATE    0.34                      1.91  -1.57     9.65
  SINCE SEP 1      0.34                      1.91  -1.57     9.65
  SINCE JAN 1     27.69                     26.00   1.69    45.99

SNOWFALL (IN)
  YESTERDAY        0.0           0.0  2007   0.0    0.0      0.0
  MONTH TO DATE    0.0                       0.0    0.0      0.0
  SINCE SEP 1      0.0                       0.0    0.0      0.0
  SINCE JUL 1      0.0                       0.0    0.0      0.0
  SNOW DEPTH       0

DEGREE DAYS
 HEATING
  YESTERDAY        0                         1     -1        0
  MONTH TO DATE    1                         8     -7        0
  SINCE SEP 1      1                         8     -7        0
  SINCE JUL 1      1                         9     -8        0

 COOLING
  YESTERDAY       13                         6      7        9
  MONTH TO DATE  155                       165    -10      186
  SINCE SEP 1    155                       165    -10      186
  SINCE JAN 1   1594                      1592      2     1858
..................................................................


WIND (MPH)
  HIGHEST WIND SPEED    20   HIGHEST WIND DIRECTION     S (200)
  HIGHEST GUST SPEED    26   HIGHEST GUST DIRECTION    SW (240)
  AVERAGE WIND SPEED    10.4


SKY COVER
  POSSIBLE SUNSHINE  MM
  AVERAGE SKY COVER 0.7


WEATHER CONDITIONS
 THE FOLLOWING WEATHER WAS RECORDED YESTERDAY.
  LIGHT RAIN
  FOG


RELATIVE HUMIDITY (PERCENT)
 HIGHEST   100          1200 AM
 LOWEST     42           200 PM
 AVERAGE    71

..........................................................


THE WICHITA EISENHOWER NATIONAL CLIMATE NORMALS FOR TODAY
                         NORMAL    RECORD    YEAR
 MAXIMUM TEMPERATURE (F)   81       101      1954
 MINIMUM TEMPERATURE (F)   58        38      1991


SUNRISE AND SUNSET
SEPTEMBER 19 2017.....SUNRISE   715 AM CDT   SUNSET   731 PM CDT
SEPTEMBER 20 2017.....SUNRISE   716 AM CDT   SUNSET   729 PM CDT


-  INDICATES NEGATIVE NUMBERS.
R  INDICATES RECORD WAS SET OR TIED.
MM INDICATES DATA IS MISSING.
T  INDICATES TRACE AMOUNT.




$$
