000
CDUS43 KICT 230630
CLIICT


CLIMATE REPORT
NATIONAL WEATHER SERVICE WICHITA KS
130 AM CDT WED APR 23 2014


...................................

...THE WICHITA MID CONTINENT KS CLIMATE SUMMARY FOR APRIL 22 2014...

CLIMATE NORMAL PERIOD 1981 TO 2010
CLIMATE RECORD PERIOD 1888 TO 2014


WEATHER ITEM   OBSERVED TIME   RECORD YEAR NORMAL DEPARTURE LAST
                VALUE   (LST)  VALUE       VALUE  FROM      YEAR
                                                  NORMAL
..................................................................
TEMPERATURE (F)
 YESTERDAY
  MAXIMUM         76    435 PM  91    2006  70      6       73
                                      1955
  MINIMUM         47    309 AM  32    1959  47      0       37
  AVERAGE         62                        58      4       55

PRECIPITATION (IN)
  YESTERDAY        0.00          6.03 1944   0.10  -0.10     0.62
  MONTH TO DATE    0.45                      1.75  -1.30     2.58
  SINCE MAR 1      0.94                      4.44  -3.50     4.69
  SINCE JAN 1      1.93                      6.45  -4.52     7.71

SNOWFALL (IN)
  YESTERDAY        0.0           0.0  2007   0.0    0.0      0.0
                                      2001
  MONTH TO DATE    0.3                       0.2    0.1       T
  SINCE MAR 1      3.5                       2.5    1.0      5.3
  SINCE JUL 1     23.0                      14.9    8.1     29.8
  SNOW DEPTH       0

DEGREE DAYS
 HEATING
  YESTERDAY        3                         8     -5       10
  MONTH TO DATE  217                       239    -22      332
  SINCE MAR 1    894                       816     78      998
  SINCE JUL 1   4813                      4456    357     4269

 COOLING
  YESTERDAY        0                         1     -1        0
  MONTH TO DATE   12                        15     -3        3
  SINCE MAR 1     12                        17     -5        3
  SINCE JAN 1     12                        17     -5        3
..................................................................


WIND (MPH)
  HIGHEST WIND SPEED    16   HIGHEST WIND DIRECTION    SE (120)
  HIGHEST GUST SPEED    20   HIGHEST GUST DIRECTION    SE (130)
  AVERAGE WIND SPEED     8.4


SKY COVER
  POSSIBLE SUNSHINE  MM
  AVERAGE SKY COVER 0.4


WEATHER CONDITIONS
 THE FOLLOWING WEATHER WAS RECORDED YESTERDAY.
  NO SIGNIFICANT WEATHER WAS OBSERVED.


RELATIVE HUMIDITY (PERCENT)
 HIGHEST    54           300 AM
 LOWEST     19           300 PM
 AVERAGE    37

..........................................................


THE WICHITA MID CONTINENT KS CLIMATE NORMALS FOR TODAY
                         NORMAL    RECORD    YEAR
 MAXIMUM TEMPERATURE (F)   70        94      2006
 MINIMUM TEMPERATURE (F)   47        32      2013


SUNRISE AND SUNSET
APRIL 23 2014.........SUNRISE   644 AM CDT   SUNSET   813 PM CDT
APRIL 24 2014.........SUNRISE   643 AM CDT   SUNSET   813 PM CDT


-  INDICATES NEGATIVE NUMBERS.
R  INDICATES RECORD WAS SET OR TIED.
MM INDICATES DATA IS MISSING.
T  INDICATES TRACE AMOUNT.




$$
