000
CDUS43 KICT 010637
CLIICT


CLIMATE REPORT
NATIONAL WEATHER SERVICE WICHITA KS
1236 AM CST SUN FEB 1 2015


...................................

...THE WICHITA MID CONTINENT KS CLIMATE SUMMARY FOR JANUARY 31 2015...

CLIMATE NORMAL PERIOD 1981 TO 2010
CLIMATE RECORD PERIOD 1888 TO 2015


WEATHER ITEM   OBSERVED TIME   RECORD YEAR NORMAL DEPARTURE LAST
                VALUE   (LST)  VALUE       VALUE  FROM      YEAR
                                                  NORMAL
..................................................................
TEMPERATURE (F)
 YESTERDAY
  MAXIMUM         41   1159 PM  71    2009  44     -3       34
  MINIMUM         35    909 AM  -9    1979  23     12       23
  AVERAGE         38                        34      4       29

PRECIPITATION (IN)
  YESTERDAY        0.67          0.68 1983   0.03   0.64     0.02
  MONTH TO DATE    1.11                      0.83   0.28     0.13
  SINCE DEC 1      2.40                      2.03   0.37     0.73
  SINCE JAN 1      1.11                      0.83   0.28     0.13

SNOWFALL (IN)
  YESTERDAY        T             7.2  1959   0.1   -0.1      0.1
  MONTH TO DATE    4.0                       3.6    0.4      3.0
  SINCE DEC 1      8.2                       7.8    0.4      6.4
  SINCE JUL 1     10.0                       9.2    0.8      6.4
  SNOW DEPTH       0

DEGREE DAYS
 HEATING
  YESTERDAY       27                        31     -4       36
  MONTH TO DATE  949                      1013    -64     1019
  SINCE DEC 1   1774                      1984   -210     2089
  SINCE JUL 1   2654                      2860   -206     2974

 COOLING
  YESTERDAY        0                         0      0        0
  MONTH TO DATE    0                         0      0        0
  SINCE DEC 1      0                         0      0        0
  SINCE JAN 1      0                         0      0        0
..................................................................


WIND (MPH)
  HIGHEST WIND SPEED    18   HIGHEST WIND DIRECTION     S (180)
  HIGHEST GUST SPEED    25   HIGHEST GUST DIRECTION     S (190)
  AVERAGE WIND SPEED    10.9


SKY COVER
  POSSIBLE SUNSHINE  MM
  AVERAGE SKY COVER 1.0


WEATHER CONDITIONS
 THE FOLLOWING WEATHER WAS RECORDED YESTERDAY.
  LIGHT RAIN
  SNOW
  SLEET
  FOG


RELATIVE HUMIDITY (PERCENT)
 HIGHEST   100          1100 PM
 LOWEST     54           100 AM
 AVERAGE    77

..........................................................


THE WICHITA MID CONTINENT KS CLIMATE NORMALS FOR TODAY
                         NORMAL    RECORD    YEAR
 MAXIMUM TEMPERATURE (F)   45        75      1911
 MINIMUM TEMPERATURE (F)   23        -8      1917


SUNRISE AND SUNSET
FEBRUARY  1 2015......SUNRISE   734 AM CST   SUNSET   553 PM CST
FEBRUARY  2 2015......SUNRISE   733 AM CST   SUNSET   554 PM CST


-  INDICATES NEGATIVE NUMBERS.
R  INDICATES RECORD WAS SET OR TIED.
MM INDICATES DATA IS MISSING.
T  INDICATES TRACE AMOUNT.




$$
