000
CDUS43 KICT 020631
CLIICT

CLIMATE REPORT
NATIONAL WEATHER SERVICE WICHITA KS
128 AM CDT THU JUL 2 2015

...................................

...THE WICHITA EISENHOWER NATIONAL CLIMATE SUMMARY FOR JULY 1 2015...

CLIMATE NORMAL PERIOD 1981 TO 2010
CLIMATE RECORD PERIOD 1888 TO 2015


WEATHER ITEM   OBSERVED TIME   RECORD YEAR NORMAL DEPARTURE LAST
                VALUE   (LST)  VALUE       VALUE  FROM      YEAR
                                                  NORMAL
..................................................................
TEMPERATURE (F)
 YESTERDAY
  MAXIMUM         98    619 PM 109    1980  91      7       86
  MINIMUM         73    515 AM  58    1995  69      4       66
                                      1892
  AVERAGE         86                        80      6       76

PRECIPITATION (IN)
  YESTERDAY        T             2.07 1929   0.12  -0.12     1.12
  MONTH TO DATE    T                         0.12  -0.12     1.12
  SINCE JUN 1      2.20                      5.32  -3.12    11.58
  SINCE JAN 1     18.64                     17.18   1.46    17.65

SNOWFALL (IN)
  YESTERDAY        0.0           0.0  2007   0.0    0.0      0.0
  MONTH TO DATE    0.0                       0.0    0.0      0.0
  SINCE JUN 1      0.0                       0.0    0.0      0.0
  SINCE JUL 1      0.0                       0.0    0.0      0.0
  SNOW DEPTH       0

DEGREE DAYS
 HEATING
  YESTERDAY        0                         0      0        0
  MONTH TO DATE    0                         0      0        0
  SINCE JUN 1      0                         6     -6        0
  SINCE JUL 1      0                         0      0        0

 COOLING
  YESTERDAY       21                        15      6       11
  MONTH TO DATE   21                        15      6       11
  SINCE JUN 1    480                       344    136      353
  SINCE JAN 1    593                       480    113      620
..................................................................


WIND (MPH)
  HIGHEST WIND SPEED    23   HIGHEST WIND DIRECTION    SW (230)
  HIGHEST GUST SPEED    27   HIGHEST GUST DIRECTION    SW (220)
  AVERAGE WIND SPEED     8.8


SKY COVER
  POSSIBLE SUNSHINE  MM
  AVERAGE SKY COVER 0.6


WEATHER CONDITIONS
 THE FOLLOWING WEATHER WAS RECORDED YESTERDAY.
  LIGHT RAIN


RELATIVE HUMIDITY (PERCENT)
 HIGHEST    73           600 AM
 LOWEST     38          1000 AM
 AVERAGE    56

..........................................................


THE WICHITA EISENHOWER NATIONAL CLIMATE NORMALS FOR TODAY
                         NORMAL    RECORD    YEAR
 MAXIMUM TEMPERATURE (F)   91       108      1990
 MINIMUM TEMPERATURE (F)   69        54      1959
                                             1924


SUNRISE AND SUNSET
JULY  2 2015..........SUNRISE   612 AM CDT   SUNSET   855 PM CDT
JULY  3 2015..........SUNRISE   613 AM CDT   SUNSET   855 PM CDT


-  INDICATES NEGATIVE NUMBERS.
R  INDICATES RECORD WAS SET OR TIED.
MM INDICATES DATA IS MISSING.
T  INDICATES TRACE AMOUNT.

$$
