000
CDUS43 KICT 212311
CLIICT


CLIMATE REPORT
NATIONAL WEATHER SERVICE WICHITA KS
510 PM CST WED JAN 21 2015


...................................

...THE WICHITA MID CONTINENT CLIMATE SUMMARY FOR JANUARY 21 2015...
VALID TODAY AS OF 0500 PM LOCAL TIME.

CLIMATE NORMAL PERIOD 1981 TO 2010
CLIMATE RECORD PERIOD 1888 TO 2015


WEATHER ITEM   OBSERVED TIME   RECORD YEAR NORMAL DEPARTURE LAST
                VALUE   (LST)  VALUE       VALUE  FROM      YEAR
                                                  NORMAL
..................................................................
TEMPERATURE (F)
 TODAY
  MAXIMUM         47    448 PM  69    1964  43      4       30
  MINIMUM         30    344 AM  -7    1935  22      8       11
  AVERAGE         39                        32      7       21

PRECIPITATION (IN)
  TODAY            0.00          0.57 1973   0.03  -0.03     0.00
  MONTH TO DATE    0.44                      0.51  -0.07     0.11
  SINCE DEC 1      1.73                      1.71   0.02     0.71
  SINCE JAN 1      0.44                      0.51  -0.07     0.11

SNOWFALL (IN)
  TODAY            0.0           6.0  1973   0.1   -0.1      0.0
  MONTH TO DATE    4.0                       2.3    1.7      2.9
  SINCE DEC 1      8.2                       6.5    1.7      6.3
  SINCE JUL 1     10.0                       7.9    2.1      6.3
  SNOW DEPTH       0

DEGREE DAYS
 HEATING
  TODAY           26                        33     -7       44
  MONTH TO DATE  730                       693     37      671
  SINCE DEC 1   1555                      1660   -105     1741
  SINCE JUL 1   2435                      2536   -101     2626

 COOLING
  TODAY            0                         0      0        0
  MONTH TO DATE    0                         0      0        0
  SINCE DEC 1      0                         0      0        0
  SINCE JAN 1      0                         0      0        0
..................................................................


WIND (MPH)
  HIGHEST WIND SPEED    12   HIGHEST WIND DIRECTION     N (10)
  HIGHEST GUST SPEED    14   HIGHEST GUST DIRECTION     N (10)
  AVERAGE WIND SPEED     8.3


SKY COVER
  POSSIBLE SUNSHINE  MM
  AVERAGE SKY COVER 0.8


WEATHER CONDITIONS
 THE FOLLOWING WEATHER WAS RECORDED TODAY.
  NO SIGNIFICANT WEATHER WAS OBSERVED.


RELATIVE HUMIDITY (PERCENT)
 HIGHEST    82          1200 AM
 LOWEST     42           200 PM
 AVERAGE    62

..........................................................


THE WICHITA MID CONTINENT CLIMATE NORMALS FOR TOMORROW
                         NORMAL    RECORD    YEAR
 MAXIMUM TEMPERATURE (F)   43        75      1967
 MINIMUM TEMPERATURE (F)   22        -6      1930


SUNRISE AND SUNSET
JANUARY 21 2015.......SUNRISE   741 AM CST   SUNSET   541 PM CST
JANUARY 22 2015.......SUNRISE   741 AM CST   SUNSET   542 PM CST


-  INDICATES NEGATIVE NUMBERS.
R  INDICATES RECORD WAS SET OR TIED.
MM INDICATES DATA IS MISSING.
T  INDICATES TRACE AMOUNT.




$$
