000
CDUS43 KICT 130619
CLIICT


CLIMATE REPORT
NATIONAL WEATHER SERVICE WICHITA KS
1218 AM CST TUE FEB 13 2018


...................................

...THE WICHITA EISENHOWER NATIONAL CLIMATE SUMMARY FOR FEBRUARY 12 2018...

CLIMATE NORMAL PERIOD 1981 TO 2010
CLIMATE RECORD PERIOD 1888 TO 2018


WEATHER ITEM   OBSERVED TIME   RECORD YEAR NORMAL DEPARTURE LAST
                VALUE   (LST)  VALUE       VALUE  FROM      YEAR
                                                  NORMAL
..................................................................
TEMPERATURE (F)
 YESTERDAY
  MAXIMUM         44    331 PM  81    1962  47     -3       52
  MINIMUM         11    716 AM -22    1899  25    -14       31
  AVERAGE         28                        36     -8       42

PRECIPITATION (IN)
  YESTERDAY        0.00          1.25 1978   0.05  -0.05     0.00
  MONTH TO DATE    T                         0.46  -0.46      T
  SINCE DEC 1      0.23                      2.49  -2.26     3.45
  SINCE JAN 1      0.20                      1.29  -1.09     2.79

SNOWFALL (IN)
  YESTERDAY        0.0           1.3  1948   0.2   -0.2      0.0
  MONTH TO DATE    T                         1.7   -1.7      0.0
  SINCE DEC 1      0.3                       9.5   -9.2      2.0
  SINCE JUL 1      0.3                      10.9  -10.6      2.0
  SNOW DEPTH       0

DEGREE DAYS
 HEATING
  YESTERDAY       37                        29      8       23
  MONTH TO DATE  429                       361     68      272
  SINCE DEC 1   2246                      2345    -99     2131
  SINCE JUL 1   2976                      3221   -245     2584

 COOLING
  YESTERDAY        0                         0      0        0
  MONTH TO DATE    0                         0      0        0
  SINCE DEC 1      0                         0      0        0
  SINCE JAN 1      0                         0      0        0
..................................................................


WIND (MPH)
  HIGHEST WIND SPEED    20   HIGHEST WIND DIRECTION     E (110)
  HIGHEST GUST SPEED    27   HIGHEST GUST DIRECTION    SE (120)
  AVERAGE WIND SPEED    10.3


SKY COVER
  POSSIBLE SUNSHINE  MM
  AVERAGE SKY COVER 0.3


WEATHER CONDITIONS
 THE FOLLOWING WEATHER WAS RECORDED YESTERDAY.
  NO SIGNIFICANT WEATHER WAS OBSERVED.


RELATIVE HUMIDITY (PERCENT)
 HIGHEST    88           900 AM
 LOWEST     22           500 PM
 AVERAGE    55

..........................................................


THE WICHITA EISENHOWER NATIONAL CLIMATE NORMALS FOR TODAY
                         NORMAL    RECORD    YEAR
 MAXIMUM TEMPERATURE (F)   48        77      1921
 MINIMUM TEMPERATURE (F)   26       -18      1905


SUNRISE AND SUNSET
FEBRUARY 13 2018......SUNRISE   721 AM CST   SUNSET   607 PM CST
FEBRUARY 14 2018......SUNRISE   720 AM CST   SUNSET   608 PM CST


-  INDICATES NEGATIVE NUMBERS.
R  INDICATES RECORD WAS SET OR TIED.
MM INDICATES DATA IS MISSING.
T  INDICATES TRACE AMOUNT.




$$
