000
CDUS43 KICT 230705
CLIICT


CLIMATE REPORT
NATIONAL WEATHER SERVICE WICHITA KS
105 AM CST MON FEB 23 2015


...................................

...THE WICHITA EISENHOWER NATIONAL CLIMATE SUMMARY FOR FEBRUARY 22 2015...

CLIMATE NORMAL PERIOD 1981 TO 2010
CLIMATE RECORD PERIOD 1888 TO 2015


WEATHER ITEM   OBSERVED TIME   RECORD YEAR NORMAL DEPARTURE LAST
                VALUE   (LST)  VALUE       VALUE  FROM      YEAR
                                                  NORMAL
..................................................................
TEMPERATURE (F)
 YESTERDAY
  MAXIMUM         33   1203 AM  87    1996  50    -17       64
  MINIMUM         18   1030 AM   6    1889  28    -10       27
  AVERAGE         26                        39    -13       46

PRECIPITATION (IN)
  YESTERDAY        0.02          0.89 2000   0.04  -0.02     0.00
  MONTH TO DATE    0.23                      0.89  -0.66     0.84
  SINCE DEC 1      2.63                      2.92  -0.29     1.57
  SINCE JAN 1      1.34                      1.72  -0.38     0.97

SNOWFALL (IN)
  YESTERDAY        1.6           3.9  1975   0.1    1.5      0.0
  MONTH TO DATE    2.5                       2.7   -0.2     13.0
  SINCE DEC 1     10.7                      10.5    0.2     19.4
  SINCE JUL 1     12.5                      11.9    0.6     19.4
  SNOW DEPTH       2

DEGREE DAYS
 HEATING
  YESTERDAY       39                        26     13       19
  MONTH TO DATE  666                       632     34      750
  SINCE DEC 1   2440                      2616   -176     2839
  SINCE JUL 1   3320                      3492   -172     3724

 COOLING
  YESTERDAY        0                         0      0        0
  MONTH TO DATE    0                         0      0        0
  SINCE DEC 1      0                         0      0        0
  SINCE JAN 1      0                         0      0        0
..................................................................


WIND (MPH)
  HIGHEST WIND SPEED    26   HIGHEST WIND DIRECTION     N (20)
  HIGHEST GUST SPEED    35   HIGHEST GUST DIRECTION     N (20)
  AVERAGE WIND SPEED    18.6


SKY COVER
  POSSIBLE SUNSHINE  MM
  AVERAGE SKY COVER 1.0


WEATHER CONDITIONS
 THE FOLLOWING WEATHER WAS RECORDED YESTERDAY.
  SNOW
  LIGHT SNOW
  FOG


RELATIVE HUMIDITY (PERCENT)
 HIGHEST    85           100 AM
 LOWEST     45           800 PM
 AVERAGE    65

..........................................................


THE WICHITA EISENHOWER NATIONAL CLIMATE NORMALS FOR TODAY
                         NORMAL    RECORD    YEAR
 MAXIMUM TEMPERATURE (F)   51        82      1930
 MINIMUM TEMPERATURE (F)   29         0      1889


SUNRISE AND SUNSET
FEBRUARY 23 2015......SUNRISE   709 AM CST   SUNSET   617 PM CST
FEBRUARY 24 2015......SUNRISE   708 AM CST   SUNSET   618 PM CST


-  INDICATES NEGATIVE NUMBERS.
R  INDICATES RECORD WAS SET OR TIED.
MM INDICATES DATA IS MISSING.
T  INDICATES TRACE AMOUNT.




$$
