000
CDUS43 KICT 200640
CLIICT


CLIMATE REPORT
NATIONAL WEATHER SERVICE WICHITA KS
1238 AM CST TUE JAN 20 2015


...................................

...THE WICHITA MID CONTINENT KS CLIMATE SUMMARY FOR JANUARY 19 2015...

CLIMATE NORMAL PERIOD 1981 TO 2010
CLIMATE RECORD PERIOD 1888 TO 2015


WEATHER ITEM   OBSERVED TIME   RECORD YEAR NORMAL DEPARTURE LAST
                VALUE   (LST)  VALUE       VALUE  FROM      YEAR
                                                  NORMAL
..................................................................
TEMPERATURE (F)
 YESTERDAY
  MAXIMUM         73R   354 PM  70    1904  43     30       67
  MINIMUM         27    757 AM -14    1892  22      5       22
  AVERAGE         50                        32     18       45

PRECIPITATION (IN)
  YESTERDAY        0.00          1.08 1980   0.03  -0.03     0.00
  MONTH TO DATE    0.32                      0.46  -0.14     0.11
  SINCE DEC 1      1.61                      1.66  -0.05     0.71
  SINCE JAN 1      0.32                      0.46  -0.14     0.11

SNOWFALL (IN)
  YESTERDAY        0.0           2.4  1983   0.1   -0.1      0.0
  MONTH TO DATE    4.0                       2.0    2.0      2.9
  SINCE DEC 1      8.2                       6.2    2.0      6.3
  SINCE JUL 1     10.0                       7.6    2.4      6.3
  SNOW DEPTH       0

DEGREE DAYS
 HEATING
  YESTERDAY       15                        33    -18       20
  MONTH TO DATE  682                       627     55      603
  SINCE DEC 1   1507                      1594    -87     1673
  SINCE JUL 1   2387                      2470    -83     2558

 COOLING
  YESTERDAY        0                         0      0        0
  MONTH TO DATE    0                         0      0        0
  SINCE DEC 1      0                         0      0        0
  SINCE JAN 1      0                         0      0        0
..................................................................


WIND (MPH)
  HIGHEST WIND SPEED    22   HIGHEST WIND DIRECTION    NW (330)
  HIGHEST GUST SPEED    26   HIGHEST GUST DIRECTION    NW (330)
  AVERAGE WIND SPEED     7.0


SKY COVER
  POSSIBLE SUNSHINE  MM
  AVERAGE SKY COVER 0.5


WEATHER CONDITIONS
 THE FOLLOWING WEATHER WAS RECORDED YESTERDAY.
  NO SIGNIFICANT WEATHER WAS OBSERVED.


RELATIVE HUMIDITY (PERCENT)
 HIGHEST    76          1100 PM
 LOWEST     17           400 PM
 AVERAGE    47

..........................................................


THE WICHITA MID CONTINENT KS CLIMATE NORMALS FOR TODAY
                         NORMAL    RECORD    YEAR
 MAXIMUM TEMPERATURE (F)   43        71      1906
 MINIMUM TEMPERATURE (F)   22       -12      1962


SUNRISE AND SUNSET
JANUARY 20 2015.......SUNRISE   742 AM CST   SUNSET   540 PM CST
JANUARY 21 2015.......SUNRISE   741 AM CST   SUNSET   541 PM CST


-  INDICATES NEGATIVE NUMBERS.
R  INDICATES RECORD WAS SET OR TIED.
MM INDICATES DATA IS MISSING.
T  INDICATES TRACE AMOUNT.




$$
