814
CDUS43 KICT 200638
CLIICT


CLIMATE REPORT
NATIONAL WEATHER SERVICE WICHITA KS
138 AM CDT THU APR 20 2017


...................................

...THE WICHITA EISENHOWER NATIONAL CLIMATE SUMMARY FOR APRIL 19 2017...

CLIMATE NORMAL PERIOD 1981 TO 2010
CLIMATE RECORD PERIOD 1888 TO 2017


WEATHER ITEM   OBSERVED TIME   RECORD YEAR NORMAL DEPARTURE LAST
                VALUE   (LST)  VALUE       VALUE  FROM      YEAR
                                                  NORMAL
..................................................................
TEMPERATURE (F)
 YESTERDAY
  MAXIMUM         82    345 PM  91    1987  69     13       70
  MINIMUM         61    617 AM  31    2013  46     15       44
  AVERAGE         72                        57     15       57

PRECIPITATION (IN)
  YESTERDAY        0.37          1.82 2003   0.09   0.28     1.14
  MONTH TO DATE    4.17                      1.48   2.69     2.71
  SINCE MAR 1      7.67                      4.17   3.50     4.24
  SINCE JAN 1     11.29                      6.18   5.11     4.98

SNOWFALL (IN)
  YESTERDAY        0.0           T    1955   0.0    0.0      0.0
  MONTH TO DATE    0.0                       0.2   -0.2      0.0
  SINCE MAR 1      T                         2.5   -2.5      3.5
  SINCE JUL 1      2.0                      14.9  -12.9      4.3
  SNOW DEPTH       0

DEGREE DAYS
 HEATING
  YESTERDAY        0                         9     -9        8
  MONTH TO DATE  116                       215    -99      124
  SINCE MAR 1    545                       792   -247      513
  SINCE JUL 1   3389                      4432  -1043     3363

 COOLING
  YESTERDAY        7                         1      6        0
  MONTH TO DATE   27                        12     15       12
  SINCE MAR 1     45                        14     31       19
  SINCE JAN 1     45                        14     31       19
..................................................................


WIND (MPH)
  HIGHEST WIND SPEED    33   HIGHEST WIND DIRECTION     S (180)
  HIGHEST GUST SPEED    42   HIGHEST GUST DIRECTION     S (180)
  AVERAGE WIND SPEED    19.7


SKY COVER
  POSSIBLE SUNSHINE  MM
  AVERAGE SKY COVER 0.5


WEATHER CONDITIONS
 THE FOLLOWING WEATHER WAS RECORDED YESTERDAY.
  THUNDERSTORM
  HEAVY RAIN
  RAIN
  LIGHT RAIN
  FOG


RELATIVE HUMIDITY (PERCENT)
 HIGHEST   100           600 AM
 LOWEST     54           400 PM
 AVERAGE    77

..........................................................


THE WICHITA EISENHOWER NATIONAL CLIMATE NORMALS FOR TODAY
                         NORMAL    RECORD    YEAR
 MAXIMUM TEMPERATURE (F)   69        93      1961
 MINIMUM TEMPERATURE (F)   46        31      1978
                                             1966
                                             1918


SUNRISE AND SUNSET
APRIL 20 2017.........SUNRISE   647 AM CDT   SUNSET   810 PM CDT
APRIL 21 2017.........SUNRISE   646 AM CDT   SUNSET   811 PM CDT


-  INDICATES NEGATIVE NUMBERS.
R  INDICATES RECORD WAS SET OR TIED.
MM INDICATES DATA IS MISSING.
T  INDICATES TRACE AMOUNT.




$$
