000
CDUS43 KICT 150734
CLIICT

CLIMATE REPORT
NATIONAL WEATHER SERVICE WICHITA KS
133 AM CST WED NOV 15 2017

...................................

...THE WICHITA EISENHOWER NATIONAL CLIMATE SUMMARY FOR NOVEMBER 14 2017...

CLIMATE NORMAL PERIOD 1981 TO 2010
CLIMATE RECORD PERIOD 1888 TO 2017


WEATHER ITEM   OBSERVED TIME   RECORD YEAR NORMAL DEPARTURE LAST
                VALUE   (LST)  VALUE       VALUE  FROM      YEAR
                                                  NORMAL
..................................................................
TEMPERATURE (F)
 YESTERDAY
  MAXIMUM         61    516 PM  78    1897  57      4       71
  MINIMUM         52    221 AM   7    1940  35     17       41
  AVERAGE         57                        46     11       56

PRECIPITATION (IN)
  YESTERDAY        0.05          1.91 1931   0.05   0.00     0.00
  MONTH TO DATE    0.12                      0.78  -0.66     0.14
  SINCE SEP 1      6.06                      6.70  -0.64    13.48
  SINCE JAN 1     33.41                     30.79   2.62    49.82

SNOWFALL (IN)
  YESTERDAY        0.0           0.3  1929   0.0    0.0      0.0
  MONTH TO DATE    0.0                       0.2   -0.2      0.0
  SINCE SEP 1      0.0                       0.3   -0.3      0.0
  SINCE JUL 1      0.0                       0.3   -0.3      0.0
  SNOW DEPTH       0

DEGREE DAYS
 HEATING
  YESTERDAY        8                        19    -11        9
  MONTH TO DATE  257                       220     37      114
  SINCE SEP 1    481                       505    -24      204
  SINCE JUL 1    481                       506    -25      204

 COOLING
  YESTERDAY        0                         0      0        0
  MONTH TO DATE    0                         0      0       11
  SINCE SEP 1    344                       257     87      382
  SINCE JAN 1   1783                      1684     99     2054
..................................................................


WIND (MPH)
  HIGHEST WIND SPEED    18   HIGHEST WIND DIRECTION     S (180)
  HIGHEST GUST SPEED    23   HIGHEST GUST DIRECTION     S (180)
  AVERAGE WIND SPEED    11.9


SKY COVER
  AVERAGE SKY COVER 1.0


WEATHER CONDITIONS
 THE FOLLOWING WEATHER WAS RECORDED YESTERDAY.
  LIGHT RAIN
  FOG
  FOG W/VISIBILITY <= 1/4 MILE


RELATIVE HUMIDITY (PERCENT)
 HIGHEST   100           100 AM
 LOWEST     93           900 PM
 AVERAGE    97

..........................................................


THE WICHITA EISENHOWER NATIONAL CLIMATE NORMALS FOR TODAY
                         NORMAL    RECORD    YEAR
 MAXIMUM TEMPERATURE (F)   57        77      2016
                                             1952
 MINIMUM TEMPERATURE (F)   35        10      1940


SUNRISE AND SUNSET
NOVEMBER 15 2017......SUNRISE   710 AM CST   SUNSET   518 PM CST
NOVEMBER 16 2017......SUNRISE   711 AM CST   SUNSET   518 PM CST


-  INDICATES NEGATIVE NUMBERS.
R  INDICATES RECORD WAS SET OR TIED.
MM INDICATES DATA IS MISSING.
T  INDICATES TRACE AMOUNT.

$$
