000
CDUS43 KICT 170629
CLIICT


CLIMATE REPORT
NATIONAL WEATHER SERVICE WICHITA KS
128 AM CDT THU JUL 17 2014


...................................

...THE WICHITA MID CONTINENT KS CLIMATE SUMMARY FOR JULY 16 2014...

CLIMATE NORMAL PERIOD 1981 TO 2010
CLIMATE RECORD PERIOD 1888 TO 2014


WEATHER ITEM   OBSERVED TIME   RECORD YEAR NORMAL DEPARTURE LAST
                VALUE   (LST)  VALUE       VALUE  FROM      YEAR
                                                  NORMAL
..................................................................
TEMPERATURE (F)
 YESTERDAY
  MAXIMUM         68   1126 AM 110    1980  93    -25       90
  MINIMUM         60   1056 PM  57    1906  70    -10       66
  AVERAGE         64                        81    -17       78

PRECIPITATION (IN)
  YESTERDAY        0.04          2.46 1950   0.10  -0.06      T
  MONTH TO DATE    2.69                      1.90   0.79     1.31
  SINCE JUN 1     13.15                      7.10   6.05     3.14
  SINCE JAN 1     19.22                     18.96   0.26    17.16

SNOWFALL (IN)
  YESTERDAY        0.0           0.0  2007   0.0    0.0      0.0
  MONTH TO DATE    0.0                       0.0    0.0      0.0
  SINCE JUN 1      0.0                       0.0    0.0      0.0
  SINCE JUL 1      0.0                       0.0    0.0      0.0
  SNOW DEPTH       0

DEGREE DAYS
 HEATING
  YESTERDAY        1                         0      1        0
  MONTH TO DATE    1                         0      1        0
  SINCE JUN 1      1                         6     -5        3
  SINCE JUL 1      1                         0      1        0

 COOLING
  YESTERDAY        0                        16    -16       13
  MONTH TO DATE  187                       251    -64      258
  SINCE JUN 1    529                       580    -51      660
  SINCE JAN 1    796                       716     80      798
..................................................................


WIND (MPH)
  HIGHEST WIND SPEED    17   HIGHEST WIND DIRECTION     S (190)
  HIGHEST GUST SPEED    20   HIGHEST GUST DIRECTION     S (190)
  AVERAGE WIND SPEED     7.2


SKY COVER
  POSSIBLE SUNSHINE  MM
  AVERAGE SKY COVER 0.9


WEATHER CONDITIONS
 THE FOLLOWING WEATHER WAS RECORDED YESTERDAY.
  LIGHT RAIN
  FOG


RELATIVE HUMIDITY (PERCENT)
 HIGHEST    93           300 PM
 LOWEST     58           100 AM
 AVERAGE    76

..........................................................


THE WICHITA MID CONTINENT KS CLIMATE NORMALS FOR TODAY
                         NORMAL    RECORD    YEAR
 MAXIMUM TEMPERATURE (F)   93       110      1980
                                             1936
 MINIMUM TEMPERATURE (F)   70        57      1900


SUNRISE AND SUNSET
JULY 17 2014..........SUNRISE   622 AM CDT   SUNSET   850 PM CDT
JULY 18 2014..........SUNRISE   622 AM CDT   SUNSET   849 PM CDT


-  INDICATES NEGATIVE NUMBERS.
R  INDICATES RECORD WAS SET OR TIED.
MM INDICATES DATA IS MISSING.
T  INDICATES TRACE AMOUNT.




$$
