000
CDUS43 KICT 250621
CLIICT

CLIMATE REPORT
NATIONAL WEATHER SERVICE WICHITA KS
120 AM CDT MON APR 25 2016


...................................

...THE WICHITA EISENHOWER NATIONAL CLIMATE SUMMARY FOR APRIL 24 2016...

CLIMATE NORMAL PERIOD 1981 TO 2010
CLIMATE RECORD PERIOD 1888 TO 2016


WEATHER ITEM   OBSERVED TIME   RECORD YEAR NORMAL DEPARTURE LAST
                VALUE   (LST)  VALUE       VALUE  FROM      YEAR
                                                  NORMAL
..................................................................
TEMPERATURE (F)
 YESTERDAY
  MAXIMUM         82    204 PM  90    1989  70     12       79
                                      1893
  MINIMUM         60    600 AM  25    2013  48     12       57
  AVERAGE         71                        59     12       68

PRECIPITATION (IN)
  YESTERDAY        0.00          1.25 1942   0.10  -0.10     0.01
  MONTH TO DATE    2.75                      1.95   0.80     2.62
  SINCE MAR 1      4.28                      4.64  -0.36     2.90
  SINCE JAN 1      5.02                      6.65  -1.63     4.67

SNOWFALL (IN)
  YESTERDAY        0.0           0.0  2007   0.0    0.0      0.0
  MONTH TO DATE    0.0                       0.2   -0.2      0.0
  SINCE MAR 1      3.5                       2.5    1.0      1.1
  SINCE JUL 1      4.3                      14.9  -10.6     18.0
  SNOW DEPTH       0

DEGREE DAYS
 HEATING
  YESTERDAY        0                         7     -7        0
  MONTH TO DATE  136                       253   -117      134
  SINCE MAR 1    525                       830   -305      608
  SINCE JUL 1   3375                      4470  -1095     4173

 COOLING
  YESTERDAY        6                         1      5        3
  MONTH TO DATE   18                        17      1       28
  SINCE MAR 1     25                        19      6       28
  SINCE JAN 1     25                        19      6       28
..................................................................


WIND (MPH)
  HIGHEST WIND SPEED    37   HIGHEST WIND DIRECTION     S (180)
  HIGHEST GUST SPEED    47   HIGHEST GUST DIRECTION     S (180)
  AVERAGE WIND SPEED    21.5


SKY COVER
  POSSIBLE SUNSHINE  MM
  AVERAGE SKY COVER 0.5


WEATHER CONDITIONS
 THE FOLLOWING WEATHER WAS RECORDED YESTERDAY.
  NO SIGNIFICANT WEATHER WAS OBSERVED.


RELATIVE HUMIDITY (PERCENT)
 HIGHEST    73          1100 PM
 LOWEST     45           100 PM
 AVERAGE    59

..........................................................


THE WICHITA EISENHOWER NATIONAL CLIMATE NORMALS FOR TODAY
                         NORMAL    RECORD    YEAR
 MAXIMUM TEMPERATURE (F)   71        95      2012
 MINIMUM TEMPERATURE (F)   48        33      2013


SUNRISE AND SUNSET
APRIL 25 2016.........SUNRISE   641 AM CDT   SUNSET   815 PM CDT
APRIL 26 2016.........SUNRISE   639 AM CDT   SUNSET   816 PM CDT


-  INDICATES NEGATIVE NUMBERS.
R  INDICATES RECORD WAS SET OR TIED.
MM INDICATES DATA IS MISSING.
T  INDICATES TRACE AMOUNT.




$$
