000
CDUS43 KICT 250652
CLIICT


CLIMATE REPORT
NATIONAL WEATHER SERVICE WICHITA KS
152 AM CDT FRI JUL 25 2014


...................................

...THE WICHITA MID CONTINENT KS CLIMATE SUMMARY FOR JULY 24 2014...

CLIMATE NORMAL PERIOD 1981 TO 2010
CLIMATE RECORD PERIOD 1888 TO 2014


WEATHER ITEM   OBSERVED TIME   RECORD YEAR NORMAL DEPARTURE LAST
                VALUE   (LST)  VALUE       VALUE  FROM      YEAR
                                                  NORMAL
..................................................................
TEMPERATURE (F)
 YESTERDAY
  MAXIMUM         90    506 PM 109    1981  93     -3       89
                                      1936
  MINIMUM         69    551 AM  58    1911  70     -1       69
  AVERAGE         80                        81     -1       79

PRECIPITATION (IN)
  YESTERDAY        0.00          1.42 1969   0.09  -0.09      T
  MONTH TO DATE    2.86                      2.66   0.20     3.63
  SINCE JUN 1     13.32                      7.86   5.46     5.46
  SINCE JAN 1     19.39                     19.72  -0.33    19.48

SNOWFALL (IN)
  YESTERDAY        0.0           0.0  2007   0.0    0.0      0.0
  MONTH TO DATE    0.0                       0.0    0.0      0.0
  SINCE JUN 1      0.0                       0.0    0.0      0.0
  SINCE JUL 1      0.0                       0.0    0.0      0.0
  SNOW DEPTH       0

DEGREE DAYS
 HEATING
  YESTERDAY        0                         0      0        0
  MONTH TO DATE    1                         0      1        0
  SINCE JUN 1      1                         6     -5        3
  SINCE JUL 1      1                         0      1        0

 COOLING
  YESTERDAY       15                        16     -1       14
  MONTH TO DATE  283                       379    -96      389
  SINCE JUN 1    625                       708    -83      791
  SINCE JAN 1    892                       844     48      929
..................................................................


WIND (MPH)
  HIGHEST WIND SPEED    21   HIGHEST WIND DIRECTION     S (160)
  HIGHEST GUST SPEED    26   HIGHEST GUST DIRECTION    SE (130)
  AVERAGE WIND SPEED    11.7


SKY COVER
  POSSIBLE SUNSHINE  MM
  AVERAGE SKY COVER 0.2


WEATHER CONDITIONS
 THE FOLLOWING WEATHER WAS RECORDED YESTERDAY.
  NO SIGNIFICANT WEATHER WAS OBSERVED.


RELATIVE HUMIDITY (PERCENT)
 HIGHEST    84           400 AM
 LOWEST     50           100 PM
 AVERAGE    67

..........................................................


THE WICHITA MID CONTINENT KS CLIMATE NORMALS FOR TODAY
                         NORMAL    RECORD    YEAR
 MAXIMUM TEMPERATURE (F)   93       108      2012
 MINIMUM TEMPERATURE (F)   70        58      1890


SUNRISE AND SUNSET
JULY 25 2014..........SUNRISE   628 AM CDT   SUNSET   844 PM CDT
JULY 26 2014..........SUNRISE   629 AM CDT   SUNSET   843 PM CDT


-  INDICATES NEGATIVE NUMBERS.
R  INDICATES RECORD WAS SET OR TIED.
MM INDICATES DATA IS MISSING.
T  INDICATES TRACE AMOUNT.




$$
