000
CDUS43 KICT 142209
CLIICT


CLIMATE REPORT
NATIONAL WEATHER SERVICE WICHITA KS
509 PM CDT SAT MAY 14 2016


...................................

...THE WICHITA EISENHOWER NATIONAL CLIMATE SUMMARY FOR MAY 14 2016...
VALID TODAY AS OF 0500 PM LOCAL TIME.

CLIMATE NORMAL PERIOD 1981 TO 2010
CLIMATE RECORD PERIOD 1888 TO 2016


WEATHER ITEM   OBSERVED TIME   RECORD YEAR NORMAL DEPARTURE LAST
                VALUE   (LST)  VALUE       VALUE  FROM      YEAR
                                                  NORMAL
..................................................................
TEMPERATURE (F)
 TODAY
  MAXIMUM         62    214 PM  93    1895  76    -14       78
  MINIMUM         46    646 AM  37    1953  55     -9       58
                                      1907
  AVERAGE         54                        65    -11       68

PRECIPITATION (IN)
  TODAY            0.00          1.61 1934   0.15  -0.15      T
  MONTH TO DATE    0.45                      1.92  -1.47     3.81
  SINCE MAR 1      8.21                      7.20   1.01     6.71
  SINCE JAN 1      8.95                      9.21  -0.26     8.48

SNOWFALL (IN)
  TODAY            0.0           0.0  2007   0.0    0.0      0.0
                                      2001
  MONTH TO DATE    0.0                       0.0    0.0      0.0
  SINCE MAR 1      3.5                       2.5    1.0      1.1
  SINCE JUL 1      4.3                      14.9  -10.6     18.0
  SNOW DEPTH       0

DEGREE DAYS
 HEATING
  TODAY           11                         3      8        0
  MONTH TO DATE   50                        53     -3       30
  SINCE MAR 1    613                       921   -308      667
  SINCE JUL 1   3463                      4561  -1098     4232

 COOLING
  TODAY            0                         3     -3        3
  MONTH TO DATE   19                        30    -11       43
  SINCE MAR 1     56                        56      0       71
  SINCE JAN 1     56                        56      0       71
..................................................................


WIND (MPH)
  HIGHEST WIND SPEED    25   HIGHEST WIND DIRECTION     N (10)
  HIGHEST GUST SPEED    34   HIGHEST GUST DIRECTION     N (10)
  AVERAGE WIND SPEED    15.3


SKY COVER
  POSSIBLE SUNSHINE  MM
  AVERAGE SKY COVER 0.5


WEATHER CONDITIONS
 THE FOLLOWING WEATHER WAS RECORDED TODAY.
  NO SIGNIFICANT WEATHER WAS OBSERVED.


RELATIVE HUMIDITY (PERCENT)
 HIGHEST    61           200 AM
 LOWEST     32          1100 AM
 AVERAGE    47

..........................................................


THE WICHITA EISENHOWER NATIONAL CLIMATE NORMALS FOR TOMORROW
                         NORMAL    RECORD    YEAR
 MAXIMUM TEMPERATURE (F)   76        92      1966
                                             1963
 MINIMUM TEMPERATURE (F)   55        33      1907


SUNRISE AND SUNSET
MAY 14 2016...........SUNRISE   621 AM CDT   SUNSET   832 PM CDT
MAY 15 2016...........SUNRISE   620 AM CDT   SUNSET   833 PM CDT


-  INDICATES NEGATIVE NUMBERS.
R  INDICATES RECORD WAS SET OR TIED.
MM INDICATES DATA IS MISSING.
T  INDICATES TRACE AMOUNT.




$$
