000
CDUS43 KICT 230625
CLIICT


CLIMATE REPORT
NATIONAL WEATHER SERVICE WICHITA KS
125 AM CDT SAT JUL 23 2016


...................................

...THE WICHITA EISENHOWER NATIONAL CLIMATE SUMMARY FOR JULY 22 2016...

CLIMATE NORMAL PERIOD 1981 TO 2010
CLIMATE RECORD PERIOD 1888 TO 2016


WEATHER ITEM   OBSERVED TIME   RECORD YEAR NORMAL DEPARTURE LAST
                VALUE   (LST)  VALUE       VALUE  FROM      YEAR
                                                  NORMAL
..................................................................
TEMPERATURE (F)
 YESTERDAY
  MAXIMUM        105    414 PM 107    2001  93     12       87
                                      1981
                                      1954
  MINIMUM         75    423 AM  53    1970  70      5       70
  AVERAGE         90                        81      9       79

PRECIPITATION (IN)
  YESTERDAY        0.00          0.94 1973   0.10  -0.10     0.00
  MONTH TO DATE    8.40                      2.48   5.92     5.60
  SINCE JUN 1     11.23                      7.68   3.55     7.80
  SINCE JAN 1     26.79                     19.54   7.25    24.24

SNOWFALL (IN)
  YESTERDAY        0.0           0.0  2007   0.0    0.0      0.0
  MONTH TO DATE    0.0                       0.0    0.0      0.0
  SINCE JUN 1      0.0                       0.0    0.0      0.0
  SINCE JUL 1      0.0                       0.0    0.0      0.0
  SNOW DEPTH       0

DEGREE DAYS
 HEATING
  YESTERDAY        0                         0      0        0
  MONTH TO DATE    0                         0      0        0
  SINCE JUN 1      0                         6     -6        0
  SINCE JUL 1      0                         0      0        0

 COOLING
  YESTERDAY       25                        16      9       14
  MONTH TO DATE  418                       347     71      364
  SINCE JUN 1    904                       676    228      823
  SINCE JAN 1   1034                       812    222      936
..................................................................


WIND (MPH)
  HIGHEST WIND SPEED    23   HIGHEST WIND DIRECTION     S (180)
  HIGHEST GUST SPEED    28   HIGHEST GUST DIRECTION     S (190)
  AVERAGE WIND SPEED    12.7


SKY COVER
  POSSIBLE SUNSHINE  MM
  AVERAGE SKY COVER 0.2


WEATHER CONDITIONS
 THE FOLLOWING WEATHER WAS RECORDED YESTERDAY.
  NO SIGNIFICANT WEATHER WAS OBSERVED.


RELATIVE HUMIDITY (PERCENT)
 HIGHEST    82           500 AM
 LOWEST     24           500 PM
 AVERAGE    53

..........................................................


THE WICHITA EISENHOWER NATIONAL CLIMATE NORMALS FOR TODAY
                         NORMAL    RECORD    YEAR
 MAXIMUM TEMPERATURE (F)   93       109      1936
 MINIMUM TEMPERATURE (F)   70        55      1970


SUNRISE AND SUNSET
JULY 23 2016..........SUNRISE   627 AM CDT   SUNSET   845 PM CDT
JULY 24 2016..........SUNRISE   627 AM CDT   SUNSET   845 PM CDT


-  INDICATES NEGATIVE NUMBERS.
R  INDICATES RECORD WAS SET OR TIED.
MM INDICATES DATA IS MISSING.
T  INDICATES TRACE AMOUNT.




$$
