000
CDUS43 KICT 220713
CLIICT


CLIMATE REPORT
NATIONAL WEATHER SERVICE WICHITA KS
213 AM CDT SUN MAR 22 2015


...................................

...THE WICHITA EISENHOWER NATIONAL CLIMATE SUMMARY FOR MARCH 21 2015...

CLIMATE NORMAL PERIOD 1981 TO 2010
CLIMATE RECORD PERIOD 1888 TO 2015


WEATHER ITEM   OBSERVED TIME   RECORD YEAR NORMAL DEPARTURE LAST
                VALUE   (LST)  VALUE       VALUE  FROM      YEAR
                                                  NORMAL
..................................................................
TEMPERATURE (F)
 YESTERDAY
  MAXIMUM         71    431 PM  92    1916  60     11       67
  MINIMUM         33    606 AM  10    1974  37     -4       46
                                      1913
  AVERAGE         52                        48      4       57

PRECIPITATION (IN)
  YESTERDAY        0.00          1.69 1944   0.09  -0.09     0.00
  MONTH TO DATE    0.22                      1.72  -1.50     0.45
  SINCE MAR 1      0.22                      1.72  -1.50     0.45
  SINCE JAN 1      1.99                      3.73  -1.74     1.44

SNOWFALL (IN)
  YESTERDAY        0.0           4.0  1932   0.1   -0.1      0.0
  MONTH TO DATE    1.1                       1.7   -0.6      3.2
  SINCE MAR 1      1.1                       1.7   -0.6      3.2
  SINCE JUL 1     18.0                      14.1    3.9     22.7
  SNOW DEPTH       0

DEGREE DAYS
 HEATING
  YESTERDAY       13                        17     -4        8
  MONTH TO DATE  388                       422    -34      503
  SINCE MAR 1    388                       422    -34      503
  SINCE JUL 1   3953                      4062   -109     4422

 COOLING
  YESTERDAY        0                         0      0        0
  MONTH TO DATE    0                         0      0        0
  SINCE MAR 1      0                         0      0        0
  SINCE JAN 1      0                         0      0        0
..................................................................


WIND (MPH)
  HIGHEST WIND SPEED    16   HIGHEST WIND DIRECTION     S (170)
  HIGHEST GUST SPEED    23   HIGHEST GUST DIRECTION     S (190)
  AVERAGE WIND SPEED     5.8


SKY COVER
  POSSIBLE SUNSHINE  MM
  AVERAGE SKY COVER 0.4


WEATHER CONDITIONS
 THE FOLLOWING WEATHER WAS RECORDED YESTERDAY.
  FOG


RELATIVE HUMIDITY (PERCENT)
 HIGHEST    96           600 AM
 LOWEST     22           400 PM
 AVERAGE    59

..........................................................


THE WICHITA EISENHOWER NATIONAL CLIMATE NORMALS FOR TODAY
                         NORMAL    RECORD    YEAR
 MAXIMUM TEMPERATURE (F)   60        92      1907
 MINIMUM TEMPERATURE (F)   37        12      2002


SUNRISE AND SUNSET
MARCH 22 2015.........SUNRISE   731 AM CDT   SUNSET   743 PM CDT
MARCH 23 2015.........SUNRISE   729 AM CDT   SUNSET   744 PM CDT


-  INDICATES NEGATIVE NUMBERS.
R  INDICATES RECORD WAS SET OR TIED.
MM INDICATES DATA IS MISSING.
T  INDICATES TRACE AMOUNT.




$$
