000
CDUS43 KICT 090623
CLIICT


CLIMATE REPORT
NATIONAL WEATHER SERVICE WICHITA KS
1223 AM CST THU FEB 9 2017


...................................

...THE WICHITA EISENHOWER NATIONAL CLIMATE SUMMARY FOR FEBRUARY 8 2017...

CLIMATE NORMAL PERIOD 1981 TO 2010
CLIMATE RECORD PERIOD 1888 TO 2017


WEATHER ITEM   OBSERVED TIME   RECORD YEAR NORMAL DEPARTURE LAST
                VALUE   (LST)  VALUE       VALUE  FROM      YEAR
                                                  NORMAL
..................................................................
TEMPERATURE (F)
 YESTERDAY
  MAXIMUM         37    318 PM  74    2015  46     -9       46
  MINIMUM         24   1145 PM -12    1933  24      0       32
  AVERAGE         31                        35     -4       39

PRECIPITATION (IN)
  YESTERDAY        0.00          1.04 1966   0.04  -0.04     0.00
  MONTH TO DATE    T                         0.28  -0.28     0.55
  SINCE DEC 1      3.45                      2.31   1.14     2.96
  SINCE JAN 1      2.79                      1.11   1.68     0.74

SNOWFALL (IN)
  YESTERDAY        0.0           6.8  2011   0.1   -0.1      0.0
  MONTH TO DATE    0.0                       1.1   -1.1      0.0
  SINCE DEC 1      2.0                       8.9   -6.9      0.5
  SINCE JUL 1      2.0                      10.3   -8.3      0.8
  SNOW DEPTH       0

DEGREE DAYS
 HEATING
  YESTERDAY       34                        30      4       26
  MONTH TO DATE  201                       244    -43      209
  SINCE DEC 1   2060                      2228   -168     1891
  SINCE JUL 1   2513                      3104   -591     2460

 COOLING
  YESTERDAY        0                         0      0        0
  MONTH TO DATE    0                         0      0        0
  SINCE DEC 1      0                         0      0        0
  SINCE JAN 1      0                         0      0        0
..................................................................


WIND (MPH)
  HIGHEST WIND SPEED    25   HIGHEST WIND DIRECTION     N (10)
  HIGHEST GUST SPEED    37   HIGHEST GUST DIRECTION     N (20)
  AVERAGE WIND SPEED    15.5


SKY COVER
  POSSIBLE SUNSHINE  MM
  AVERAGE SKY COVER 0.5


WEATHER CONDITIONS
 THE FOLLOWING WEATHER WAS RECORDED YESTERDAY.
  NO SIGNIFICANT WEATHER WAS OBSERVED.


RELATIVE HUMIDITY (PERCENT)
 HIGHEST    75           300 AM
 LOWEST     44           300 PM
 AVERAGE    60

..........................................................


THE WICHITA EISENHOWER NATIONAL CLIMATE NORMALS FOR TODAY
                         NORMAL    RECORD    YEAR
 MAXIMUM TEMPERATURE (F)   47        84      1976
 MINIMUM TEMPERATURE (F)   24        -9      2011
                                             1899


SUNRISE AND SUNSET
FEBRUARY  9 2017......SUNRISE   725 AM CST   SUNSET   603 PM CST
FEBRUARY 10 2017......SUNRISE   724 AM CST   SUNSET   604 PM CST


-  INDICATES NEGATIVE NUMBERS.
R  INDICATES RECORD WAS SET OR TIED.
MM INDICATES DATA IS MISSING.
T  INDICATES TRACE AMOUNT.




$$
