000
CDUS43 KICT 240640
CLIICT

CLIMATE REPORT
NATIONAL WEATHER SERVICE WICHITA KS
140 AM CDT WED SEP 24 2014

...................................

...THE WICHITA MID CONTINENT KS CLIMATE SUMMARY FOR SEPTEMBER 23 2014...

CLIMATE NORMAL PERIOD 1981 TO 2010
CLIMATE RECORD PERIOD 1888 TO 2014


WEATHER ITEM   OBSERVED TIME   RECORD YEAR NORMAL DEPARTURE LAST
                VALUE   (LST)  VALUE       VALUE  FROM      YEAR
                                                  NORMAL
..................................................................
TEMPERATURE (F)
 YESTERDAY
  MAXIMUM         83    105 PM  96    1933  79      4       82
                                      1926
  MINIMUM         58    606 AM  36    1995  56      2       55
  AVERAGE         71                        68      3       69

PRECIPITATION (IN)
  YESTERDAY        0.14          4.02 1945   0.10   0.04     0.00
  MONTH TO DATE    0.31                      2.44  -2.13     1.58
  SINCE SEP 1      0.31                      2.44  -2.13     1.58
  SINCE JAN 1     22.29                     26.53  -4.24    35.75

SNOWFALL (IN)
  YESTERDAY        0.0           0.0  2007   0.0    0.0      0.0
  MONTH TO DATE    0.0                       0.0    0.0      0.0
  SINCE SEP 1      0.0                       0.0    0.0      0.0
  SINCE JUL 1      0.0                       0.0    0.0      0.0
  SNOW DEPTH       0

DEGREE DAYS
 HEATING
  YESTERDAY        0                         2     -2        0
  MONTH TO DATE   20                        18      2        0
  SINCE SEP 1     20                        18      2        0
  SINCE JUL 1     21                        19      2        1

 COOLING
  YESTERDAY        6                         5      1        4
  MONTH TO DATE  220                       192     28      279
  SINCE SEP 1    220                       192     28      279
  SINCE JAN 1   1716                      1619     97     1692
..................................................................


WIND (MPH)
  HIGHEST WIND SPEED    25   HIGHEST WIND DIRECTION     S (170)
  HIGHEST GUST SPEED    35   HIGHEST GUST DIRECTION    SE (150)
  AVERAGE WIND SPEED    14.8


SKY COVER
  POSSIBLE SUNSHINE  MM
  AVERAGE SKY COVER 0.8


WEATHER CONDITIONS
 THE FOLLOWING WEATHER WAS RECORDED YESTERDAY.
  THUNDERSTORM
  HEAVY RAIN
  LIGHT RAIN


RELATIVE HUMIDITY (PERCENT)
 HIGHEST    80           400 AM
 LOWEST     34           100 PM
 AVERAGE    57

..........................................................


THE WICHITA MID CONTINENT KS CLIMATE NORMALS FOR TODAY
                         NORMAL    RECORD    YEAR
 MAXIMUM TEMPERATURE (F)   79        96      1898
 MINIMUM TEMPERATURE (F)   56        34      1989


SUNRISE AND SUNSET
SEPTEMBER 24 2014.....SUNRISE   719 AM CDT   SUNSET   723 PM CDT
SEPTEMBER 25 2014.....SUNRISE   720 AM CDT   SUNSET   722 PM CDT


-  INDICATES NEGATIVE NUMBERS.
R  INDICATES RECORD WAS SET OR TIED.
MM INDICATES DATA IS MISSING.
T  INDICATES TRACE AMOUNT.

$$

ES
