000
CDUS43 KICT 130638
CLIICT


CLIMATE REPORT
NATIONAL WEATHER SERVICE WICHITA KS
1231 AM CST FRI JAN 13 2017


...................................

...THE WICHITA EISENHOWER NATIONAL CLIMATE SUMMARY FOR JANUARY 12 2017...

CLIMATE NORMAL PERIOD 1981 TO 2010
CLIMATE RECORD PERIOD 1888 TO 2017


WEATHER ITEM   OBSERVED TIME   RECORD YEAR NORMAL DEPARTURE LAST
                VALUE   (LST)  VALUE       VALUE  FROM      YEAR
                                                  NORMAL
..................................................................
TEMPERATURE (F)
 YESTERDAY
  MAXIMUM         33    326 PM  70    2014  42     -9       45
  MINIMUM         16    744 AM -15    1912  22     -6       24
  AVERAGE         25                        32     -7       35

PRECIPITATION (IN)
  YESTERDAY        0.00          0.50 1890   0.02  -0.02     0.00
  MONTH TO DATE    0.05                      0.28  -0.23     0.18
  SINCE DEC 1      0.71                      1.48  -0.77     2.40
  SINCE JAN 1      0.05                      0.28  -0.23     0.18

SNOWFALL (IN)
  YESTERDAY        0.0           4.5  1890   0.1   -0.1      0.0
  MONTH TO DATE    T                         1.3   -1.3      0.1
  SINCE DEC 1      2.0                       5.5   -3.5      0.5
  SINCE JUL 1      2.0                       6.9   -4.9      0.8
  SNOW DEPTH       0

DEGREE DAYS
 HEATING
  YESTERDAY       40                        33      7       30
  MONTH TO DATE  402                       396      6      395
  SINCE DEC 1   1389                      1363     26     1125
  SINCE JUL 1   1842                      2239   -397     1694

 COOLING
  YESTERDAY        0                         0      0        0
  MONTH TO DATE    0                         0      0        0
  SINCE DEC 1      0                         0      0        0
  SINCE JAN 1      0                         0      0        0
..................................................................


WIND (MPH)
  HIGHEST WIND SPEED    24   HIGHEST WIND DIRECTION     N (350)
  HIGHEST GUST SPEED    29   HIGHEST GUST DIRECTION     N (350)
  AVERAGE WIND SPEED    13.7


SKY COVER
  POSSIBLE SUNSHINE  MM
  AVERAGE SKY COVER 0.6


WEATHER CONDITIONS
 THE FOLLOWING WEATHER WAS RECORDED YESTERDAY.
  NO SIGNIFICANT WEATHER WAS OBSERVED.


RELATIVE HUMIDITY (PERCENT)
 HIGHEST    74          1200 AM
 LOWEST     36           400 PM
 AVERAGE    55

..........................................................


THE WICHITA EISENHOWER NATIONAL CLIMATE NORMALS FOR TODAY
                         NORMAL    RECORD    YEAR
 MAXIMUM TEMPERATURE (F)   42        70      1996
 MINIMUM TEMPERATURE (F)   22       -11      1916


SUNRISE AND SUNSET
JANUARY 13 2017.......SUNRISE   744 AM CST   SUNSET   533 PM CST
JANUARY 14 2017.......SUNRISE   744 AM CST   SUNSET   534 PM CST


-  INDICATES NEGATIVE NUMBERS.
R  INDICATES RECORD WAS SET OR TIED.
MM INDICATES DATA IS MISSING.
T  INDICATES TRACE AMOUNT.




$$
