000
CDUS43 KICT 122210
CLIICT


CLIMATE REPORT
NATIONAL WEATHER SERVICE WICHITA KS
510 PM CDT SUN MAR 12 2017


...................................

...THE WICHITA EISENHOWER NATIONAL CLIMATE SUMMARY FOR MARCH 12 2017...
VALID TODAY AS OF 0500 PM LOCAL TIME.

CLIMATE NORMAL PERIOD 1981 TO 2010
CLIMATE RECORD PERIOD 1888 TO 2017


WEATHER ITEM   OBSERVED TIME   RECORD YEAR NORMAL DEPARTURE LAST
                VALUE   (LST)  VALUE       VALUE  FROM      YEAR
                                                  NORMAL
..................................................................
TEMPERATURE (F)
 TODAY
  MAXIMUM         43    313 PM  85    1916  57    -14       62
                                      1900
  MINIMUM         28    813 AM   6    1948  34     -6       51
  AVERAGE         36                        45     -9       57

PRECIPITATION (IN)
  TODAY            0.00          2.31 1947   0.08  -0.08     0.06
  MONTH TO DATE    0.00                      0.90  -0.90     0.11
  SINCE MAR 1      0.00                      0.90  -0.90     0.11
  SINCE JAN 1      3.62                      2.91   0.71     0.85

SNOWFALL (IN)
  TODAY            0.0           5.9  1999   0.1   -0.1      0.0
  MONTH TO DATE    0.0                       1.0   -1.0      0.0
  SINCE MAR 1      0.0                       1.0   -1.0      0.0
  SINCE JUL 1      2.0                      13.4  -11.4      0.8
  SNOW DEPTH       0

DEGREE DAYS
 HEATING
  TODAY           29                        20      9        8
  MONTH TO DATE  197                       258    -61      129
  SINCE MAR 1    197                       258    -61      129
  SINCE JUL 1   3041                      3898   -857     2979

 COOLING
  TODAY            0                         0      0        0
  MONTH TO DATE    0                         0      0        3
  SINCE MAR 1      0                         0      0        3
  SINCE JAN 1      0                         0      0        3
..................................................................


WIND (MPH)
  HIGHEST WIND SPEED    28   HIGHEST WIND DIRECTION     S (180)
  HIGHEST GUST SPEED    33   HIGHEST GUST DIRECTION     S (180)
  AVERAGE WIND SPEED    11.0


SKY COVER
  POSSIBLE SUNSHINE  MM
  AVERAGE SKY COVER 0.9


WEATHER CONDITIONS
 THE FOLLOWING WEATHER WAS RECORDED TODAY.
  FOG


RELATIVE HUMIDITY (PERCENT)
 HIGHEST    92           500 AM
 LOWEST     65           300 PM
 AVERAGE    79

..........................................................


THE WICHITA EISENHOWER NATIONAL CLIMATE NORMALS FOR TOMORROW
                         NORMAL    RECORD    YEAR
 MAXIMUM TEMPERATURE (F)   57        84      1916
 MINIMUM TEMPERATURE (F)   34        11      1950


SUNRISE AND SUNSET
MARCH 12 2017.........SUNRISE   745 AM CDT   SUNSET   734 PM CDT
MARCH 13 2017.........SUNRISE   743 AM CDT   SUNSET   735 PM CDT


-  INDICATES NEGATIVE NUMBERS.
R  INDICATES RECORD WAS SET OR TIED.
MM INDICATES DATA IS MISSING.
T  INDICATES TRACE AMOUNT.




$$
