000
CDUS43 KICT 100700
CLIICT


CLIMATE REPORT
NATIONAL WEATHER SERVICE WICHITA KS
159 AM CDT WED SEP 10 2014


...................................

...THE WICHITA MID CONTINENT KS CLIMATE SUMMARY FOR SEPTEMBER 9 2014...

CLIMATE NORMAL PERIOD 1981 TO 2010
CLIMATE RECORD PERIOD 1888 TO 2014


WEATHER ITEM   OBSERVED TIME   RECORD YEAR NORMAL DEPARTURE LAST
                VALUE   (LST)  VALUE       VALUE  FROM      YEAR
                                                  NORMAL
..................................................................
TEMPERATURE (F)
 YESTERDAY
  MAXIMUM         99    212 PM 102    1970  86     13       97
  MINIMUM         73    640 AM  45    1962  63     10       67
  AVERAGE         86                        74     12       82

PRECIPITATION (IN)
  YESTERDAY        0.00          2.99 1930   0.11  -0.11     0.00
  MONTH TO DATE    0.14                      0.99  -0.85     0.01
  SINCE SEP 1      0.14                      0.99  -0.85     0.01
  SINCE JAN 1     22.12                     25.08  -2.96    34.18

SNOWFALL (IN)
  YESTERDAY        0.0           0.0  2007   0.0    0.0      0.0
  MONTH TO DATE    0.0                       0.0    0.0      0.0
  SINCE SEP 1      0.0                       0.0    0.0      0.0
  SINCE JUL 1      0.0                       0.0    0.0      0.0
  SNOW DEPTH       0

DEGREE DAYS
 HEATING
  YESTERDAY        0                         0      0        0
  MONTH TO DATE    0                         0      0        0
  SINCE SEP 1      0                         0      0        0
  SINCE JUL 1      1                         1      0        1

 COOLING
  YESTERDAY       21                         9     12       17
  MONTH TO DATE  116                        96     20      138
  SINCE SEP 1    116                        96     20      138
  SINCE JAN 1   1612                      1523     89     1551
..................................................................


WIND (MPH)
  HIGHEST WIND SPEED    37   HIGHEST WIND DIRECTION     S (190)
  HIGHEST GUST SPEED    47   HIGHEST GUST DIRECTION     S (190)
  AVERAGE WIND SPEED    21.2


SKY COVER
  POSSIBLE SUNSHINE  MM
  AVERAGE SKY COVER 0.5


WEATHER CONDITIONS
 THE FOLLOWING WEATHER WAS RECORDED YESTERDAY.
  NO SIGNIFICANT WEATHER WAS OBSERVED.


RELATIVE HUMIDITY (PERCENT)
 HIGHEST    87           700 AM
 LOWEST     29           300 PM
 AVERAGE    58

..........................................................


THE WICHITA MID CONTINENT KS CLIMATE NORMALS FOR TODAY
                         NORMAL    RECORD    YEAR
 MAXIMUM TEMPERATURE (F)   85       105      1984
 MINIMUM TEMPERATURE (F)   62        43      1907


SUNRISE AND SUNSET
SEPTEMBER 10 2014.....SUNRISE   707 AM CDT   SUNSET   745 PM CDT
SEPTEMBER 11 2014.....SUNRISE   708 AM CDT   SUNSET   744 PM CDT


-  INDICATES NEGATIVE NUMBERS.
R  INDICATES RECORD WAS SET OR TIED.
MM INDICATES DATA IS MISSING.
T  INDICATES TRACE AMOUNT.




$$

JMBW
