000
CDUS43 KICT 142205
CLIICT

CLIMATE REPORT
NATIONAL WEATHER SERVICE WICHITA KS
505 PM CDT SUN MAY 14 2017


...................................

...THE WICHITA EISENHOWER NATIONAL CLIMATE SUMMARY FOR MAY 14 2017...
VALID TODAY AS OF 0500 PM LOCAL TIME.

CLIMATE NORMAL PERIOD 1981 TO 2010
CLIMATE RECORD PERIOD 1888 TO 2017


WEATHER ITEM   OBSERVED TIME   RECORD YEAR NORMAL DEPARTURE LAST
                VALUE   (LST)  VALUE       VALUE  FROM      YEAR
                                                  NORMAL
..................................................................
TEMPERATURE (F)
 TODAY
  MAXIMUM         85    359 PM  93    1895  76      9       62
  MINIMUM         57    420 AM  37    1953  55      2       46
                                      1907
  AVERAGE         71                        65      6       54

PRECIPITATION (IN)
  TODAY            0.00          1.61 1934   0.15  -0.15     0.00
  MONTH TO DATE    3.31                      1.92   1.39     0.45
  SINCE MAR 1     14.09                      7.20   6.89     8.21
  SINCE JAN 1     17.71                      9.21   8.50     8.95

SNOWFALL (IN)
  TODAY            0.0           0.0  2007   0.0    0.0      0.0
                                      2001
  MONTH TO DATE    0.0                       0.0    0.0      0.0
  SINCE MAR 1      T                         2.5   -2.5      3.5
  SINCE JUL 1      2.0                      14.9  -12.9      4.3
  SNOW DEPTH       0

DEGREE DAYS
 HEATING
  TODAY            0                         3     -3       11
  MONTH TO DATE   45                        53     -8       50
  SINCE MAR 1    710                       921   -211      613
  SINCE JUL 1   3554                      4561  -1007     3463

 COOLING
  TODAY            6                         3      3        0
  MONTH TO DATE   27                        30     -3       19
  SINCE MAR 1     72                        56     16       56
  SINCE JAN 1     72                        56     16       56
..................................................................


WIND (MPH)
  HIGHEST WIND SPEED    26   HIGHEST WIND DIRECTION     S (180)
  HIGHEST GUST SPEED    33   HIGHEST GUST DIRECTION     S (190)
  AVERAGE WIND SPEED    17.6


SKY COVER
  POSSIBLE SUNSHINE  MM
  AVERAGE SKY COVER 0.2


WEATHER CONDITIONS
 THE FOLLOWING WEATHER WAS RECORDED TODAY.
  NO SIGNIFICANT WEATHER WAS OBSERVED.


RELATIVE HUMIDITY (PERCENT)
 HIGHEST    80           300 AM
 LOWEST     51           300 PM
 AVERAGE    66

..........................................................


THE WICHITA EISENHOWER NATIONAL CLIMATE NORMALS FOR TOMORROW
                         NORMAL    RECORD    YEAR
 MAXIMUM TEMPERATURE (F)   76        92      1966
                                             1963
 MINIMUM TEMPERATURE (F)   55        33      1907


SUNRISE AND SUNSET
MAY 14 2017...........SUNRISE   621 AM CDT   SUNSET   832 PM CDT
MAY 15 2017...........SUNRISE   620 AM CDT   SUNSET   833 PM CDT


-  INDICATES NEGATIVE NUMBERS.
R  INDICATES RECORD WAS SET OR TIED.
MM INDICATES DATA IS MISSING.
T  INDICATES TRACE AMOUNT.




$$
