000
CDUS43 KICT 050713
CLIICT


CLIMATE REPORT
NATIONAL WEATHER SERVICE WICHITA KS
110 AM CST THU JAN 5 2017


...................................

...THE WICHITA EISENHOWER NATIONAL CLIMATE SUMMARY FOR JANUARY 4 2017...

CLIMATE NORMAL PERIOD 1981 TO 2010
CLIMATE RECORD PERIOD 1888 TO 2017


WEATHER ITEM   OBSERVED TIME   RECORD YEAR NORMAL DEPARTURE LAST
                VALUE   (LST)  VALUE       VALUE  FROM      YEAR
                                                  NORMAL
..................................................................
TEMPERATURE (F)
 YESTERDAY
  MAXIMUM         30    405 PM  68    1916  41    -11       32
  MINIMUM         13    813 AM -10    1959  22     -9       21
  AVERAGE         22                        32    -10       27

PRECIPITATION (IN)
  YESTERDAY        T             1.82 2005   0.03  -0.03     0.00
  MONTH TO DATE    0.05                      0.10  -0.05     0.00
  SINCE DEC 1      0.71                      1.30  -0.59     2.22
  SINCE JAN 1      0.05                      0.10  -0.05     0.00

SNOWFALL (IN)
  YESTERDAY        T             2.2  1902   0.2   -0.2      0.0
  MONTH TO DATE    T                         0.5   -0.5      0.0
  SINCE DEC 1      2.0                       4.7   -2.7      0.4
  SINCE JUL 1      2.0                       6.1   -4.1      0.7
  SNOW DEPTH       0

DEGREE DAYS
 HEATING
  YESTERDAY       43                        33     10       38
  MONTH TO DATE  118                       132    -14      133
  SINCE DEC 1   1105                      1099      6      863
  SINCE JUL 1   1558                      1975   -417     1432

 COOLING
  YESTERDAY        0                         0      0        0
  MONTH TO DATE    0                         0      0        0
  SINCE DEC 1      0                         0      0        0
  SINCE JAN 1      0                         0      0        0
..................................................................


WIND (MPH)
  HIGHEST WIND SPEED    21   HIGHEST WIND DIRECTION     N (20)
  HIGHEST GUST SPEED    25   HIGHEST GUST DIRECTION     N (20)
  AVERAGE WIND SPEED    11.5


SKY COVER
  POSSIBLE SUNSHINE  MM
  AVERAGE SKY COVER 0.5


WEATHER CONDITIONS
 THE FOLLOWING WEATHER WAS RECORDED YESTERDAY.
  LIGHT SNOW


RELATIVE HUMIDITY (PERCENT)
 HIGHEST    67           300 AM
 LOWEST     31           200 PM
 AVERAGE    49

..........................................................


THE WICHITA EISENHOWER NATIONAL CLIMATE NORMALS FOR TODAY
                         NORMAL    RECORD    YEAR
 MAXIMUM TEMPERATURE (F)   42        68      1927
 MINIMUM TEMPERATURE (F)   22        -9      1924


SUNRISE AND SUNSET
JANUARY  5 2017.......SUNRISE   745 AM CST   SUNSET   526 PM CST
JANUARY  6 2017.......SUNRISE   745 AM CST   SUNSET   527 PM CST


-  INDICATES NEGATIVE NUMBERS.
R  INDICATES RECORD WAS SET OR TIED.
MM INDICATES DATA IS MISSING.
T  INDICATES TRACE AMOUNT.




$$
