000
CDUS43 KICT 092305
CLIICT


CLIMATE REPORT
NATIONAL WEATHER SERVICE WICHITA KS
504 PM CST THU FEB 9 2017


...................................

...THE WICHITA EISENHOWER NATIONAL CLIMATE SUMMARY FOR FEBRUARY 9 2017...
VALID TODAY AS OF 0500 PM LOCAL TIME.

CLIMATE NORMAL PERIOD 1981 TO 2010
CLIMATE RECORD PERIOD 1888 TO 2017


WEATHER ITEM   OBSERVED TIME   RECORD YEAR NORMAL DEPARTURE LAST
                VALUE   (LST)  VALUE       VALUE  FROM      YEAR
                                                  NORMAL
..................................................................
TEMPERATURE (F)
 TODAY
  MAXIMUM         45    459 PM  84    1976  47     -2       43
  MINIMUM         17    655 AM  -9    2011  24     -7       27
                                      1899
  AVERAGE         31                        35     -4       35

PRECIPITATION (IN)
  TODAY            0.00          1.59 1898   0.04  -0.04     0.00
  MONTH TO DATE    T                         0.32  -0.32     0.55
  SINCE DEC 1      3.45                      2.35   1.10     2.96
  SINCE JAN 1      2.79                      1.15   1.64     0.74

SNOWFALL (IN)
  TODAY            0.0           3.5  1986   0.2   -0.2      0.0
  MONTH TO DATE    0.0                       1.3   -1.3      0.0
  SINCE DEC 1      2.0                       9.1   -7.1      0.5
  SINCE JUL 1      2.0                      10.5   -8.5      0.8
  SNOW DEPTH       0

DEGREE DAYS
 HEATING
  TODAY           34                        30      4       30
  MONTH TO DATE  235                       274    -39      239
  SINCE DEC 1   2094                      2258   -164     1921
  SINCE JUL 1   2547                      3134   -587     2490

 COOLING
  TODAY            0                         0      0        0
  MONTH TO DATE    0                         0      0        0
  SINCE DEC 1      0                         0      0        0
  SINCE JAN 1      0                         0      0        0
..................................................................


WIND (MPH)
  HIGHEST WIND SPEED    23   HIGHEST WIND DIRECTION     S (160)
  HIGHEST GUST SPEED    27   HIGHEST GUST DIRECTION    SE (150)
  AVERAGE WIND SPEED     9.8


SKY COVER
  POSSIBLE SUNSHINE  MM
  AVERAGE SKY COVER 0.4


WEATHER CONDITIONS
 THE FOLLOWING WEATHER WAS RECORDED TODAY.
  NO SIGNIFICANT WEATHER WAS OBSERVED.


RELATIVE HUMIDITY (PERCENT)
 HIGHEST    80           600 AM
 LOWEST     34           200 PM
 AVERAGE    57

..........................................................


THE WICHITA EISENHOWER NATIONAL CLIMATE NORMALS FOR TOMORROW
                         NORMAL    RECORD    YEAR
 MAXIMUM TEMPERATURE (F)   47        76      1922
 MINIMUM TEMPERATURE (F)   25       -17      2011


SUNRISE AND SUNSET
FEBRUARY  9 2017......SUNRISE   725 AM CST   SUNSET   603 PM CST
FEBRUARY 10 2017......SUNRISE   724 AM CST   SUNSET   604 PM CST


-  INDICATES NEGATIVE NUMBERS.
R  INDICATES RECORD WAS SET OR TIED.
MM INDICATES DATA IS MISSING.
T  INDICATES TRACE AMOUNT.




$$
