135
CDUS43 KICT 142307
CLIICT

CLIMATE REPORT
NATIONAL WEATHER SERVICE WICHITA KS
505 PM CST SUN JAN 14 2018

...................................

...THE WICHITA EISENHOWER NATIONAL CLIMATE SUMMARY FOR JANUARY 14 2018...
VALID TODAY AS OF 500 PM LOCAL TIME.

CLIMATE NORMAL PERIOD 1981 TO 2010
CLIMATE RECORD PERIOD 1888 TO 2018


WEATHER ITEM   OBSERVED TIME   RECORD YEAR NORMAL DEPARTURE LAST
                VALUE   (LST)  VALUE       VALUE  FROM      YEAR
                                                  NORMAL
..................................................................
TEMPERATURE (F)
 TODAY
  MAXIMUM         47    436 PM  68    1928  42      5       36
  MINIMUM         22   1205 AM  -9    1905  22      0       27
  AVERAGE         35                        32      3       32

PRECIPITATION (IN)
  TODAY            T             0.70 1960   0.03  -0.03     0.29
  MONTH TO DATE    0.17                      0.33  -0.16     0.38
  SINCE DEC 1      0.20                      1.53  -1.33     1.04
  SINCE JAN 1      0.17                      0.33  -0.16     0.38

SNOWFALL (IN)
  TODAY            T             2.5  1962   0.1   -0.1      0.0
  MONTH TO DATE    T                         1.5   -1.5       T
  SINCE DEC 1      T                         5.7   -5.7      2.0
  SINCE JUL 1      T                         7.1   -7.1      2.0
  SNOW DEPTH       0

DEGREE DAYS
 HEATING
  TODAY           30                        33     -3       33
  MONTH TO DATE  497                       462     35      475
  SINCE DEC 1   1363                      1429    -66     1462
  SINCE JUL 1   2093                      2305   -212     1915

 COOLING
  TODAY            0                         0      0        0
  MONTH TO DATE    0                         0      0        0
  SINCE DEC 1      0                         0      0        0
  SINCE JAN 1      0                         0      0        0
..................................................................


WIND (MPH)
  HIGHEST WIND SPEED    17   HIGHEST WIND DIRECTION     S (200)
  HIGHEST GUST SPEED    21   HIGHEST GUST DIRECTION     S (190)
  AVERAGE WIND SPEED     8.5


SKY COVER
  AVERAGE SKY COVER 0.8


WEATHER CONDITIONS
 THE FOLLOWING WEATHER WAS RECORDED TODAY.
  LIGHT SNOW


RELATIVE HUMIDITY (PERCENT)
 HIGHEST    68          1200 AM
 LOWEST     41           100 PM
 AVERAGE    55

..........................................................


THE WICHITA EISENHOWER NATIONAL CLIMATE NORMALS FOR TOMORROW
                         NORMAL    RECORD    YEAR
 MAXIMUM TEMPERATURE (F)   42        68      1990
 MINIMUM TEMPERATURE (F)   22       -11      1905


SUNRISE AND SUNSET
JANUARY 14 2018.......SUNRISE   744 AM CST   SUNSET   534 PM CST
JANUARY 15 2018.......SUNRISE   743 AM CST   SUNSET   535 PM CST


-  INDICATES NEGATIVE NUMBERS.
R  INDICATES RECORD WAS SET OR TIED.
MM INDICATES DATA IS MISSING.
T  INDICATES TRACE AMOUNT.

$$
