000
CDUS43 KICT 250745
CLIICT


CLIMATE REPORT
NATIONAL WEATHER SERVICE WICHITA KS
145 AM CST WED FEB 25 2015


...................................

...THE WICHITA EISENHOWER NATIONAL CLIMATE SUMMARY FOR FEBRUARY 24 2015...

CLIMATE NORMAL PERIOD 1981 TO 2010
CLIMATE RECORD PERIOD 1888 TO 2015


WEATHER ITEM   OBSERVED TIME   RECORD YEAR NORMAL DEPARTURE LAST
                VALUE   (LST)  VALUE       VALUE  FROM      YEAR
                                                  NORMAL
..................................................................
TEMPERATURE (F)
 YESTERDAY
  MAXIMUM         49    452 PM  79    1956  51     -2       50
                                      1930
  MINIMUM         15    722 AM  -4    1913  29    -14       21
  AVERAGE         32                        40     -8       36

PRECIPITATION (IN)
  YESTERDAY        0.00          0.88 2001   0.05  -0.05     0.00
  MONTH TO DATE    0.24                      0.99  -0.75     0.84
  SINCE DEC 1      2.64                      3.02  -0.38     1.57
  SINCE JAN 1      1.35                      1.82  -0.47     0.97

SNOWFALL (IN)
  YESTERDAY        0.0           1.7  1934   0.1   -0.1      0.0
  MONTH TO DATE    2.6                       2.9   -0.3     13.0
  SINCE DEC 1     10.8                      10.7    0.1     19.4
  SINCE JUL 1     12.6                      12.1    0.5     19.4
  SNOW DEPTH       0

DEGREE DAYS
 HEATING
  YESTERDAY       33                        25      8       29
  MONTH TO DATE  744                       682     62      809
  SINCE DEC 1   2518                      2666   -148     2898
  SINCE JUL 1   3398                      3542   -144     3783

 COOLING
  YESTERDAY        0                         0      0        0
  MONTH TO DATE    0                         0      0        0
  SINCE DEC 1      0                         0      0        0
  SINCE JAN 1      0                         0      0        0
..................................................................


WIND (MPH)
  HIGHEST WIND SPEED    16   HIGHEST WIND DIRECTION     W (260)
  HIGHEST GUST SPEED    21   HIGHEST GUST DIRECTION    SW (240)
  AVERAGE WIND SPEED     8.1


SKY COVER
  POSSIBLE SUNSHINE  MM
  AVERAGE SKY COVER 0.2


WEATHER CONDITIONS
 THE FOLLOWING WEATHER WAS RECORDED YESTERDAY.
  NO SIGNIFICANT WEATHER WAS OBSERVED.


RELATIVE HUMIDITY (PERCENT)
 HIGHEST    80           500 AM
 LOWEST     34           300 PM
 AVERAGE    57

..........................................................


THE WICHITA EISENHOWER NATIONAL CLIMATE NORMALS FOR TODAY
                         NORMAL    RECORD    YEAR
 MAXIMUM TEMPERATURE (F)   51        78      1986
 MINIMUM TEMPERATURE (F)   29         3      1960


SUNRISE AND SUNSET
FEBRUARY 25 2015......SUNRISE   707 AM CST   SUNSET   619 PM CST
FEBRUARY 26 2015......SUNRISE   705 AM CST   SUNSET   620 PM CST


-  INDICATES NEGATIVE NUMBERS.
R  INDICATES RECORD WAS SET OR TIED.
MM INDICATES DATA IS MISSING.
T  INDICATES TRACE AMOUNT.




$$
