000
CDUS43 KICT 140634
CLIICT


CLIMATE REPORT
NATIONAL WEATHER SERVICE WICHITA KS
133 AM CDT TUE MAR 14 2017


...................................

...THE WICHITA EISENHOWER NATIONAL CLIMATE SUMMARY FOR MARCH 13 2017...

CLIMATE NORMAL PERIOD 1981 TO 2010
CLIMATE RECORD PERIOD 1888 TO 2017


WEATHER ITEM   OBSERVED TIME   RECORD YEAR NORMAL DEPARTURE LAST
                VALUE   (LST)  VALUE       VALUE  FROM      YEAR
                                                  NORMAL
..................................................................
TEMPERATURE (F)
 YESTERDAY
  MAXIMUM         42    303 PM  84    1916  57    -15       65
  MINIMUM         23    733 AM  11    1950  34    -11       46
  AVERAGE         33                        46    -13       56

PRECIPITATION (IN)
  YESTERDAY        0.00          1.96 1922   0.09  -0.09     0.80
  MONTH TO DATE    0.02                      0.99  -0.97     0.91
  SINCE MAR 1      0.02                      0.99  -0.97     0.91
  SINCE JAN 1      3.64                      3.00   0.64     1.65

SNOWFALL (IN)
  YESTERDAY        0.0           3.0  1937   0.1   -0.1      0.0
  MONTH TO DATE    0.0                       1.1   -1.1      0.0
  SINCE MAR 1      0.0                       1.1   -1.1      0.0
  SINCE JUL 1      2.0                      13.5  -11.5      0.8
  SNOW DEPTH       0

DEGREE DAYS
 HEATING
  YESTERDAY       32                        19     13        9
  MONTH TO DATE  229                       277    -48      138
  SINCE MAR 1    229                       277    -48      138
  SINCE JUL 1   3073                      3917   -844     2988

 COOLING
  YESTERDAY        0                         0      0        0
  MONTH TO DATE    0                         0      0        3
  SINCE MAR 1      0                         0      0        3
  SINCE JAN 1      0                         0      0        3
..................................................................


WIND (MPH)
  HIGHEST WIND SPEED    33   HIGHEST WIND DIRECTION    NW (330)
  HIGHEST GUST SPEED    42   HIGHEST GUST DIRECTION    NW (330)
  AVERAGE WIND SPEED    16.4


SKY COVER
  POSSIBLE SUNSHINE  MM
  AVERAGE SKY COVER 0.5


WEATHER CONDITIONS
 THE FOLLOWING WEATHER WAS RECORDED YESTERDAY.
  FOG


RELATIVE HUMIDITY (PERCENT)
 HIGHEST   100           200 AM
 LOWEST     41           200 PM
 AVERAGE    71

..........................................................


THE WICHITA EISENHOWER NATIONAL CLIMATE NORMALS FOR TODAY
                         NORMAL    RECORD    YEAR
 MAXIMUM TEMPERATURE (F)   57        83      1955
                                             1935
 MINIMUM TEMPERATURE (F)   35         7      1895


SUNRISE AND SUNSET
MARCH 14 2017.........SUNRISE   742 AM CDT   SUNSET   736 PM CDT
MARCH 15 2017.........SUNRISE   740 AM CDT   SUNSET   737 PM CDT


-  INDICATES NEGATIVE NUMBERS.
R  INDICATES RECORD WAS SET OR TIED.
MM INDICATES DATA IS MISSING.
T  INDICATES TRACE AMOUNT.




$$
