000
CDUS43 KICT 230719
CLIICT

CLIMATE REPORT
NATIONAL WEATHER SERVICE WICHITA KS
116 AM CST FRI JAN 23 2015

...................................

...THE WICHITA MID CONTINENT KS CLIMATE SUMMARY FOR JANUARY 22 2015...

CLIMATE NORMAL PERIOD 1981 TO 2010
CLIMATE RECORD PERIOD 1888 TO 2015


WEATHER ITEM   OBSERVED TIME   RECORD YEAR NORMAL DEPARTURE LAST
                VALUE   (LST)  VALUE       VALUE  FROM      YEAR
                                                  NORMAL
..................................................................
TEMPERATURE (F)
 YESTERDAY
  MAXIMUM         46    336 PM  75    1967  43      3       44
  MINIMUM         23   1152 PM  -6    1930  22      1       18
  AVERAGE         35                        32      3       31

PRECIPITATION (IN)
  YESTERDAY        0.00          0.54 1992   0.03  -0.03     0.00
  MONTH TO DATE    0.44                      0.54  -0.10     0.11
  SINCE DEC 1      1.73                      1.74  -0.01     0.71
  SINCE JAN 1      0.44                      0.54  -0.10     0.11

SNOWFALL (IN)
  YESTERDAY        0.0           3.5  1890   0.1   -0.1      0.0
  MONTH TO DATE    4.0                       2.4    1.6      2.9
  SINCE DEC 1      8.2                       6.6    1.6      6.3
  SINCE JUL 1     10.0                       8.0    2.0      6.3
  SNOW DEPTH       0

DEGREE DAYS
 HEATING
  YESTERDAY       30                        33     -3       34
  MONTH TO DATE  760                       726     34      705
  SINCE DEC 1   1585                      1693   -108     1775
  SINCE JUL 1   2465                      2569   -104     2660

 COOLING
  YESTERDAY        0                         0      0        0
  MONTH TO DATE    0                         0      0        0
  SINCE DEC 1      0                         0      0        0
  SINCE JAN 1      0                         0      0        0
..................................................................


WIND (MPH)
  HIGHEST WIND SPEED    17   HIGHEST WIND DIRECTION    NE (40)
  HIGHEST GUST SPEED    22   HIGHEST GUST DIRECTION     N (350)
  AVERAGE WIND SPEED     7.6


SKY COVER
  POSSIBLE SUNSHINE  MM
  AVERAGE SKY COVER 0.5


WEATHER CONDITIONS
 THE FOLLOWING WEATHER WAS RECORDED YESTERDAY.
  NO SIGNIFICANT WEATHER WAS OBSERVED.


RELATIVE HUMIDITY (PERCENT)
 HIGHEST    78           800 AM
 LOWEST     40           400 PM
 AVERAGE    59

..........................................................


THE WICHITA MID CONTINENT KS CLIMATE NORMALS FOR TODAY
                         NORMAL    RECORD    YEAR
 MAXIMUM TEMPERATURE (F)   43        73      1967
 MINIMUM TEMPERATURE (F)   22        -6      1894


SUNRISE AND SUNSET
JANUARY 23 2015.......SUNRISE   740 AM CST   SUNSET   543 PM CST
JANUARY 24 2015.......SUNRISE   739 AM CST   SUNSET   544 PM CST


-  INDICATES NEGATIVE NUMBERS.
R  INDICATES RECORD WAS SET OR TIED.
MM INDICATES DATA IS MISSING.
T  INDICATES TRACE AMOUNT.

$$
