000
CDUS43 KICT 120628
CLIICT


CLIMATE REPORT
NATIONAL WEATHER SERVICE WICHITA KS
128 AM CDT WED APR 12 2017


...................................

...THE WICHITA EISENHOWER NATIONAL CLIMATE SUMMARY FOR APRIL 11 2017...

CLIMATE NORMAL PERIOD 1981 TO 2010
CLIMATE RECORD PERIOD 1888 TO 2017


WEATHER ITEM   OBSERVED TIME   RECORD YEAR NORMAL DEPARTURE LAST
                VALUE   (LST)  VALUE       VALUE  FROM      YEAR
                                                  NORMAL
..................................................................
TEMPERATURE (F)
 YESTERDAY
  MAXIMUM         71    444 PM  87    1996  66      5       61
  MINIMUM         38    606 AM  24    1940  43     -5       42
  AVERAGE         55                        55      0       52

PRECIPITATION (IN)
  YESTERDAY        0.00          1.07 1943   0.07  -0.07     0.10
  MONTH TO DATE    1.72                      0.82   0.90     0.14
  SINCE MAR 1      5.22                      3.51   1.71     1.67
  SINCE JAN 1      8.84                      5.52   3.32     2.41

SNOWFALL (IN)
  YESTERDAY        0.0           0.4  1900   0.1   -0.1      0.0
  MONTH TO DATE    0.0                       0.2   -0.2      0.0
  SINCE MAR 1      T                         2.5   -2.5      3.5
  SINCE JUL 1      2.0                      14.9  -12.9      4.3
  SNOW DEPTH       0

DEGREE DAYS
 HEATING
  YESTERDAY       10                        11     -1       13
  MONTH TO DATE  112                       137    -25       79
  SINCE MAR 1    541                       714   -173      468
  SINCE JUL 1   3385                      4354   -969     3318

 COOLING
  YESTERDAY        0                         1     -1        0
  MONTH TO DATE    7                         4      3       11
  SINCE MAR 1     25                         6     19       18
  SINCE JAN 1     25                         6     19       18
..................................................................


WIND (MPH)
  HIGHEST WIND SPEED    17   HIGHEST WIND DIRECTION    SE (140)
  HIGHEST GUST SPEED    21   HIGHEST GUST DIRECTION    SE (140)
  AVERAGE WIND SPEED     7.6


SKY COVER
  POSSIBLE SUNSHINE  MM
  AVERAGE SKY COVER 0.3


WEATHER CONDITIONS
 THE FOLLOWING WEATHER WAS RECORDED YESTERDAY.
  HAZE


RELATIVE HUMIDITY (PERCENT)
 HIGHEST    85           500 AM
 LOWEST     26           200 PM
 AVERAGE    56

..........................................................


THE WICHITA EISENHOWER NATIONAL CLIMATE NORMALS FOR TODAY
                         NORMAL    RECORD    YEAR
 MAXIMUM TEMPERATURE (F)   67        96      1972
 MINIMUM TEMPERATURE (F)   43        21      1940


SUNRISE AND SUNSET
APRIL 12 2017.........SUNRISE   659 AM CDT   SUNSET   803 PM CDT
APRIL 13 2017.........SUNRISE   657 AM CDT   SUNSET   804 PM CDT


-  INDICATES NEGATIVE NUMBERS.
R  INDICATES RECORD WAS SET OR TIED.
MM INDICATES DATA IS MISSING.
T  INDICATES TRACE AMOUNT.




$$
