055
CDUS43 KICT 190634
CLIICT


CLIMATE REPORT
NATIONAL WEATHER SERVICE WICHITA KS
134 AM CDT FRI AUG 19 2016


...................................

...THE WICHITA EISENHOWER NATIONAL CLIMATE SUMMARY FOR AUGUST 18 2016...

CLIMATE NORMAL PERIOD 1981 TO 2010
CLIMATE RECORD PERIOD 1888 TO 2016


WEATHER ITEM   OBSERVED TIME   RECORD YEAR NORMAL DEPARTURE LAST
                VALUE   (LST)  VALUE       VALUE  FROM      YEAR
                                                  NORMAL
..................................................................
TEMPERATURE (F)
 YESTERDAY
  MAXIMUM         88    259 PM 106    1970  91     -3       87
  MINIMUM         70    622 AM  54    1943  69      1       69
  AVERAGE         79                        80     -1       78

PRECIPITATION (IN)
  YESTERDAY        0.00          1.70 1963   0.13  -0.13     0.24
  MONTH TO DATE    6.99                      2.11   4.88     3.74
  SINCE JUN 1     19.49                     10.63   8.86    13.34
  SINCE JAN 1     35.05                     22.49  12.56    29.78

SNOWFALL (IN)
  YESTERDAY        0.0           0.0  2007   0.0    0.0      0.0
  MONTH TO DATE    0.0                       0.0    0.0      0.0
  SINCE JUN 1      0.0                       0.0    0.0      0.0
  SINCE JUL 1      0.0                       0.0    0.0      0.0
  SNOW DEPTH       0

DEGREE DAYS
 HEATING
  YESTERDAY        0                         0      0        0
  MONTH TO DATE    0                         0      0        0
  SINCE JUN 1      0                         6     -6        0
  SINCE JUL 1      0                         0      0        0

 COOLING
  YESTERDAY       14                        15     -1       13
  MONTH TO DATE  301                       284     17      266
  SINCE JUN 1   1375                      1110    265     1268
  SINCE JAN 1   1505                      1246    259     1381
..................................................................


WIND (MPH)
  HIGHEST WIND SPEED    15   HIGHEST WIND DIRECTION    SE (150)
  HIGHEST GUST SPEED    22   HIGHEST GUST DIRECTION     S (160)
  AVERAGE WIND SPEED     9.2


SKY COVER
  POSSIBLE SUNSHINE  MM
  AVERAGE SKY COVER 0.2


WEATHER CONDITIONS
 THE FOLLOWING WEATHER WAS RECORDED YESTERDAY.
  NO SIGNIFICANT WEATHER WAS OBSERVED.


RELATIVE HUMIDITY (PERCENT)
 HIGHEST    97           600 AM
 LOWEST     50           500 PM
 AVERAGE    74

..........................................................


THE WICHITA EISENHOWER NATIONAL CLIMATE NORMALS FOR TODAY
                         NORMAL    RECORD    YEAR
 MAXIMUM TEMPERATURE (F)   91       105      2011
                                             1936
 MINIMUM TEMPERATURE (F)   69        50      1950


SUNRISE AND SUNSET
AUGUST 19 2016........SUNRISE   649 AM CDT   SUNSET   816 PM CDT
AUGUST 20 2016........SUNRISE   650 AM CDT   SUNSET   815 PM CDT


-  INDICATES NEGATIVE NUMBERS.
R  INDICATES RECORD WAS SET OR TIED.
MM INDICATES DATA IS MISSING.
T  INDICATES TRACE AMOUNT.




$$
