000
CDUS43 KICT 062205
CLIICT


CLIMATE REPORT
NATIONAL WEATHER SERVICE WICHITA KS
504 PM CDT SUN APR 6 2014


...................................

...THE WICHITA MID CONTINENT CLIMATE SUMMARY FOR APRIL 6 2014...
VALID TODAY AS OF 0500 PM LOCAL TIME.

CLIMATE NORMAL PERIOD 1981 TO 2010
CLIMATE RECORD PERIOD 1888 TO 2014


WEATHER ITEM   OBSERVED TIME   RECORD YEAR NORMAL DEPARTURE LAST
                VALUE   (LST)  VALUE       VALUE  FROM      YEAR
                                                  NORMAL
..................................................................
TEMPERATURE (F)
 TODAY
  MAXIMUM         59    301 PM  98    1893  65     -6       78
  MINIMUM         46    632 AM  21    1936  41      5       51
  AVERAGE         53                        53      0       65

PRECIPITATION (IN)
  TODAY            0.02          1.03 1916   0.08  -0.06     0.00
  MONTH TO DATE    0.41                      0.46  -0.05     0.39
  SINCE MAR 1      0.90                      3.15  -2.25     2.50
  SINCE JAN 1      1.89                      5.16  -3.27     5.52

SNOWFALL (IN)
  TODAY            0.0           T    2007   0.0    0.0      0.0
                                      2003
                                      1939
  MONTH TO DATE    0.0                       0.1   -0.1       T
  SINCE MAR 1      3.2                       2.4    0.8      5.3
  SINCE JUL 1     22.7                      14.8    7.9     29.8
  SNOW DEPTH       0

DEGREE DAYS
 HEATING
  TODAY           12                        12      0        0
  MONTH TO DATE   88                        79      9      103
  SINCE MAR 1    765                       656    109      769
  SINCE JUL 1   4684                      4296    388     4040

 COOLING
  TODAY            0                         0      0        0
  MONTH TO DATE    0                         0      0        0
  SINCE MAR 1      0                         2     -2        0
  SINCE JAN 1      0                         2     -2        0
..................................................................


WIND (MPH)
  HIGHEST WIND SPEED    22   HIGHEST WIND DIRECTION     S (190)
  HIGHEST GUST SPEED    29   HIGHEST GUST DIRECTION     S (200)
  AVERAGE WIND SPEED     7.4


SKY COVER
  POSSIBLE SUNSHINE  MM
  AVERAGE SKY COVER 0.9


WEATHER CONDITIONS
 THE FOLLOWING WEATHER WAS RECORDED TODAY.
  LIGHT RAIN
  FOG
  HAZE


RELATIVE HUMIDITY (PERCENT)
 HIGHEST    86           400 AM
 LOWEST     41          1200 AM
 AVERAGE    64

..........................................................


THE WICHITA MID CONTINENT CLIMATE NORMALS FOR TOMORROW
                         NORMAL    RECORD    YEAR
 MAXIMUM TEMPERATURE (F)   65        91      1890
 MINIMUM TEMPERATURE (F)   42        21      2009


SUNRISE AND SUNSET
APRIL  6 2014.........SUNRISE   708 AM CDT   SUNSET   757 PM CDT
APRIL  7 2014.........SUNRISE   706 AM CDT   SUNSET   758 PM CDT


-  INDICATES NEGATIVE NUMBERS.
R  INDICATES RECORD WAS SET OR TIED.
MM INDICATES DATA IS MISSING.
T  INDICATES TRACE AMOUNT.




$$

VP
