000
CDUS43 KICT 020619
CLIICT


CLIMATE REPORT
NATIONAL WEATHER SERVICE WICHITA KS
118 AM CDT TUE JUN 2 2015


...................................

...THE WICHITA EISENHOWER NATIONAL CLIMATE SUMMARY FOR JUNE 1 2015...

CLIMATE NORMAL PERIOD 1981 TO 2010
CLIMATE RECORD PERIOD 1888 TO 2015


WEATHER ITEM   OBSERVED TIME   RECORD YEAR NORMAL DEPARTURE LAST
                VALUE   (LST)  VALUE       VALUE  FROM      YEAR
                                                  NORMAL
..................................................................
TEMPERATURE (F)
 YESTERDAY
  MAXIMUM         77    438 PM  99    1985  82     -5       87
  MINIMUM         59    559 AM  44    1983  61     -2       67
  AVERAGE         68                        71     -3       77

PRECIPITATION (IN)
  YESTERDAY        0.00          2.42 1941   0.18  -0.18     0.55
  MONTH TO DATE    0.00                      0.18  -0.18     0.55
  SINCE JUN 1      0.00                      0.18  -0.18     0.55
  SINCE JAN 1     16.44                     12.04   4.40     6.62

SNOWFALL (IN)
  YESTERDAY        0.0           T    2001   0.0    0.0      0.0
  MONTH TO DATE    0.0                       0.0    0.0      0.0
  SINCE JUN 1      0.0                       0.0    0.0      0.0
  SINCE JUL 1     18.0                      14.9    3.1     23.0
  SNOW DEPTH       0

DEGREE DAYS
 HEATING
  YESTERDAY        0                         1     -1        0
  MONTH TO DATE    0                         1     -1        0
  SINCE JUN 1      0                         1     -1        0
  SINCE JUL 1   4279                      4589   -310     4939

 COOLING
  YESTERDAY        3                         7     -4       12
  MONTH TO DATE    3                         7     -4       12
  SINCE JUN 1      3                         7     -4       12
  SINCE JAN 1    116                       143    -27      279
..................................................................


WIND (MPH)
  HIGHEST WIND SPEED    17   HIGHEST WIND DIRECTION     S (160)
  HIGHEST GUST SPEED    23   HIGHEST GUST DIRECTION    SE (140)
  AVERAGE WIND SPEED     9.2


SKY COVER
  POSSIBLE SUNSHINE  MM
  AVERAGE SKY COVER 0.6


WEATHER CONDITIONS
 THE FOLLOWING WEATHER WAS RECORDED YESTERDAY.
  NO SIGNIFICANT WEATHER WAS OBSERVED.


RELATIVE HUMIDITY (PERCENT)
 HIGHEST    87           300 AM
 LOWEST     50           500 PM
 AVERAGE    69

..........................................................


THE WICHITA EISENHOWER NATIONAL CLIMATE NORMALS FOR TODAY
                         NORMAL    RECORD    YEAR
 MAXIMUM TEMPERATURE (F)   82        95      1998
 MINIMUM TEMPERATURE (F)   61        43      1969


SUNRISE AND SUNSET
JUNE  2 2015..........SUNRISE   610 AM CDT   SUNSET   846 PM CDT
JUNE  3 2015..........SUNRISE   609 AM CDT   SUNSET   847 PM CDT


-  INDICATES NEGATIVE NUMBERS.
R  INDICATES RECORD WAS SET OR TIED.
MM INDICATES DATA IS MISSING.
T  INDICATES TRACE AMOUNT.




$$
