755
CDUS43 KICT 080649
CLIICT


CLIMATE REPORT
NATIONAL WEATHER SERVICE WICHITA KS
1249 AM CST THU DEC 8 2016


...................................

...THE WICHITA EISENHOWER NATIONAL CLIMATE SUMMARY FOR DECEMBER 7 2016...

CLIMATE NORMAL PERIOD 1981 TO 2010
CLIMATE RECORD PERIOD 1888 TO 2016


WEATHER ITEM   OBSERVED TIME   RECORD YEAR NORMAL DEPARTURE LAST
                VALUE   (LST)  VALUE       VALUE  FROM      YEAR
                                                  NORMAL
..................................................................
TEMPERATURE (F)
 YESTERDAY
  MAXIMUM         35   1013 AM  75    1966  46    -11       58
  MINIMUM         19   1159 PM   0    1917  26     -7       29
                                      1909
  AVERAGE         27                        36     -9       44

PRECIPITATION (IN)
  YESTERDAY        T             1.83 1980   0.05  -0.05     0.00
  MONTH TO DATE    0.37                      0.31   0.06     0.00
  SINCE DEC 1      0.37                      0.31   0.06     0.00
  SINCE JAN 1     50.31                     31.75  18.56    39.80

SNOWFALL (IN)
  YESTERDAY        T             5.0  1892   0.1   -0.1      0.0
  MONTH TO DATE    T                         0.8   -0.8      0.0
  SINCE DEC 1      T                         0.8   -0.8      0.0
  SINCE JUL 1      T                         2.2   -2.2      0.3
  SNOW DEPTH       0

DEGREE DAYS
 HEATING
  YESTERDAY       38                        29      9       21
  MONTH TO DATE  187                       198    -11      157
  SINCE DEC 1    187                       198    -11      157
  SINCE JUL 1    640                      1074   -434      726

 COOLING
  YESTERDAY        0                         0      0        0
  MONTH TO DATE    0                         0      0        0
  SINCE DEC 1      0                         0      0        0
  SINCE JAN 1   2054                      1686    368     1907
..................................................................


WIND (MPH)
  HIGHEST WIND SPEED    22   HIGHEST WIND DIRECTION    NE (30)
  HIGHEST GUST SPEED    26   HIGHEST GUST DIRECTION     N (20)
  AVERAGE WIND SPEED    12.7


SKY COVER
  POSSIBLE SUNSHINE  MM
  AVERAGE SKY COVER 0.8


WEATHER CONDITIONS
 THE FOLLOWING WEATHER WAS RECORDED YESTERDAY.
  LIGHT SNOW


RELATIVE HUMIDITY (PERCENT)
 HIGHEST    81           700 PM
 LOWEST     44           100 AM
 AVERAGE    63

..........................................................


THE WICHITA EISENHOWER NATIONAL CLIMATE NORMALS FOR TODAY
                         NORMAL    RECORD    YEAR
 MAXIMUM TEMPERATURE (F)   45        69      1918
 MINIMUM TEMPERATURE (F)   25        -5      1917


SUNRISE AND SUNSET
DECEMBER  8 2016......SUNRISE   733 AM CST   SUNSET   511 PM CST
DECEMBER  9 2016......SUNRISE   733 AM CST   SUNSET   511 PM CST


-  INDICATES NEGATIVE NUMBERS.
R  INDICATES RECORD WAS SET OR TIED.
MM INDICATES DATA IS MISSING.
T  INDICATES TRACE AMOUNT.




$$
