000
CDUS43 KICT 220630
CLIICT


CLIMATE REPORT
NATIONAL WEATHER SERVICE WICHITA KS
130 AM CDT TUE AUG 22 2017


...................................

...THE WICHITA EISENHOWER NATIONAL CLIMATE SUMMARY FOR AUGUST 21 2017...

CLIMATE NORMAL PERIOD 1981 TO 2010
CLIMATE RECORD PERIOD 1888 TO 2017


WEATHER ITEM   OBSERVED TIME   RECORD YEAR NORMAL DEPARTURE LAST
                VALUE   (LST)  VALUE       VALUE  FROM      YEAR
                                                  NORMAL
..................................................................
TEMPERATURE (F)
 YESTERDAY
  MAXIMUM         96    323 PM 105    1896  91      5       83
  MINIMUM         75    748 PM  48    1956  69      6       57
  AVERAGE         86                        80      6       70

PRECIPITATION (IN)
  YESTERDAY        0.29          2.80 1902   0.12   0.17     0.00
  MONTH TO DATE    2.20                      2.47  -0.27     8.12
  SINCE JUN 1      8.51                     10.99  -2.48    20.62
  SINCE JAN 1     27.35                     22.85   4.50    36.18

SNOWFALL (IN)
  YESTERDAY        0.0           0.0  2007   0.0    0.0      0.0
  MONTH TO DATE    0.0                       0.0    0.0      0.0
  SINCE JUN 1      0.0                       0.0    0.0      0.0
  SINCE JUL 1      0.0                       0.0    0.0      0.0
  SNOW DEPTH       0

DEGREE DAYS
 HEATING
  YESTERDAY        0                         0      0        0
  MONTH TO DATE    0                         0      0        0
  SINCE JUN 1      0                         6     -6        0
  SINCE JUL 1      0                         0      0        0

 COOLING
  YESTERDAY       21                        15      6        5
  MONTH TO DATE  271                       329    -58      326
  SINCE JUN 1   1191                      1155     36     1400
  SINCE JAN 1   1347                      1291     56     1530
..................................................................


WIND (MPH)
  HIGHEST WIND SPEED    38   HIGHEST WIND DIRECTION    SW (240)
  HIGHEST GUST SPEED    53   HIGHEST GUST DIRECTION    SW (240)
  AVERAGE WIND SPEED    12.0


SKY COVER
  POSSIBLE SUNSHINE  MM
  AVERAGE SKY COVER 0.7


WEATHER CONDITIONS
 THE FOLLOWING WEATHER WAS RECORDED YESTERDAY.
  THUNDERSTORM
  HEAVY RAIN
  LIGHT RAIN
  FOG
  HAZE


RELATIVE HUMIDITY (PERCENT)
 HIGHEST    88           300 AM
 LOWEST     43           300 PM
 AVERAGE    66

..........................................................


THE WICHITA EISENHOWER NATIONAL CLIMATE NORMALS FOR TODAY
                         NORMAL    RECORD    YEAR
 MAXIMUM TEMPERATURE (F)   91       105      1922
 MINIMUM TEMPERATURE (F)   68        53      2009


SUNRISE AND SUNSET
AUGUST 22 2017........SUNRISE   652 AM CDT   SUNSET   813 PM CDT
AUGUST 23 2017........SUNRISE   652 AM CDT   SUNSET   811 PM CDT


-  INDICATES NEGATIVE NUMBERS.
R  INDICATES RECORD WAS SET OR TIED.
MM INDICATES DATA IS MISSING.
T  INDICATES TRACE AMOUNT.




$$
