732
CDUS43 KICT 280624
CLIICT


CLIMATE REPORT
NATIONAL WEATHER SERVICE WICHITA KS
124 AM CDT TUE MAR 28 2017


...................................

...THE WICHITA EISENHOWER NATIONAL CLIMATE SUMMARY FOR MARCH 27 2017...

CLIMATE NORMAL PERIOD 1981 TO 2010
CLIMATE RECORD PERIOD 1888 TO 2017


WEATHER ITEM   OBSERVED TIME   RECORD YEAR NORMAL DEPARTURE LAST
                VALUE   (LST)  VALUE       VALUE  FROM      YEAR
                                                  NORMAL
..................................................................
TEMPERATURE (F)
 YESTERDAY
  MAXIMUM         54    646 PM  90    1895  62     -8       56
  MINIMUM         48    945 AM  14    1955  38     10       32
  AVERAGE         51                        50      1       44

PRECIPITATION (IN)
  YESTERDAY        T             2.21 1905   0.10  -0.10     0.53
  MONTH TO DATE    1.09                      2.29  -1.20     1.53
  SINCE MAR 1      1.09                      2.29  -1.20     1.53
  SINCE JAN 1      4.71                      4.30   0.41     2.27

SNOWFALL (IN)
  YESTERDAY        0.0           3.5  2016   0.1   -0.1      3.5
  MONTH TO DATE    T                         2.1   -2.1      3.5
  SINCE MAR 1      T                         2.1   -2.1      3.5
  SINCE JUL 1      2.0                      14.5  -12.5      4.3
  SNOW DEPTH       0

DEGREE DAYS
 HEATING
  YESTERDAY       14                        15     -1       21
  MONTH TO DATE  367                       518   -151      355
  SINCE MAR 1    367                       518   -151      355
  SINCE JUL 1   3211                      4158   -947     3205

 COOLING
  YESTERDAY        0                         0      0        0
  MONTH TO DATE   18                         0     18        3
  SINCE MAR 1     18                         0     18        3
  SINCE JAN 1     18                         0     18        3
..................................................................


WIND (MPH)
  HIGHEST WIND SPEED    16   HIGHEST WIND DIRECTION    NW (330)
  HIGHEST GUST SPEED    20   HIGHEST GUST DIRECTION     N (10)
  AVERAGE WIND SPEED    10.3


SKY COVER
  POSSIBLE SUNSHINE  MM
  AVERAGE SKY COVER 1.0


WEATHER CONDITIONS
 THE FOLLOWING WEATHER WAS RECORDED YESTERDAY.
  LIGHT RAIN
  FOG


RELATIVE HUMIDITY (PERCENT)
 HIGHEST   100           100 AM
 LOWEST     77           100 PM
 AVERAGE    89

..........................................................


THE WICHITA EISENHOWER NATIONAL CLIMATE NORMALS FOR TODAY
                         NORMAL    RECORD    YEAR
 MAXIMUM TEMPERATURE (F)   62        91      1895
 MINIMUM TEMPERATURE (F)   39        11      1899


SUNRISE AND SUNSET
MARCH 28 2017.........SUNRISE   721 AM CDT   SUNSET   749 PM CDT
MARCH 29 2017.........SUNRISE   719 AM CDT   SUNSET   750 PM CDT


-  INDICATES NEGATIVE NUMBERS.
R  INDICATES RECORD WAS SET OR TIED.
MM INDICATES DATA IS MISSING.
T  INDICATES TRACE AMOUNT.




$$
