459
CDUS43 KICT 240640
CLIICT


CLIMATE REPORT
NATIONAL WEATHER SERVICE WICHITA KS
1240 AM CST FRI FEB 24 2017


...................................

...THE WICHITA EISENHOWER NATIONAL CLIMATE SUMMARY FOR FEBRUARY 23 2017...

CLIMATE NORMAL PERIOD 1981 TO 2010
CLIMATE RECORD PERIOD 1888 TO 2017


WEATHER ITEM   OBSERVED TIME   RECORD YEAR NORMAL DEPARTURE LAST
                VALUE   (LST)  VALUE       VALUE  FROM      YEAR
                                                  NORMAL
..................................................................
TEMPERATURE (F)
 YESTERDAY
  MAXIMUM         73    510 PM  82    1930  51     22       52
  MINIMUM         41   1037 PM   0    1889  29     12       39
  AVERAGE         57                        40     17       46

PRECIPITATION (IN)
  YESTERDAY        0.00          1.31 2001   0.05  -0.05     0.00
  MONTH TO DATE    0.83                      0.94  -0.11     0.55
  SINCE DEC 1      4.28                      2.97   1.31     2.96
  SINCE JAN 1      3.62                      1.77   1.85     0.74

SNOWFALL (IN)
  YESTERDAY        0.0          10.2  2003   0.1   -0.1      0.0
  MONTH TO DATE    0.0                       2.8   -2.8      0.0
  SINCE DEC 1      2.0                      10.6   -8.6      0.5
  SINCE JUL 1      2.0                      12.0  -10.0      0.8
  SNOW DEPTH       0

DEGREE DAYS
 HEATING
  YESTERDAY        8                        25    -17       19
  MONTH TO DATE  416                       657   -241      486
  SINCE DEC 1   2275                      2641   -366     2168
  SINCE JUL 1   2728                      3517   -789     2737

 COOLING
  YESTERDAY        0                         0      0        0
  MONTH TO DATE    0                         0      0        0
  SINCE DEC 1      0                         0      0        0
  SINCE JAN 1      0                         0      0        0
..................................................................


WIND (MPH)
  HIGHEST WIND SPEED    38   HIGHEST WIND DIRECTION     N (340)
  HIGHEST GUST SPEED    48   HIGHEST GUST DIRECTION     N (340)
  AVERAGE WIND SPEED    14.1


SKY COVER
  POSSIBLE SUNSHINE  MM
  AVERAGE SKY COVER 0.5


WEATHER CONDITIONS
 THE FOLLOWING WEATHER WAS RECORDED YESTERDAY.
  NO SIGNIFICANT WEATHER WAS OBSERVED.


RELATIVE HUMIDITY (PERCENT)
 HIGHEST    89           200 AM
 LOWEST     41           400 PM
 AVERAGE    65

..........................................................


THE WICHITA EISENHOWER NATIONAL CLIMATE NORMALS FOR TODAY
                         NORMAL    RECORD    YEAR
 MAXIMUM TEMPERATURE (F)   51        79      1956
                                             1930
 MINIMUM TEMPERATURE (F)   29        -4      1913


SUNRISE AND SUNSET
FEBRUARY 24 2017......SUNRISE   707 AM CST   SUNSET   619 PM CST
FEBRUARY 25 2017......SUNRISE   706 AM CST   SUNSET   620 PM CST


-  INDICATES NEGATIVE NUMBERS.
R  INDICATES RECORD WAS SET OR TIED.
MM INDICATES DATA IS MISSING.
T  INDICATES TRACE AMOUNT.




$$
