000
CDUS43 KICT 240630
CLIICT


CLIMATE REPORT
NATIONAL WEATHER SERVICE WICHITA KS
130 AM CDT TUE MAR 24 2015


...................................

...THE WICHITA EISENHOWER NATIONAL CLIMATE SUMMARY FOR MARCH 23 2015...

CLIMATE NORMAL PERIOD 1981 TO 2010
CLIMATE RECORD PERIOD 1888 TO 2015


WEATHER ITEM   OBSERVED TIME   RECORD YEAR NORMAL DEPARTURE LAST
                VALUE   (LST)  VALUE       VALUE  FROM      YEAR
                                                  NORMAL
..................................................................
TEMPERATURE (F)
 YESTERDAY
  MAXIMUM         72    445 PM  84    1967  60     12       47
  MINIMUM         46    808 AM  14    1974  37      9       25
  AVERAGE         59                        49     10       36

PRECIPITATION (IN)
  YESTERDAY        T             2.13 1984   0.09  -0.09     0.00
  MONTH TO DATE    0.22                      1.91  -1.69     0.45
  SINCE MAR 1      0.22                      1.91  -1.69     0.45
  SINCE JAN 1      1.99                      3.92  -1.93     1.44

SNOWFALL (IN)
  YESTERDAY       MM             5.5  1912   0.0   MM        0.0
  MONTH TO DATE    1.1                       1.8   -0.7      3.2
  SINCE MAR 1      1.1                       1.8   -0.7      3.2
  SINCE JUL 1     18.0                      14.2    3.8     22.7
  SNOW DEPTH       0

DEGREE DAYS
 HEATING
  YESTERDAY        6                        16    -10       29
  MONTH TO DATE  400                       455    -55      555
  SINCE MAR 1    400                       455    -55      555
  SINCE JUL 1   3965                      4095   -130     4474

 COOLING
  YESTERDAY        0                         0      0        0
  MONTH TO DATE    0                         0      0        0
  SINCE MAR 1      0                         0      0        0
  SINCE JAN 1      0                         0      0        0
..................................................................


WIND (MPH)
  HIGHEST WIND SPEED    20   HIGHEST WIND DIRECTION     E (90)
  HIGHEST GUST SPEED    25   HIGHEST GUST DIRECTION     E (110)
  AVERAGE WIND SPEED    10.4


SKY COVER
  POSSIBLE SUNSHINE  MM
  AVERAGE SKY COVER 0.7


WEATHER CONDITIONS
 THE FOLLOWING WEATHER WAS RECORDED YESTERDAY.
  THUNDERSTORM
  LIGHT RAIN


RELATIVE HUMIDITY (PERCENT)
 HIGHEST    71           200 AM
 LOWEST     43          1200 PM
 AVERAGE    57

..........................................................


THE WICHITA EISENHOWER NATIONAL CLIMATE NORMALS FOR TODAY
                         NORMAL    RECORD    YEAR
 MAXIMUM TEMPERATURE (F)   61        85      1929
                                             1907
 MINIMUM TEMPERATURE (F)   37        10      1974


SUNRISE AND SUNSET
MARCH 24 2015.........SUNRISE   727 AM CDT   SUNSET   745 PM CDT
MARCH 25 2015.........SUNRISE   726 AM CDT   SUNSET   746 PM CDT


-  INDICATES NEGATIVE NUMBERS.
R  INDICATES RECORD WAS SET OR TIED.
MM INDICATES DATA IS MISSING.
T  INDICATES TRACE AMOUNT.




$$
