000
CDUS43 KICT 122209
CLIICT


CLIMATE REPORT
NATIONAL WEATHER SERVICE WICHITA KS
509 PM CDT FRI SEP 12 2014


...................................

...THE WICHITA MID CONTINENT CLIMATE SUMMARY FOR SEPTEMBER 12 2014...
VALID TODAY AS OF 0500 PM LOCAL TIME.

CLIMATE NORMAL PERIOD 1981 TO 2010
CLIMATE RECORD PERIOD 1888 TO 2014


WEATHER ITEM   OBSERVED TIME   RECORD YEAR NORMAL DEPARTURE LAST
                VALUE   (LST)  VALUE       VALUE  FROM      YEAR
                                                  NORMAL
..................................................................
TEMPERATURE (F)
 TODAY
  MAXIMUM         59   1218 AM 101    1980  84    -25       83
  MINIMUM         52    944 AM  41    1902  61     -9       73
  AVERAGE         56                        73    -17       78

PRECIPITATION (IN)
  TODAY            T            10.31 2008   0.11  -0.11     0.01
  MONTH TO DATE    0.16                      1.30  -1.14     0.02
  SINCE SEP 1      0.16                      1.30  -1.14     0.02
  SINCE JAN 1     22.14                     25.39  -3.25    34.19

SNOWFALL (IN)
  TODAY            0.0           0.0  2007   0.0    0.0      0.0
  MONTH TO DATE    0.0                       0.0    0.0      0.0
  SINCE SEP 1      0.0                       0.0    0.0      0.0
  SINCE JUL 1      0.0                       0.0    0.0      0.0
  SNOW DEPTH       0

DEGREE DAYS
 HEATING
  TODAY            9                         1      8        0
  MONTH TO DATE    9                         2      7        0
  SINCE SEP 1      9                         2      7        0
  SINCE JUL 1     10                         3      7        1

 COOLING
  TODAY            0                         8     -8       13
  MONTH TO DATE  126                       122      4      186
  SINCE SEP 1    126                       122      4      186
  SINCE JAN 1   1622                      1549     73     1599
..................................................................


WIND (MPH)
  HIGHEST WIND SPEED    22   HIGHEST WIND DIRECTION     N (20)
  HIGHEST GUST SPEED    27   HIGHEST GUST DIRECTION     N (10)
  AVERAGE WIND SPEED    14.8


SKY COVER
  POSSIBLE SUNSHINE  MM
  AVERAGE SKY COVER 1.0


WEATHER CONDITIONS
 THE FOLLOWING WEATHER WAS RECORDED TODAY.
  LIGHT RAIN
  FOG


RELATIVE HUMIDITY (PERCENT)
 HIGHEST    83           700 AM
 LOWEST     66           400 PM
 AVERAGE    75

..........................................................


THE WICHITA MID CONTINENT CLIMATE NORMALS FOR TOMORROW
                         NORMAL    RECORD    YEAR
 MAXIMUM TEMPERATURE (F)   84       104      1893
 MINIMUM TEMPERATURE (F)   61        37      1890


SUNRISE AND SUNSET
SEPTEMBER 12 2014.....SUNRISE   709 AM CDT   SUNSET   742 PM CDT
SEPTEMBER 13 2014.....SUNRISE   710 AM CDT   SUNSET   741 PM CDT


-  INDICATES NEGATIVE NUMBERS.
R  INDICATES RECORD WAS SET OR TIED.
MM INDICATES DATA IS MISSING.
T  INDICATES TRACE AMOUNT.




$$
