000
CDUS43 KICT 290624
CLIICT


CLIMATE REPORT
NATIONAL WEATHER SERVICE WICHITA KS
1223 AM CST WED NOV 29 2017


...................................

...THE WICHITA EISENHOWER NATIONAL CLIMATE SUMMARY FOR NOVEMBER 28 2017...

CLIMATE NORMAL PERIOD 1981 TO 2010
CLIMATE RECORD PERIOD 1888 TO 2017


WEATHER ITEM   OBSERVED TIME   RECORD YEAR NORMAL DEPARTURE LAST
                VALUE   (LST)  VALUE       VALUE  FROM      YEAR
                                                  NORMAL
..................................................................
TEMPERATURE (F)
 YESTERDAY
  MAXIMUM         61   1048 AM  72    1949  50     11       62
  MINIMUM         47   1159 PM   5    1976  29     18       35
  AVERAGE         54                        39     15       49

PRECIPITATION (IN)
  YESTERDAY        T             0.79 1908   0.04  -0.04     0.00
  MONTH TO DATE    0.12                      1.35  -1.23     0.26
  SINCE SEP 1      6.06                      7.27  -1.21    13.60
  SINCE JAN 1     33.41                     31.36   2.05    49.94

SNOWFALL (IN)
  YESTERDAY       MM             1.8  1918   0.1   MM        0.0
  MONTH TO DATE    0.0                       1.1   -1.1      0.0
  SINCE SEP 1      0.0                       1.2   -1.2      0.0
  SINCE JUL 1      0.0                       1.2   -1.2      0.0
  SNOW DEPTH       0

DEGREE DAYS
 HEATING
  YESTERDAY       11                        26    -15       16
  MONTH TO DATE  467                       535    -68      315
  SINCE SEP 1    691                       820   -129      405
  SINCE JUL 1    691                       821   -130      405

 COOLING
  YESTERDAY        0                         0      0        0
  MONTH TO DATE    2                         0      2       11
  SINCE SEP 1    346                       257     89      382
  SINCE JAN 1   1785                      1684    101     2054
..................................................................


WIND (MPH)
  HIGHEST WIND SPEED    30   HIGHEST WIND DIRECTION     S (190)
  HIGHEST GUST SPEED    37   HIGHEST GUST DIRECTION     S (180)
  AVERAGE WIND SPEED    18.7


SKY COVER
  POSSIBLE SUNSHINE  MM
  AVERAGE SKY COVER 0.7


WEATHER CONDITIONS
 THE FOLLOWING WEATHER WAS RECORDED YESTERDAY.
  LIGHT RAIN


RELATIVE HUMIDITY (PERCENT)
 HIGHEST    93           700 AM
 LOWEST     43           600 PM
 AVERAGE    68

..........................................................


THE WICHITA EISENHOWER NATIONAL CLIMATE NORMALS FOR TODAY
                         NORMAL    RECORD    YEAR
 MAXIMUM TEMPERATURE (F)   49        76      1933
 MINIMUM TEMPERATURE (F)   29         6      1976


SUNRISE AND SUNSET
NOVEMBER 29 2017......SUNRISE   724 AM CST   SUNSET   512 PM CST
NOVEMBER 30 2017......SUNRISE   725 AM CST   SUNSET   511 PM CST


-  INDICATES NEGATIVE NUMBERS.
R  INDICATES RECORD WAS SET OR TIED.
MM INDICATES DATA IS MISSING.
T  INDICATES TRACE AMOUNT.




$$
