000
CDUS43 KICT 142306
CLIICT

CLIMATE REPORT
NATIONAL WEATHER SERVICE WICHITA KS
505 PM CST FRI NOV 14 2014

...................................

...THE WICHITA MID CONTINENT CLIMATE SUMMARY FOR NOVEMBER 14 2014...
VALID TODAY AS OF 500 PM LOCAL TIME.

CLIMATE NORMAL PERIOD 1981 TO 2010
CLIMATE RECORD PERIOD 1888 TO 2014


WEATHER ITEM   OBSERVED TIME   RECORD YEAR NORMAL DEPARTURE LAST
                VALUE   (LST)  VALUE       VALUE  FROM      YEAR
                                                  NORMAL
..................................................................
TEMPERATURE (F)
 TODAY
  MAXIMUM         37    228 PM  78    1897  57    -20       57
  MINIMUM         18    501 AM   7    1940  35    -17       35
  AVERAGE         28                        46    -18       46

PRECIPITATION (IN)
  TODAY            0.00          1.91 1931   0.05  -0.05     0.00
  MONTH TO DATE    0.13                      0.78  -0.65     0.30
  SINCE SEP 1      2.01                      6.70  -4.69     5.38
  SINCE JAN 1     23.99                     30.79  -6.80    39.55

SNOWFALL (IN)
  TODAY            0.0           0.3  1929   0.0    0.0      0.0
  MONTH TO DATE    0.0                       0.2   -0.2      0.0
  SINCE SEP 1      0.0                       0.3   -0.3       T
  SINCE JUL 1      0.0                       0.3   -0.3       T
  SNOW DEPTH       0

DEGREE DAYS
 HEATING
  TODAY           37                        19     18       19
  MONTH TO DATE  288                       220     68      244
  SINCE SEP 1    450                       505    -55      497
  SINCE JUL 1    451                       506    -55      498

 COOLING
  TODAY            0                         0      0        0
  MONTH TO DATE    0                         0      0        0
  SINCE SEP 1    353                       257     96      365
  SINCE JAN 1   1849                      1684    165     1778
..................................................................


WIND (MPH)
  HIGHEST WIND SPEED    15   HIGHEST WIND DIRECTION     S (180)
  HIGHEST GUST SPEED    21   HIGHEST GUST DIRECTION     S (160)
  AVERAGE WIND SPEED     7.0


SKY COVER
  POSSIBLE SUNSHINE  MM
  AVERAGE SKY COVER 0.6


WEATHER CONDITIONS
 THE FOLLOWING WEATHER WAS RECORDED TODAY.
  NO SIGNIFICANT WEATHER WAS OBSERVED.


RELATIVE HUMIDITY (PERCENT)
 HIGHEST    68           200 AM
 LOWEST     29           300 PM
 AVERAGE    49

..........................................................


THE WICHITA MID CONTINENT CLIMATE NORMALS FOR TOMORROW
                         NORMAL    RECORD    YEAR
 MAXIMUM TEMPERATURE (F)   57        77      1952
 MINIMUM TEMPERATURE (F)   35        10      1940


SUNRISE AND SUNSET
NOVEMBER 14 2014......SUNRISE   709 AM CST   SUNSET   519 PM CST
NOVEMBER 15 2014......SUNRISE   710 AM CST   SUNSET   519 PM CST


-  INDICATES NEGATIVE NUMBERS.
R  INDICATES RECORD WAS SET OR TIED.
MM INDICATES DATA IS MISSING.
T  INDICATES TRACE AMOUNT.

$$
