000
CDUS43 KICT 052309
CLIICT

CLIMATE REPORT
NATIONAL WEATHER SERVICE WICHITA KS
508 PM CST MON FEB 5 2018


...................................

...THE WICHITA EISENHOWER NATIONAL CLIMATE SUMMARY FOR FEBRUARY 5 2018...
VALID TODAY AS OF 0500 PM LOCAL TIME.

CLIMATE NORMAL PERIOD 1981 TO 2010
CLIMATE RECORD PERIOD 1888 TO 2018


WEATHER ITEM   OBSERVED TIME   RECORD YEAR NORMAL DEPARTURE LAST
                VALUE   (LST)  VALUE       VALUE  FROM      YEAR
                                                  NORMAL
..................................................................
TEMPERATURE (F)
 TODAY
  MAXIMUM         42    357 PM  70    1938  46     -4       62
  MINIMUM          8    229 AM -16    1982  24    -16       25
  AVERAGE         25                        34     -9       44

PRECIPITATION (IN)
  TODAY            0.00          0.52 2008   0.04  -0.04     0.00
  MONTH TO DATE    T                         0.17  -0.17     0.00
  SINCE DEC 1      0.23                      2.20  -1.97     3.45
  SINCE JAN 1      0.20                      1.00  -0.80     2.79

SNOWFALL (IN)
  TODAY            0.0           4.1  1961   0.1   -0.1      0.0
  MONTH TO DATE    T                         0.7   -0.7      0.0
  SINCE DEC 1      0.3                       8.5   -8.2      2.0
  SINCE JUL 1      0.3                       9.9   -9.6      2.0
  SNOW DEPTH       0

DEGREE DAYS
 HEATING
  TODAY           40                        30     10       21
  MONTH TO DATE  170                       154     16      144
  SINCE DEC 1   1987                      2138   -151     2003
  SINCE JUL 1   2717                      3014   -297     2456

 COOLING
  TODAY            0                         0      0        0
  MONTH TO DATE    0                         0      0        0
  SINCE DEC 1      0                         0      0        0
  SINCE JAN 1      0                         0      0        0
..................................................................


WIND (MPH)
  HIGHEST WIND SPEED    25   HIGHEST WIND DIRECTION    SW (220)
  HIGHEST GUST SPEED    32   HIGHEST GUST DIRECTION    SW (220)
  AVERAGE WIND SPEED    12.3


SKY COVER
  POSSIBLE SUNSHINE  MM
  AVERAGE SKY COVER 0.4


WEATHER CONDITIONS
 THE FOLLOWING WEATHER WAS RECORDED TODAY.
  NO SIGNIFICANT WEATHER WAS OBSERVED.


RELATIVE HUMIDITY (PERCENT)
 HIGHEST    73           200 AM
 LOWEST     32           400 PM
 AVERAGE    53

..........................................................


THE WICHITA EISENHOWER NATIONAL CLIMATE NORMALS FOR TOMORROW
                         NORMAL    RECORD    YEAR
 MAXIMUM TEMPERATURE (F)   46        74      2009
                                             1904
 MINIMUM TEMPERATURE (F)   24       -21      1982


SUNRISE AND SUNSET
FEBRUARY  5 2018......SUNRISE   730 AM CST   SUNSET   558 PM CST
FEBRUARY  6 2018......SUNRISE   729 AM CST   SUNSET   559 PM CST


-  INDICATES NEGATIVE NUMBERS.
R  INDICATES RECORD WAS SET OR TIED.
MM INDICATES DATA IS MISSING.
T  INDICATES TRACE AMOUNT.




$$
