000
CDUS43 KICT 090649
CLIICT


CLIMATE REPORT
NATIONAL WEATHER SERVICE WICHITA KS
148 AM CDT TUE MAY 9 2017


...................................

...THE WICHITA EISENHOWER NATIONAL CLIMATE SUMMARY FOR MAY 8 2017...

CLIMATE NORMAL PERIOD 1981 TO 2010
CLIMATE RECORD PERIOD 1888 TO 2017


WEATHER ITEM   OBSERVED TIME   RECORD YEAR NORMAL DEPARTURE LAST
                VALUE   (LST)  VALUE       VALUE  FROM      YEAR
                                                  NORMAL
..................................................................
TEMPERATURE (F)
 YESTERDAY
  MAXIMUM         83    213 PM  97    1989  74      9       74
  MINIMUM         56    537 AM  33    1984  53      3       61
  AVERAGE         70                        63      7       68

PRECIPITATION (IN)
  YESTERDAY        0.00          2.45 1940   0.14  -0.14     0.12
  MONTH TO DATE    0.95                      1.07  -0.12     0.12
  SINCE MAR 1     11.73                      6.35   5.38     7.88
  SINCE JAN 1     15.35                      8.36   6.99     8.62

SNOWFALL (IN)
  YESTERDAY        0.0           0.0  2007   0.0    0.0      0.0
                                      2001
  MONTH TO DATE    0.0                       0.0    0.0      0.0
  SINCE MAR 1      T                         2.5   -2.5      3.5
  SINCE JUL 1      2.0                      14.9  -12.9      4.3
  SNOW DEPTH       0

DEGREE DAYS
 HEATING
  YESTERDAY        0                         4     -4        0
  MONTH TO DATE   39                        35      4       39
  SINCE MAR 1    704                       903   -199      602
  SINCE JUL 1   3548                      4543   -995     3452

 COOLING
  YESTERDAY        5                         2      3        3
  MONTH TO DATE   12                        14     -2        8
  SINCE MAR 1     57                        40     17       45
  SINCE JAN 1     57                        40     17       45
..................................................................


WIND (MPH)
  HIGHEST WIND SPEED    22   HIGHEST WIND DIRECTION     S (190)
  HIGHEST GUST SPEED    28   HIGHEST GUST DIRECTION     S (180)
  AVERAGE WIND SPEED    12.3


SKY COVER
  POSSIBLE SUNSHINE  MM
  AVERAGE SKY COVER 0.2


WEATHER CONDITIONS
 THE FOLLOWING WEATHER WAS RECORDED YESTERDAY.
  NO SIGNIFICANT WEATHER WAS OBSERVED.


RELATIVE HUMIDITY (PERCENT)
 HIGHEST    86           400 AM
 LOWEST     43           300 PM
 AVERAGE    65

..........................................................


THE WICHITA EISENHOWER NATIONAL CLIMATE NORMALS FOR TODAY
                         NORMAL    RECORD    YEAR
 MAXIMUM TEMPERATURE (F)   75       100      2011
 MINIMUM TEMPERATURE (F)   53        36      1980


SUNRISE AND SUNSET
MAY  9 2017...........SUNRISE   625 AM CDT   SUNSET   827 PM CDT
MAY 10 2017...........SUNRISE   624 AM CDT   SUNSET   828 PM CDT


-  INDICATES NEGATIVE NUMBERS.
R  INDICATES RECORD WAS SET OR TIED.
MM INDICATES DATA IS MISSING.
T  INDICATES TRACE AMOUNT.




$$
