000
CDUS43 KICT 180625
CLIICT

CLIMATE REPORT
NATIONAL WEATHER SERVICE WICHITA KS
125 AM CDT SUN SEP 18 2016


...................................

...THE WICHITA EISENHOWER NATIONAL CLIMATE SUMMARY FOR SEPTEMBER 17 2016...

CLIMATE NORMAL PERIOD 1981 TO 2010
CLIMATE RECORD PERIOD 1888 TO 2016


WEATHER ITEM   OBSERVED TIME   RECORD YEAR NORMAL DEPARTURE LAST
                VALUE   (LST)  VALUE       VALUE  FROM      YEAR
                                                  NORMAL
..................................................................
TEMPERATURE (F)
 YESTERDAY
  MAXIMUM         83    348 PM 100    1931  82      1       95
  MINIMUM         60    609 AM  40    1973  59      1       73
  AVERAGE         72                        70      2       84

PRECIPITATION (IN)
  YESTERDAY        0.00          3.12 1905   0.10  -0.10      T
  MONTH TO DATE    9.65                      1.80   7.85     1.21
  SINCE SEP 1      9.65                      1.80   7.85     1.21
  SINCE JAN 1     45.99                     25.89  20.10    33.63

SNOWFALL (IN)
  YESTERDAY        0.0           0.0  2007   0.0    0.0      0.0
  MONTH TO DATE    0.0                       0.0    0.0      0.0
  SINCE SEP 1      0.0                       0.0    0.0      0.0
  SINCE JUL 1      0.0                       0.0    0.0      0.0
  SNOW DEPTH       0

DEGREE DAYS
 HEATING
  YESTERDAY        0                         1     -1        0
  MONTH TO DATE    0                         7     -7        0
  SINCE SEP 1      0                         7     -7        0
  SINCE JUL 1      0                         8     -8        0

 COOLING
  YESTERDAY        7                         7      0       19
  MONTH TO DATE  177                       159     18      248
  SINCE SEP 1    177                       159     18      248
  SINCE JAN 1   1849                      1586    263     1739
..................................................................


WIND (MPH)
  HIGHEST WIND SPEED    13   HIGHEST WIND DIRECTION    SE (150)
  HIGHEST GUST SPEED    15   HIGHEST GUST DIRECTION    SE (150)
  AVERAGE WIND SPEED     3.1


SKY COVER
  POSSIBLE SUNSHINE  MM
  AVERAGE SKY COVER 0.5


WEATHER CONDITIONS
 THE FOLLOWING WEATHER WAS RECORDED YESTERDAY.
  FOG
  FOG W/VISIBILITY <= 1/4 MILE


RELATIVE HUMIDITY (PERCENT)
 HIGHEST   100           400 AM
 LOWEST     43           300 PM
 AVERAGE    72

..........................................................


THE WICHITA EISENHOWER NATIONAL CLIMATE NORMALS FOR TODAY
                         NORMAL    RECORD    YEAR
 MAXIMUM TEMPERATURE (F)   82       100      1997
 MINIMUM TEMPERATURE (F)   58        38      1973


SUNRISE AND SUNSET
SEPTEMBER 18 2016.....SUNRISE   714 AM CDT   SUNSET   732 PM CDT
SEPTEMBER 19 2016.....SUNRISE   715 AM CDT   SUNSET   730 PM CDT


-  INDICATES NEGATIVE NUMBERS.
R  INDICATES RECORD WAS SET OR TIED.
MM INDICATES DATA IS MISSING.
T  INDICATES TRACE AMOUNT.




$$
