000
CDUS43 KICT 120649
CLIICT

CLIMATE REPORT
NATIONAL WEATHER SERVICE WICHITA KS
148 AM CDT FRI SEP 12 2014

...................................

...THE WICHITA MID CONTINENT KS CLIMATE SUMMARY FOR SEPTEMBER 11 2014...

CLIMATE NORMAL PERIOD 1981 TO 2010
CLIMATE RECORD PERIOD 1888 TO 2014


WEATHER ITEM   OBSERVED TIME   RECORD YEAR NORMAL DEPARTURE LAST
                VALUE   (LST)  VALUE       VALUE  FROM      YEAR
                                                  NORMAL
..................................................................
TEMPERATURE (F)
 YESTERDAY
  MAXIMUM         75    204 PM 106    2000  85    -10       95
  MINIMUM         58    752 AM  42    1959  62     -4       68
  AVERAGE         67                        73     -6       82

PRECIPITATION (IN)
  YESTERDAY        0.00          1.72 2003   0.10  -0.10     0.00
  MONTH TO DATE    0.16                      1.19  -1.03     0.01
  SINCE SEP 1      0.16                      1.19  -1.03     0.01
  SINCE JAN 1     22.14                     25.28  -3.14    34.18

SNOWFALL (IN)
  YESTERDAY        0.0           0.0  2007   0.0    0.0      0.0
  MONTH TO DATE    0.0                       0.0    0.0      0.0
  SINCE SEP 1      0.0                       0.0    0.0      0.0
  SINCE JUL 1      0.0                       0.0    0.0      0.0
  SNOW DEPTH       0

DEGREE DAYS
 HEATING
  YESTERDAY        0                         1     -1        0
  MONTH TO DATE    0                         1     -1        0
  SINCE SEP 1      0                         1     -1        0
  SINCE JUL 1      1                         2     -1        1

 COOLING
  YESTERDAY        2                         9     -7       17
  MONTH TO DATE  126                       114     12      173
  SINCE SEP 1    126                       114     12      173
  SINCE JAN 1   1622                      1541     81     1586
..................................................................


WIND (MPH)
  HIGHEST WIND SPEED    21   HIGHEST WIND DIRECTION    NE (40)
  HIGHEST GUST SPEED    25   HIGHEST GUST DIRECTION    NE (40)
  AVERAGE WIND SPEED    14.8


SKY COVER
  POSSIBLE SUNSHINE  MM
  AVERAGE SKY COVER 0.8


WEATHER CONDITIONS
 THE FOLLOWING WEATHER WAS RECORDED YESTERDAY.
  NO SIGNIFICANT WEATHER WAS OBSERVED.


RELATIVE HUMIDITY (PERCENT)
 HIGHEST    80           700 AM
 LOWEST     46           200 PM
 AVERAGE    63

..........................................................


THE WICHITA MID CONTINENT KS CLIMATE NORMALS FOR TODAY
                         NORMAL    RECORD    YEAR
 MAXIMUM TEMPERATURE (F)   84       101      1980
 MINIMUM TEMPERATURE (F)   61        41      1902


SUNRISE AND SUNSET
SEPTEMBER 12 2014.....SUNRISE   709 AM CDT   SUNSET   742 PM CDT
SEPTEMBER 13 2014.....SUNRISE   710 AM CDT   SUNSET   741 PM CDT


-  INDICATES NEGATIVE NUMBERS.
R  INDICATES RECORD WAS SET OR TIED.
MM INDICATES DATA IS MISSING.
T  INDICATES TRACE AMOUNT.

$$
