000
CDUS43 KICT 220631
CLIICT

CLIMATE REPORT
NATIONAL WEATHER SERVICE WICHITA KS
130 AM CDT FRI MAY 22 2015

...................................

...THE WICHITA EISENHOWER NATIONAL CLIMATE SUMMARY FOR MAY 21 2015...

CLIMATE NORMAL PERIOD 1981 TO 2010
CLIMATE RECORD PERIOD 1888 TO 2015


WEATHER ITEM   OBSERVED TIME   RECORD YEAR NORMAL DEPARTURE LAST
                VALUE   (LST)  VALUE       VALUE  FROM      YEAR
                                                  NORMAL
..................................................................
TEMPERATURE (F)
 YESTERDAY
  MAXIMUM         66    359 PM  99    1925  78    -12       94
  MINIMUM         45    602 AM  36    1967  57    -12       67
  AVERAGE         56                        68    -12       81

PRECIPITATION (IN)
  YESTERDAY        0.00          3.05 1891   0.15  -0.15     0.00
  MONTH TO DATE    8.18                      2.97   5.21     0.55
  SINCE MAR 1     11.08                      8.25   2.83     1.57
  SINCE JAN 1     12.85                     10.26   2.59     2.56

SNOWFALL (IN)
  YESTERDAY        0.0           0.0  2007   0.0    0.0      0.0
                                      2001
  MONTH TO DATE    0.0                       0.0    0.0      0.0
  SINCE MAR 1      1.1                       2.5   -1.4      3.5
  SINCE JUL 1     18.0                      14.9    3.1     23.0
  SNOW DEPTH       0

DEGREE DAYS
 HEATING
  YESTERDAY        9                         2      7        0
  MONTH TO DATE   59                        68     -9       73
  SINCE MAR 1    696                       936   -240     1020
  SINCE JUL 1   4261                      4576   -315     4939

 COOLING
  YESTERDAY        0                         4     -4       16
  MONTH TO DATE   55                        56     -1      140
  SINCE MAR 1     83                        82      1      173
  SINCE JAN 1     83                        82      1      173
..................................................................


WIND (MPH)
  HIGHEST WIND SPEED    15   HIGHEST WIND DIRECTION     E (110)
  HIGHEST GUST SPEED    21   HIGHEST GUST DIRECTION     E (70)
  AVERAGE WIND SPEED     8.3


SKY COVER
  POSSIBLE SUNSHINE  MM
  AVERAGE SKY COVER 0.5


WEATHER CONDITIONS
 THE FOLLOWING WEATHER WAS RECORDED YESTERDAY.
  NO SIGNIFICANT WEATHER WAS OBSERVED.


RELATIVE HUMIDITY (PERCENT)
 HIGHEST    92           600 AM
 LOWEST     44           200 PM
 AVERAGE    68

..........................................................


THE WICHITA EISENHOWER NATIONAL CLIMATE NORMALS FOR TODAY
                         NORMAL    RECORD    YEAR
 MAXIMUM TEMPERATURE (F)   78        95      1956
 MINIMUM TEMPERATURE (F)   57        38      1931


SUNRISE AND SUNSET
MAY 22 2015...........SUNRISE   615 AM CDT   SUNSET   838 PM CDT
MAY 23 2015...........SUNRISE   614 AM CDT   SUNSET   839 PM CDT


-  INDICATES NEGATIVE NUMBERS.
R  INDICATES RECORD WAS SET OR TIED.
MM INDICATES DATA IS MISSING.
T  INDICATES TRACE AMOUNT.

$$
