000
CDUS43 KICT 280653
CLIICT


CLIMATE REPORT
NATIONAL WEATHER SERVICE WICHITA KS
1253 AM CST TUE NOV 28 2017


...................................

...THE WICHITA EISENHOWER NATIONAL CLIMATE SUMMARY FOR NOVEMBER 27 2017...

CLIMATE NORMAL PERIOD 1981 TO 2010
CLIMATE RECORD PERIOD 1888 TO 2017


WEATHER ITEM   OBSERVED TIME   RECORD YEAR NORMAL DEPARTURE LAST
                VALUE   (LST)  VALUE       VALUE  FROM      YEAR
                                                  NORMAL
..................................................................
TEMPERATURE (F)
 YESTERDAY
  MAXIMUM         74R   229 PM  72    1933  50     24       60
                                      1905
  MINIMUM         43    612 AM   3    1975  29     14       52
  AVERAGE         59                        40     19       56

PRECIPITATION (IN)
  YESTERDAY        0.00          0.95 1948   0.05  -0.05     0.07
  MONTH TO DATE    0.12                      1.31  -1.19     0.26
  SINCE SEP 1      6.06                      7.23  -1.17    13.60
  SINCE JAN 1     33.41                     31.32   2.09    49.94

SNOWFALL (IN)
  YESTERDAY        0.0           4.9  1987   0.1   -0.1      0.0
  MONTH TO DATE    0.0                       1.0   -1.0      0.0
  SINCE SEP 1      0.0                       1.1   -1.1      0.0
  SINCE JUL 1      0.0                       1.1   -1.1      0.0
  SNOW DEPTH       0

DEGREE DAYS
 HEATING
  YESTERDAY        6                        25    -19        9
  MONTH TO DATE  456                       509    -53      299
  SINCE SEP 1    680                       794   -114      389
  SINCE JUL 1    680                       795   -115      389

 COOLING
  YESTERDAY        0                         0      0        0
  MONTH TO DATE    2                         0      2       11
  SINCE SEP 1    346                       257     89      382
  SINCE JAN 1   1785                      1684    101     2054
..................................................................


WIND (MPH)
  HIGHEST WIND SPEED    33   HIGHEST WIND DIRECTION     S (180)
  HIGHEST GUST SPEED    40   HIGHEST GUST DIRECTION     S (180)
  AVERAGE WIND SPEED    17.4


SKY COVER
  POSSIBLE SUNSHINE  MM
  AVERAGE SKY COVER 0.3


WEATHER CONDITIONS
 THE FOLLOWING WEATHER WAS RECORDED YESTERDAY.
  NO SIGNIFICANT WEATHER WAS OBSERVED.


RELATIVE HUMIDITY (PERCENT)
 HIGHEST    83           700 AM
 LOWEST     41           200 PM
 AVERAGE    62

..........................................................


THE WICHITA EISENHOWER NATIONAL CLIMATE NORMALS FOR TODAY
                         NORMAL    RECORD    YEAR
 MAXIMUM TEMPERATURE (F)   50        72      1949
 MINIMUM TEMPERATURE (F)   29         5      1976


SUNRISE AND SUNSET
NOVEMBER 28 2017......SUNRISE   723 AM CST   SUNSET   512 PM CST
NOVEMBER 29 2017......SUNRISE   724 AM CST   SUNSET   512 PM CST


-  INDICATES NEGATIVE NUMBERS.
R  INDICATES RECORD WAS SET OR TIED.
MM INDICATES DATA IS MISSING.
T  INDICATES TRACE AMOUNT.




$$
