355
CDUS43 KICT 220717
CLIICT


CLIMATE REPORT
NATIONAL WEATHER SERVICE WICHITA KS
216 AM CDT FRI JUL 22 2016


...................................

...THE WICHITA EISENHOWER NATIONAL CLIMATE SUMMARY FOR JULY 21 2016...

CLIMATE NORMAL PERIOD 1981 TO 2010
CLIMATE RECORD PERIOD 1888 TO 2016


WEATHER ITEM   OBSERVED TIME   RECORD YEAR NORMAL DEPARTURE LAST
                VALUE   (LST)  VALUE       VALUE  FROM      YEAR
                                                  NORMAL
..................................................................
TEMPERATURE (F)
 YESTERDAY
  MAXIMUM        103    409 PM 107    1974  93     10       83
  MINIMUM         76    547 AM  53    1970  70      6       73
  AVERAGE         90                        81      9       78

PRECIPITATION (IN)
  YESTERDAY        0.00          1.82 1948   0.10  -0.10     0.71
  MONTH TO DATE    8.40                      2.38   6.02     5.60
  SINCE JUN 1     11.23                      7.58   3.65     7.80
  SINCE JAN 1     26.79                     19.44   7.35    24.24

SNOWFALL (IN)
  YESTERDAY        0.0           0.0  2007   0.0    0.0      0.0
  MONTH TO DATE    0.0                       0.0    0.0      0.0
  SINCE JUN 1      0.0                       0.0    0.0      0.0
  SINCE JUL 1      0.0                       0.0    0.0      0.0
  SNOW DEPTH       0

DEGREE DAYS
 HEATING
  YESTERDAY        0                         0      0        0
  MONTH TO DATE    0                         0      0        0
  SINCE JUN 1      0                         6     -6        0
  SINCE JUL 1      0                         0      0        0

 COOLING
  YESTERDAY       25                        16      9       13
  MONTH TO DATE  393                       331     62      350
  SINCE JUN 1    879                       660    219      809
  SINCE JAN 1   1009                       796    213      922
..................................................................


WIND (MPH)
  HIGHEST WIND SPEED    24   HIGHEST WIND DIRECTION     S (180)
  HIGHEST GUST SPEED    30   HIGHEST GUST DIRECTION     S (160)
  AVERAGE WIND SPEED    12.7


SKY COVER
  POSSIBLE SUNSHINE  MM
  AVERAGE SKY COVER 0.1


WEATHER CONDITIONS
 THE FOLLOWING WEATHER WAS RECORDED YESTERDAY.
  NO SIGNIFICANT WEATHER WAS OBSERVED.


RELATIVE HUMIDITY (PERCENT)
 HIGHEST    82           500 AM
 LOWEST     29           500 PM
 AVERAGE    56

..........................................................


THE WICHITA EISENHOWER NATIONAL CLIMATE NORMALS FOR TODAY
                         NORMAL    RECORD    YEAR
 MAXIMUM TEMPERATURE (F)   93       107      2001
                                             1981
                                             1954
 MINIMUM TEMPERATURE (F)   70        53      1970


SUNRISE AND SUNSET
JULY 22 2016..........SUNRISE   626 AM CDT   SUNSET   846 PM CDT
JULY 23 2016..........SUNRISE   627 AM CDT   SUNSET   845 PM CDT


-  INDICATES NEGATIVE NUMBERS.
R  INDICATES RECORD WAS SET OR TIED.
MM INDICATES DATA IS MISSING.
T  INDICATES TRACE AMOUNT.




$$
