000
CDUS43 KICT 120630
CLIICT


CLIMATE REPORT
NATIONAL WEATHER SERVICE WICHITA KS
1230 AM CST SUN FEB 12 2017


...................................

...THE WICHITA EISENHOWER NATIONAL CLIMATE SUMMARY FOR FEBRUARY 11 2017...

CLIMATE NORMAL PERIOD 1981 TO 2010
CLIMATE RECORD PERIOD 1888 TO 2017


WEATHER ITEM   OBSERVED TIME   RECORD YEAR NORMAL DEPARTURE LAST
                VALUE   (LST)  VALUE       VALUE  FROM      YEAR
                                                  NORMAL
..................................................................
TEMPERATURE (F)
 YESTERDAY
  MAXIMUM         73    412 PM  77    1951  47     26       49
  MINIMUM         44    713 AM -17    1899  25     19       28
  AVERAGE         59                        36     23       39

PRECIPITATION (IN)
  YESTERDAY        0.00          0.71 1894   0.04  -0.04     0.00
  MONTH TO DATE    T                         0.41  -0.41     0.55
  SINCE DEC 1      3.45                      2.44   1.01     2.96
  SINCE JAN 1      2.79                      1.24   1.55     0.74

SNOWFALL (IN)
  YESTERDAY        0.0           7.5  1894   0.1   -0.1      0.0
  MONTH TO DATE    0.0                       1.5   -1.5      0.0
  SINCE DEC 1      2.0                       9.3   -7.3      0.5
  SINCE JUL 1      2.0                      10.7   -8.7      0.8
  SNOW DEPTH       0

DEGREE DAYS
 HEATING
  YESTERDAY        6                        29    -23       26
  MONTH TO DATE  249                       332    -83      282
  SINCE DEC 1   2108                      2316   -208     1964
  SINCE JUL 1   2561                      3192   -631     2533

 COOLING
  YESTERDAY        0                         0      0        0
  MONTH TO DATE    0                         0      0        0
  SINCE DEC 1      0                         0      0        0
  SINCE JAN 1      0                         0      0        0
..................................................................


WIND (MPH)
  HIGHEST WIND SPEED    23   HIGHEST WIND DIRECTION     N (360)
  HIGHEST GUST SPEED    30   HIGHEST GUST DIRECTION     N (360)
  AVERAGE WIND SPEED     9.6


SKY COVER
  POSSIBLE SUNSHINE  MM
  AVERAGE SKY COVER 0.4


WEATHER CONDITIONS
 THE FOLLOWING WEATHER WAS RECORDED YESTERDAY.
  NO SIGNIFICANT WEATHER WAS OBSERVED.


RELATIVE HUMIDITY (PERCENT)
 HIGHEST    93           600 AM
 LOWEST     41           300 PM
 AVERAGE    67

..........................................................


THE WICHITA EISENHOWER NATIONAL CLIMATE NORMALS FOR TODAY
                         NORMAL    RECORD    YEAR
 MAXIMUM TEMPERATURE (F)   47        81      1962
 MINIMUM TEMPERATURE (F)   25       -22      1899


SUNRISE AND SUNSET
FEBRUARY 12 2017......SUNRISE   722 AM CST   SUNSET   606 PM CST
FEBRUARY 13 2017......SUNRISE   721 AM CST   SUNSET   607 PM CST


-  INDICATES NEGATIVE NUMBERS.
R  INDICATES RECORD WAS SET OR TIED.
MM INDICATES DATA IS MISSING.
T  INDICATES TRACE AMOUNT.




$$
