846
CDUS43 KICT 160704
CLIICT

CLIMATE REPORT
NATIONAL WEATHER SERVICE WICHITA KS
155 AM CDT FRI JUN 16 2017

...................................

...THE WICHITA EISENHOWER NATIONAL CLIMATE SUMMARY FOR JUNE 15 2017...

CLIMATE NORMAL PERIOD 1981 TO 2010
CLIMATE RECORD PERIOD 1888 TO 2017


WEATHER ITEM   OBSERVED TIME   RECORD YEAR NORMAL DEPARTURE LAST
                VALUE   (LST)  VALUE       VALUE  FROM      YEAR
                                                  NORMAL
..................................................................
TEMPERATURE (F)
 YESTERDAY
  MAXIMUM         95    317 PM 109    1953  87      8      103
  MINIMUM         65    738 PM  53    2001  65      0       70
  AVERAGE         80                        76      4       87

PRECIPITATION (IN)
  YESTERDAY        1.33          1.67 2002   0.18   1.15     0.59
  MONTH TO DATE    2.24                      2.70  -0.46     0.59
  SINCE JUN 1      2.24                      2.70  -0.46     0.59
  SINCE JAN 1     21.08                     14.56   6.52    16.15

SNOWFALL (IN)
  YESTERDAY        0.0                       0.0    0.0      0.0
  MONTH TO DATE    0.0                       0.0    0.0      0.0
  SINCE JUN 1      0.0                       0.0    0.0      0.0
  SINCE JUL 1      2.0                      14.9  -12.9      4.3
  SNOW DEPTH       0

DEGREE DAYS
 HEATING
  YESTERDAY        0                         0      0        0
  MONTH TO DATE    0                         3     -3        0
  SINCE JUN 1      0                         3     -3        0
  SINCE JUL 1   3584                      4591  -1007     3504

 COOLING
  YESTERDAY       15                        11      4       22
  MONTH TO DATE  178                       132     46      206
  SINCE JUN 1    178                       132     46      206
  SINCE JAN 1    334                       268     66      336
..................................................................


WIND (MPH)
  HIGHEST WIND SPEED    41   HIGHEST WIND DIRECTION    NW (330)
  HIGHEST GUST SPEED    65   HIGHEST GUST DIRECTION    NW (330)
  AVERAGE WIND SPEED    13.6


SKY COVER
  AVERAGE SKY COVER 0.5


WEATHER CONDITIONS
 THE FOLLOWING WEATHER WAS RECORDED YESTERDAY.
  THUNDERSTORM
  HEAVY RAIN
  LIGHT RAIN
  FOG


RELATIVE HUMIDITY (PERCENT)
 HIGHEST    94           700 AM
 LOWEST     46           500 PM
 AVERAGE    70

..........................................................


THE WICHITA EISENHOWER NATIONAL CLIMATE NORMALS FOR TODAY
                         NORMAL    RECORD    YEAR
 MAXIMUM TEMPERATURE (F)   87       100      1978
 MINIMUM TEMPERATURE (F)   65        50      1989


SUNRISE AND SUNSET
JUNE 16 2017..........SUNRISE   608 AM CDT   SUNSET   853 PM CDT
JUNE 17 2017..........SUNRISE   608 AM CDT   SUNSET   854 PM CDT


-  INDICATES NEGATIVE NUMBERS.
R  INDICATES RECORD WAS SET OR TIED.
MM INDICATES DATA IS MISSING.
T  INDICATES TRACE AMOUNT.

$$
