087
CDUS43 KICT 170633
CLIICT

CLIMATE REPORT
NATIONAL WEATHER SERVICE WICHITA KS
130 AM CDT TUE MAY 17 2016

...................................

...THE WICHITA EISENHOWER NATIONAL CLIMATE SUMMARY FOR MAY 16 2016...

CLIMATE NORMAL PERIOD 1981 TO 2010
CLIMATE RECORD PERIOD 1888 TO 2016


WEATHER ITEM   OBSERVED TIME   RECORD YEAR NORMAL DEPARTURE LAST
                VALUE   (LST)  VALUE       VALUE  FROM      YEAR
                                                  NORMAL
..................................................................
TEMPERATURE (F)
 YESTERDAY
  MAXIMUM         61    409 PM  91    2001  77    -16       72
                                      1996
                                      1931
  MINIMUM         52    212 AM  36    1890  55     -3       59
  AVERAGE         57                        66     -9       66

PRECIPITATION (IN)
  YESTERDAY        1.34          3.59 2015   0.14   1.20     3.59
  MONTH TO DATE    1.80                      2.20  -0.40     7.46
  SINCE MAR 1      9.56                      7.48   2.08    10.36
  SINCE JAN 1     10.30                      9.49   0.81    12.13

SNOWFALL (IN)
  YESTERDAY        0.0           0.0  2007   0.0    0.0      0.0
                                      2001
  MONTH TO DATE    0.0                       0.0    0.0      0.0
  SINCE MAR 1      3.5                       2.5    1.0      1.1
  SINCE JUL 1      4.3                      14.9  -10.6     18.0
  SNOW DEPTH       0

DEGREE DAYS
 HEATING
  YESTERDAY        8                         2      6        0
  MONTH TO DATE   63                        58      5       30
  SINCE MAR 1    626                       926   -300      667
  SINCE JUL 1   3476                      4566  -1090     4232

 COOLING
  YESTERDAY        0                         3     -3        1
  MONTH TO DATE   19                        36    -17       51
  SINCE MAR 1     56                        62     -6       79
  SINCE JAN 1     56                        62     -6       79
..................................................................


WIND (MPH)
  HIGHEST WIND SPEED    20   HIGHEST WIND DIRECTION    SE (120)
  HIGHEST GUST SPEED    23   HIGHEST GUST DIRECTION    SE (120)
  AVERAGE WIND SPEED     9.8


SKY COVER
  POSSIBLE SUNSHINE  MM
  AVERAGE SKY COVER 1.0


WEATHER CONDITIONS
 THE FOLLOWING WEATHER WAS RECORDED YESTERDAY.
  THUNDERSTORM
  HEAVY RAIN
  RAIN
  LIGHT RAIN
  FOG


RELATIVE HUMIDITY (PERCENT)
 HIGHEST   100           800 AM
 LOWEST     83           100 AM
 AVERAGE    92

..........................................................


THE WICHITA EISENHOWER NATIONAL CLIMATE NORMALS FOR TODAY
                         NORMAL    RECORD    YEAR
 MAXIMUM TEMPERATURE (F)   77        93      1996
 MINIMUM TEMPERATURE (F)   56        37      1973
                                             1945


SUNRISE AND SUNSET
MAY 17 2016...........SUNRISE   618 AM CDT   SUNSET   835 PM CDT
MAY 18 2016...........SUNRISE   617 AM CDT   SUNSET   835 PM CDT


-  INDICATES NEGATIVE NUMBERS.
R  INDICATES RECORD WAS SET OR TIED.
MM INDICATES DATA IS MISSING.
T  INDICATES TRACE AMOUNT.

$$
