000
CDUS43 KICT 130652
CLIICT

CLIMATE REPORT
NATIONAL WEATHER SERVICE WICHITA KS
151 AM CDT WED AUG 13 2014

...................................

...THE WICHITA MID CONTINENT KS CLIMATE SUMMARY FOR AUGUST 12 2014...

CLIMATE NORMAL PERIOD 1981 TO 2010
CLIMATE RECORD PERIOD 1888 TO 2014


WEATHER ITEM   OBSERVED TIME   RECORD YEAR NORMAL DEPARTURE LAST
                VALUE   (LST)  VALUE       VALUE  FROM      YEAR
                                                  NORMAL
..................................................................
TEMPERATURE (F)
 YESTERDAY
  MAXIMUM         85    511 PM 114    1936  92     -7       86
  MINIMUM         59    551 AM  50    1967  70    -11       69
  AVERAGE         72                        81     -9       78

PRECIPITATION (IN)
  YESTERDAY        0.00          3.76 1987   0.12  -0.12     0.55
  MONTH TO DATE    1.76                      1.36   0.40     8.15
  SINCE JUN 1     15.29                      9.88   5.41    17.67
  SINCE JAN 1     21.36                     21.74  -0.38    31.69

SNOWFALL (IN)
  YESTERDAY        0.0           0.0  2007   0.0    0.0      0.0
  MONTH TO DATE    0.0                       0.0    0.0      0.0
  SINCE JUN 1      0.0                       0.0    0.0      0.0
  SINCE JUL 1      0.0                       0.0    0.0      0.0
  SNOW DEPTH       0

DEGREE DAYS
 HEATING
  YESTERDAY        0                         0      0        0
  MONTH TO DATE    0                         0      0        0
  SINCE JUN 1      1                         6     -5        4
  SINCE JUL 1      1                         0      1        1

 COOLING
  YESTERDAY        7                        16     -9       13
  MONTH TO DATE  165                       192    -27      152
  SINCE JUN 1    890                      1018   -128     1013
  SINCE JAN 1   1157                      1154      3     1151
..................................................................


WIND (MPH)
  HIGHEST WIND SPEED    14   HIGHEST WIND DIRECTION     N (20)
  HIGHEST GUST SPEED    18   HIGHEST GUST DIRECTION     N (10)
  AVERAGE WIND SPEED     5.8


SKY COVER
  POSSIBLE SUNSHINE  MM
  AVERAGE SKY COVER 0.2


WEATHER CONDITIONS
 THE FOLLOWING WEATHER WAS RECORDED YESTERDAY.
  NO SIGNIFICANT WEATHER WAS OBSERVED.


RELATIVE HUMIDITY (PERCENT)
 HIGHEST    84           500 AM
 LOWEST     34           300 PM
 AVERAGE    59

..........................................................


THE WICHITA MID CONTINENT KS CLIMATE NORMALS FOR TODAY
                         NORMAL    RECORD    YEAR
 MAXIMUM TEMPERATURE (F)   92       110      1936
 MINIMUM TEMPERATURE (F)   70        52      1967


SUNRISE AND SUNSET
AUGUST 13 2014........SUNRISE   644 AM CDT   SUNSET   825 PM CDT
AUGUST 14 2014........SUNRISE   645 AM CDT   SUNSET   823 PM CDT


-  INDICATES NEGATIVE NUMBERS.
R  INDICATES RECORD WAS SET OR TIED.
MM INDICATES DATA IS MISSING.
T  INDICATES TRACE AMOUNT.

$$
