000
CDUS43 KICT 192304
CLIICT


CLIMATE REPORT
NATIONAL WEATHER SERVICE WICHITA KS
504 PM CST THU FEB 19 2015


...................................

...THE WICHITA EISENHOWER NATIONAL CLIMATE SUMMARY FOR FEBRUARY 19 2015...
VALID TODAY AS OF 0500 PM LOCAL TIME.

CLIMATE NORMAL PERIOD 1981 TO 2010
CLIMATE RECORD PERIOD 1888 TO 2015


WEATHER ITEM   OBSERVED TIME   RECORD YEAR NORMAL DEPARTURE LAST
                VALUE   (LST)  VALUE       VALUE  FROM      YEAR
                                                  NORMAL
..................................................................
TEMPERATURE (F)
 TODAY
  MAXIMUM         43    402 PM  74    1996  49     -6       59
                                      1930
  MINIMUM         19    736 AM   2    1975  27     -8       33
                                      1903
  AVERAGE         31                        38     -7       46

PRECIPITATION (IN)
  TODAY            0.00          1.36 1891   0.05  -0.05      T
  MONTH TO DATE    0.08                      0.76  -0.68     0.81
  SINCE DEC 1      2.48                      2.79  -0.31     1.54
  SINCE JAN 1      1.19                      1.59  -0.40     0.94

SNOWFALL (IN)
  TODAY            0.0           3.5  1902   0.1   -0.1      0.0
  MONTH TO DATE    0.9                       2.5   -1.6     13.0
  SINCE DEC 1      9.1                      10.3   -1.2     19.4
  SINCE JUL 1     10.9                      11.7   -0.8     19.4
  SNOW DEPTH       0

DEGREE DAYS
 HEATING
  TODAY           34                        27      7       19
  MONTH TO DATE  575                       554     21      689
  SINCE DEC 1   2349                      2538   -189     2778
  SINCE JUL 1   3229                      3414   -185     3663

 COOLING
  TODAY            0                         0      0        0
  MONTH TO DATE    0                         0      0        0
  SINCE DEC 1      0                         0      0        0
  SINCE JAN 1      0                         0      0        0
..................................................................


WIND (MPH)
  HIGHEST WIND SPEED    23   HIGHEST WIND DIRECTION     S (160)
  HIGHEST GUST SPEED    33   HIGHEST GUST DIRECTION     S (180)
  AVERAGE WIND SPEED    11.2


SKY COVER
  POSSIBLE SUNSHINE  MM
  AVERAGE SKY COVER 0.7


WEATHER CONDITIONS
 THE FOLLOWING WEATHER WAS RECORDED TODAY.
  NO SIGNIFICANT WEATHER WAS OBSERVED.


RELATIVE HUMIDITY (PERCENT)
 HIGHEST    56           800 AM
 LOWEST     28           400 PM
 AVERAGE    42

..........................................................


THE WICHITA EISENHOWER NATIONAL CLIMATE NORMALS FOR TOMORROW
                         NORMAL    RECORD    YEAR
 MAXIMUM TEMPERATURE (F)   50        81      1981
 MINIMUM TEMPERATURE (F)   28         3      1918


SUNRISE AND SUNSET
FEBRUARY 19 2015......SUNRISE   715 AM CST   SUNSET   613 PM CST
FEBRUARY 20 2015......SUNRISE   713 AM CST   SUNSET   614 PM CST


-  INDICATES NEGATIVE NUMBERS.
R  INDICATES RECORD WAS SET OR TIED.
MM INDICATES DATA IS MISSING.
T  INDICATES TRACE AMOUNT.




$$
