000
CDUS43 KICT 122212
CLIICT

CLIMATE REPORT
NATIONAL WEATHER SERVICE WICHITA KS
510 PM CDT SUN OCT 12 2014

...................................

...THE WICHITA MID CONTINENT CLIMATE SUMMARY FOR OCTOBER 12 2014...
VALID TODAY AS OF 500 PM LOCAL TIME.

CLIMATE NORMAL PERIOD 1981 TO 2010
CLIMATE RECORD PERIOD 1888 TO 2014


WEATHER ITEM   OBSERVED TIME   RECORD YEAR NORMAL DEPARTURE LAST
                VALUE   (LST)  VALUE       VALUE  FROM      YEAR
                                                  NORMAL
..................................................................
TEMPERATURE (F)
 TODAY
  MAXIMUM         68    201 PM  91    1975  71     -3       74
  MINIMUM         43    649 AM  27    1917  48     -5       52
  AVERAGE         56                        60     -4       63

PRECIPITATION (IN)
  TODAY            0.00          1.52 1997   0.09  -0.09     0.00
  MONTH TO DATE    0.67                      1.20  -0.53     0.31
  SINCE SEP 1      1.14                      4.34  -3.20     2.34
  SINCE JAN 1     23.12                     28.43  -5.31    36.51

SNOWFALL (IN)
  TODAY            0.0           0.0  2007   0.0    0.0      0.0
  MONTH TO DATE    0.0                       0.0    0.0      0.0
  SINCE SEP 1      0.0                       0.0    0.0      0.0
  SINCE JUL 1      0.0                       0.0    0.0      0.0
  SNOW DEPTH       0

DEGREE DAYS
 HEATING
  TODAY            9                         7      2        2
  MONTH TO DATE   53                        63    -10       28
  SINCE SEP 1     73                       105    -32       32
  SINCE JUL 1     74                       106    -32       33

 COOLING
  TODAY            0                         1     -1        0
  MONTH TO DATE   44                        25     19       51
  SINCE SEP 1    319                       247     72      365
  SINCE JAN 1   1815                      1674    141     1778
..................................................................


WIND (MPH)
  HIGHEST WIND SPEED    26   HIGHEST WIND DIRECTION     S (160)
  HIGHEST GUST SPEED    32   HIGHEST GUST DIRECTION    SE (150)
  AVERAGE WIND SPEED    10.6


SKY COVER
  POSSIBLE SUNSHINE  MM
  AVERAGE SKY COVER 0.5


WEATHER CONDITIONS
 THE FOLLOWING WEATHER WAS RECORDED TODAY.
  FOG


RELATIVE HUMIDITY (PERCENT)
 HIGHEST    92           600 AM
 LOWEST     52          1200 PM
 AVERAGE    72

..........................................................


THE WICHITA MID CONTINENT CLIMATE NORMALS FOR TOMORROW
                         NORMAL    RECORD    YEAR
 MAXIMUM TEMPERATURE (F)   71        90      1966
                                             1954
 MINIMUM TEMPERATURE (F)   48        33      1969


SUNRISE AND SUNSET
OCTOBER 12 2014.......SUNRISE   735 AM CDT   SUNSET   657 PM CDT
OCTOBER 13 2014.......SUNRISE   736 AM CDT   SUNSET   655 PM CDT


-  INDICATES NEGATIVE NUMBERS.
R  INDICATES RECORD WAS SET OR TIED.
MM INDICATES DATA IS MISSING.
T  INDICATES TRACE AMOUNT.

$$
