000
CDUS43 KICT 150628
CLIICT


CLIMATE REPORT
NATIONAL WEATHER SERVICE WICHITA KS
128 AM CDT THU SEP 15 2016


...................................

...THE WICHITA EISENHOWER NATIONAL CLIMATE SUMMARY FOR SEPTEMBER 14 2016...

CLIMATE NORMAL PERIOD 1981 TO 2010
CLIMATE RECORD PERIOD 1888 TO 2016


WEATHER ITEM   OBSERVED TIME   RECORD YEAR NORMAL DEPARTURE LAST
                VALUE   (LST)  VALUE       VALUE  FROM      YEAR
                                                  NORMAL
..................................................................
TEMPERATURE (F)
 YESTERDAY
  MAXIMUM         78    512 PM 100    1893  83     -5       89
  MINIMUM         60    749 AM  44    1974  60      0       68
                                      1961
  AVERAGE         69                        72     -3       79

PRECIPITATION (IN)
  YESTERDAY        0.30          1.76 1962   0.10   0.20     0.00
  MONTH TO DATE    9.26                      1.50   7.76     1.21
  SINCE SEP 1      9.26                      1.50   7.76     1.21
  SINCE JAN 1     45.60                     25.59  20.01    33.63

SNOWFALL (IN)
  YESTERDAY        0.0           0.0  2007   0.0    0.0      0.0
  MONTH TO DATE    0.0                       0.0    0.0      0.0
  SINCE SEP 1      0.0                       0.0    0.0      0.0
  SINCE JUL 1      0.0                       0.0    0.0      0.0
  SNOW DEPTH       0

DEGREE DAYS
 HEATING
  YESTERDAY        0                         1     -1        0
  MONTH TO DATE    0                         4     -4        0
  SINCE SEP 1      0                         4     -4        0
  SINCE JUL 1      0                         5     -5        0

 COOLING
  YESTERDAY        4                         8     -4       14
  MONTH TO DATE  153                       138     15      198
  SINCE SEP 1    153                       138     15      198
  SINCE JAN 1   1825                      1565    260     1689
..................................................................


WIND (MPH)
  HIGHEST WIND SPEED    17   HIGHEST WIND DIRECTION     N (340)
  HIGHEST GUST SPEED    21   HIGHEST GUST DIRECTION     N (360)
  AVERAGE WIND SPEED     5.8


SKY COVER
  POSSIBLE SUNSHINE  MM
  AVERAGE SKY COVER 0.8


WEATHER CONDITIONS
 THE FOLLOWING WEATHER WAS RECORDED YESTERDAY.
  THUNDERSTORM
  HEAVY RAIN
  RAIN
  LIGHT RAIN
  FOG


RELATIVE HUMIDITY (PERCENT)
 HIGHEST   100           700 AM
 LOWEST     67           400 PM
 AVERAGE    84

..........................................................


THE WICHITA EISENHOWER NATIONAL CLIMATE NORMALS FOR TODAY
                         NORMAL    RECORD    YEAR
 MAXIMUM TEMPERATURE (F)   83       103      1978
 MINIMUM TEMPERATURE (F)   60        37      1993


SUNRISE AND SUNSET
SEPTEMBER 15 2016.....SUNRISE   712 AM CDT   SUNSET   737 PM CDT
SEPTEMBER 16 2016.....SUNRISE   713 AM CDT   SUNSET   735 PM CDT


-  INDICATES NEGATIVE NUMBERS.
R  INDICATES RECORD WAS SET OR TIED.
MM INDICATES DATA IS MISSING.
T  INDICATES TRACE AMOUNT.




$$
