000
CDUS43 KICT 162207
CLIICT

CLIMATE REPORT
NATIONAL WEATHER SERVICE WICHITA KS
507 PM CDT SAT APR 16 2016


...................................

...THE WICHITA EISENHOWER NATIONAL CLIMATE SUMMARY FOR APRIL 16 2016...
VALID TODAY AS OF 0500 PM LOCAL TIME.

CLIMATE NORMAL PERIOD 1981 TO 2010
CLIMATE RECORD PERIOD 1888 TO 2016


WEATHER ITEM   OBSERVED TIME   RECORD YEAR NORMAL DEPARTURE LAST
                VALUE   (LST)  VALUE       VALUE  FROM      YEAR
                                                  NORMAL
..................................................................
TEMPERATURE (F)
 TODAY
  MAXIMUM         71    359 PM  89    2006  68      3       80
                                      1967
  MINIMUM         61    731 AM  29    1953  45     16       51
                                      1907
  AVERAGE         66                        56     10       66

PRECIPITATION (IN)
  TODAY            0.00          1.05 1969   0.08  -0.08     0.00
  MONTH TO DATE    0.14                      1.22  -1.08     1.44
  SINCE MAR 1      1.67                      3.91  -2.24     1.72
  SINCE JAN 1      2.41                      5.92  -3.51     3.49

SNOWFALL (IN)
  TODAY            0.0           T    1947   0.0    0.0      0.0
  MONTH TO DATE    0.0                       0.2   -0.2      0.0
  SINCE MAR 1      3.5                       2.5    1.0      1.1
  SINCE JUL 1      4.3                      14.9  -10.6     18.0
  SNOW DEPTH       0

DEGREE DAYS
 HEATING
  TODAY            0                        10    -10        0
  MONTH TO DATE  105                       188    -83       88
  SINCE MAR 1    494                       765   -271      562
  SINCE JUL 1   3344                      4405  -1061     4127

 COOLING
  TODAY            1                         1      0        1
  MONTH TO DATE   12                         9      3       24
  SINCE MAR 1     19                        11      8       24
  SINCE JAN 1     19                        11      8       24
..................................................................


WIND (MPH)
  HIGHEST WIND SPEED    30   HIGHEST WIND DIRECTION    SE (140)
  HIGHEST GUST SPEED    39   HIGHEST GUST DIRECTION    SE (150)
  AVERAGE WIND SPEED    19.9


SKY COVER
  POSSIBLE SUNSHINE  MM
  AVERAGE SKY COVER 0.9


WEATHER CONDITIONS
 THE FOLLOWING WEATHER WAS RECORDED TODAY.
  NO SIGNIFICANT WEATHER WAS OBSERVED.


RELATIVE HUMIDITY (PERCENT)
 HIGHEST    84           700 AM
 LOWEST     61          1100 AM
 AVERAGE    73

..........................................................


THE WICHITA EISENHOWER NATIONAL CLIMATE NORMALS FOR TOMORROW
                         NORMAL    RECORD    YEAR
 MAXIMUM TEMPERATURE (F)   68        92      2006
 MINIMUM TEMPERATURE (F)   45        25      1907


SUNRISE AND SUNSET
APRIL 16 2016.........SUNRISE   653 AM CDT   SUNSET   807 PM CDT
APRIL 17 2016.........SUNRISE   651 AM CDT   SUNSET   808 PM CDT


-  INDICATES NEGATIVE NUMBERS.
R  INDICATES RECORD WAS SET OR TIED.
MM INDICATES DATA IS MISSING.
T  INDICATES TRACE AMOUNT.




$$
