000
CDUS43 KICT 192205
CLIICT

CLIMATE REPORT
NATIONAL WEATHER SERVICE WICHITA KS
505 PM CDT TUE AUG 19 2014

...................................

...THE WICHITA MID CONTINENT CLIMATE SUMMARY FOR AUGUST 19 2014...
VALID TODAY AS OF 500 PM LOCAL TIME.

CLIMATE NORMAL PERIOD 1981 TO 2010
CLIMATE RECORD PERIOD 1888 TO 2014


WEATHER ITEM   OBSERVED TIME   RECORD YEAR NORMAL DEPARTURE LAST
                VALUE   (LST)  VALUE       VALUE  FROM      YEAR
                                                  NORMAL
..................................................................
TEMPERATURE (F)
 TODAY
  MAXIMUM         96    330 PM 105    2011  91      5       86
                                      1936
  MINIMUM         74    550 AM  50    1950  69      5       66
  AVERAGE         85                        80      5       76

PRECIPITATION (IN)
  TODAY            0.00          1.61 1994   0.12  -0.12     0.00
  MONTH TO DATE    2.11                      2.23  -0.12    10.63
  SINCE JUN 1     15.64                     10.75   4.89    20.15
  SINCE JAN 1     21.71                     22.61  -0.90    34.17

SNOWFALL (IN)
  TODAY            0.0           0.0  2007   0.0    0.0      0.0
  MONTH TO DATE    0.0                       0.0    0.0      0.0
  SINCE JUN 1      0.0                       0.0    0.0      0.0
  SINCE JUL 1      0.0                       0.0    0.0      0.0
  SNOW DEPTH       0

DEGREE DAYS
 HEATING
  TODAY            0                         0      0        0
  MONTH TO DATE    0                         0      0        0
  SINCE JUN 1      1                         6     -5        4
  SINCE JUL 1      1                         0      1        1

 COOLING
  TODAY           20                        15      5       11
  MONTH TO DATE  278                       299    -21      207
  SINCE JUN 1   1003                      1125   -122     1068
  SINCE JAN 1   1270                      1261      9     1206
..................................................................


WIND (MPH)
  HIGHEST WIND SPEED    21   HIGHEST WIND DIRECTION    NW (320)
  HIGHEST GUST SPEED    25   HIGHEST GUST DIRECTION     W (250)
  AVERAGE WIND SPEED     9.2


SKY COVER
  POSSIBLE SUNSHINE  MM
  AVERAGE SKY COVER 0.6


WEATHER CONDITIONS
 THE FOLLOWING WEATHER WAS RECORDED TODAY.
  NO SIGNIFICANT WEATHER WAS OBSERVED.


RELATIVE HUMIDITY (PERCENT)
 HIGHEST    64          1200 AM
 LOWEST     35           200 PM
 AVERAGE    50

..........................................................


THE WICHITA MID CONTINENT CLIMATE NORMALS FOR TOMORROW
                         NORMAL    RECORD    YEAR
 MAXIMUM TEMPERATURE (F)   91       106      2001
                                             1896
 MINIMUM TEMPERATURE (F)   69        47      1950


SUNRISE AND SUNSET
AUGUST 19 2014........SUNRISE   649 AM CDT   SUNSET   817 PM CDT
AUGUST 20 2014........SUNRISE   650 AM CDT   SUNSET   816 PM CDT


-  INDICATES NEGATIVE NUMBERS.
R  INDICATES RECORD WAS SET OR TIED.
MM INDICATES DATA IS MISSING.
T  INDICATES TRACE AMOUNT.

$$
