000
CDUS43 KICT 082305
CLIICT


CLIMATE REPORT
NATIONAL WEATHER SERVICE WICHITA KS
505 PM CST WED MAR 8 2017


...................................

...THE WICHITA EISENHOWER NATIONAL CLIMATE SUMMARY FOR MARCH 8 2017...
VALID TODAY AS OF 0500 PM LOCAL TIME.

CLIMATE NORMAL PERIOD 1981 TO 2010
CLIMATE RECORD PERIOD 1888 TO 2017


WEATHER ITEM   OBSERVED TIME   RECORD YEAR NORMAL DEPARTURE LAST
                VALUE   (LST)  VALUE       VALUE  FROM      YEAR
                                                  NORMAL
..................................................................
TEMPERATURE (F)
 TODAY
  MAXIMUM         73    335 PM  80    1977  55     18       63
  MINIMUM         31    643 AM   0    1967  33     -2       41
  AVERAGE         52                        44      8       52

PRECIPITATION (IN)
  TODAY            0.00          1.23 1973   0.08  -0.08     0.05
  MONTH TO DATE    0.00                      0.58  -0.58     0.05
  SINCE MAR 1      0.00                      0.58  -0.58     0.05
  SINCE JAN 1      3.62                      2.59   1.03     0.79

SNOWFALL (IN)
  TODAY            0.0           4.4  1958   0.1   -0.1      0.0
  MONTH TO DATE    0.0                       0.7   -0.7      0.0
  SINCE MAR 1      0.0                       0.7   -0.7      0.0
  SINCE JUL 1      2.0                      13.1  -11.1      0.8
  SNOW DEPTH       0

DEGREE DAYS
 HEATING
  TODAY           13                        21     -8       13
  MONTH TO DATE  108                       177    -69       93
  SINCE MAR 1    108                       177    -69       93
  SINCE JUL 1   2952                      3817   -865     2943

 COOLING
  TODAY            0                         0      0        0
  MONTH TO DATE    0                         0      0        3
  SINCE MAR 1      0                         0      0        3
  SINCE JAN 1      0                         0      0        3
..................................................................


WIND (MPH)
  HIGHEST WIND SPEED    36   HIGHEST WIND DIRECTION    SW (210)
  HIGHEST GUST SPEED    46   HIGHEST GUST DIRECTION    SW (210)
  AVERAGE WIND SPEED    11.9


SKY COVER
  POSSIBLE SUNSHINE  MM
  AVERAGE SKY COVER 0.2


WEATHER CONDITIONS
 THE FOLLOWING WEATHER WAS RECORDED TODAY.
  NO SIGNIFICANT WEATHER WAS OBSERVED.


RELATIVE HUMIDITY (PERCENT)
 HIGHEST    61           400 AM
 LOWEST     17           400 PM
 AVERAGE    39

..........................................................


THE WICHITA EISENHOWER NATIONAL CLIMATE NORMALS FOR TOMORROW
                         NORMAL    RECORD    YEAR
 MAXIMUM TEMPERATURE (F)   56        81      1986
 MINIMUM TEMPERATURE (F)   33         3      1996


SUNRISE AND SUNSET
MARCH  8 2017.........SUNRISE   651 AM CST   SUNSET   631 PM CST
MARCH  9 2017.........SUNRISE   649 AM CST   SUNSET   632 PM CST


-  INDICATES NEGATIVE NUMBERS.
R  INDICATES RECORD WAS SET OR TIED.
MM INDICATES DATA IS MISSING.
T  INDICATES TRACE AMOUNT.




$$
