000
CDUS43 KICT 210622
CLIICT


CLIMATE REPORT
NATIONAL WEATHER SERVICE WICHITA KS
122 AM CDT SAT MAR 21 2015


...................................

...THE WICHITA EISENHOWER NATIONAL CLIMATE SUMMARY FOR MARCH 20 2015...

CLIMATE NORMAL PERIOD 1981 TO 2010
CLIMATE RECORD PERIOD 1888 TO 2015


WEATHER ITEM   OBSERVED TIME   RECORD YEAR NORMAL DEPARTURE LAST
                VALUE   (LST)  VALUE       VALUE  FROM      YEAR
                                                  NORMAL
..................................................................
TEMPERATURE (F)
 YESTERDAY
  MAXIMUM         67    342 PM  87    1907  59      8       73
  MINIMUM         31    555 AM  13    1965  36     -5       30
  AVERAGE         49                        48      1       52

PRECIPITATION (IN)
  YESTERDAY        0.00          2.21 2007   0.09  -0.09     0.00
  MONTH TO DATE    0.22                      1.63  -1.41     0.45
  SINCE MAR 1      0.22                      1.63  -1.41     0.45
  SINCE JAN 1      1.99                      3.64  -1.65     1.44

SNOWFALL (IN)
  YESTERDAY        0.0           4.1  1961   0.0    0.0      0.0
  MONTH TO DATE    1.1                       1.6   -0.5      3.2
  SINCE MAR 1      1.1                       1.6   -0.5      3.2
  SINCE JUL 1     18.0                      14.0    4.0     22.7
  SNOW DEPTH       0

DEGREE DAYS
 HEATING
  YESTERDAY       16                        17     -1       13
  MONTH TO DATE  375                       405    -30      495
  SINCE MAR 1    375                       405    -30      495
  SINCE JUL 1   3940                      4045   -105     4414

 COOLING
  YESTERDAY        0                         0      0        0
  MONTH TO DATE    0                         0      0        0
  SINCE MAR 1      0                         0      0        0
  SINCE JAN 1      0                         0      0        0
..................................................................


WIND (MPH)
  HIGHEST WIND SPEED    16   HIGHEST WIND DIRECTION     S (200)
  HIGHEST GUST SPEED    19   HIGHEST GUST DIRECTION     S (200)
  AVERAGE WIND SPEED     5.8


SKY COVER
  POSSIBLE SUNSHINE  MM
  AVERAGE SKY COVER 0.6


WEATHER CONDITIONS
 THE FOLLOWING WEATHER WAS RECORDED YESTERDAY.
  FOG
  FOG W/VISIBILITY <= 1/4 MILE


RELATIVE HUMIDITY (PERCENT)
 HIGHEST   100           200 AM
 LOWEST     32           200 PM
 AVERAGE    66

..........................................................


THE WICHITA EISENHOWER NATIONAL CLIMATE NORMALS FOR TODAY
                         NORMAL    RECORD    YEAR
 MAXIMUM TEMPERATURE (F)   60        92      1916
 MINIMUM TEMPERATURE (F)   37        10      1974
                                             1913


SUNRISE AND SUNSET
MARCH 21 2015.........SUNRISE   732 AM CDT   SUNSET   742 PM CDT
MARCH 22 2015.........SUNRISE   731 AM CDT   SUNSET   743 PM CDT


-  INDICATES NEGATIVE NUMBERS.
R  INDICATES RECORD WAS SET OR TIED.
MM INDICATES DATA IS MISSING.
T  INDICATES TRACE AMOUNT.




$$
