000
CDUS43 KICT 022207
CLIICT


CLIMATE REPORT
NATIONAL WEATHER SERVICE WICHITA KS
506 PM CDT WED APR 2 2014


...................................

...THE WICHITA MID CONTINENT CLIMATE SUMMARY FOR APRIL 2 2014...
VALID TODAY AS OF 0500 PM LOCAL TIME.

CLIMATE NORMAL PERIOD 1981 TO 2010
CLIMATE RECORD PERIOD 1888 TO 2014


WEATHER ITEM   OBSERVED TIME   RECORD YEAR NORMAL DEPARTURE LAST
                VALUE   (LST)  VALUE       VALUE  FROM      YEAR
                                                  NORMAL
..................................................................
TEMPERATURE (F)
 TODAY
  MAXIMUM         73    405 PM  90    1889  64      9       42
  MINIMUM         48    853 AM  16    1936  40      8       34
  AVERAGE         61                        52      9       38

PRECIPITATION (IN)
  TODAY            T             1.05 1956   0.08  -0.08     0.13
  MONTH TO DATE    T                         0.16  -0.16     0.39
  SINCE MAR 1      0.49                      2.85  -2.36     2.50
  SINCE JAN 1      1.48                      4.86  -3.38     5.52

SNOWFALL (IN)
  TODAY           MM             1.5  1949   0.1   MM         T
  MONTH TO DATE    0.0                       0.1   -0.1       T
  SINCE MAR 1      3.2                       2.4    0.8      5.3
  SINCE JUL 1     22.7                      14.8    7.9     29.8
  SNOW DEPTH       0

DEGREE DAYS
 HEATING
  TODAY            4                        14    -10       27
  MONTH TO DATE   22                        28     -6       47
  SINCE MAR 1    699                       605     94      713
  SINCE JUL 1   4618                      4245    373     3984

 COOLING
  TODAY            0                         0      0        0
  MONTH TO DATE    0                         0      0        0
  SINCE MAR 1      0                         2     -2        0
  SINCE JAN 1      0                         2     -2        0
..................................................................


WIND (MPH)
  HIGHEST WIND SPEED    20   HIGHEST WIND DIRECTION     E (80)
  HIGHEST GUST SPEED    25   HIGHEST GUST DIRECTION     E (70)
  AVERAGE WIND SPEED     9.1


SKY COVER
  POSSIBLE SUNSHINE  MM
  AVERAGE SKY COVER 0.9


WEATHER CONDITIONS
 THE FOLLOWING WEATHER WAS RECORDED TODAY.
  LIGHT RAIN
  FOG
  HAZE


RELATIVE HUMIDITY (PERCENT)
 HIGHEST    93           900 AM
 LOWEST     51           300 PM
 AVERAGE    72

..........................................................


THE WICHITA MID CONTINENT CLIMATE NORMALS FOR TOMORROW
                         NORMAL    RECORD    YEAR
 MAXIMUM TEMPERATURE (F)   64        90      2011
 MINIMUM TEMPERATURE (F)   40        15      1975
                                             1936


SUNRISE AND SUNSET
APRIL  2 2014.........SUNRISE   714 AM CDT   SUNSET   753 PM CDT
APRIL  3 2014.........SUNRISE   712 AM CDT   SUNSET   754 PM CDT


-  INDICATES NEGATIVE NUMBERS.
R  INDICATES RECORD WAS SET OR TIED.
MM INDICATES DATA IS MISSING.
T  INDICATES TRACE AMOUNT.




$$
