000
CDUS43 KICT 050703
CLIICT

CLIMATE REPORT
NATIONAL WEATHER SERVICE WICHITA KS
202 AM CDT SAT APR 5 2014

...................................

...THE WICHITA MID CONTINENT KS CLIMATE SUMMARY FOR APRIL 4 2014...

CLIMATE NORMAL PERIOD 1981 TO 2010
CLIMATE RECORD PERIOD 1888 TO 2014


WEATHER ITEM   OBSERVED TIME   RECORD YEAR NORMAL DEPARTURE LAST
                VALUE   (LST)  VALUE       VALUE  FROM      YEAR
                                                  NORMAL
..................................................................
TEMPERATURE (F)
 YESTERDAY
  MAXIMUM         57    504 PM  91    1909  64     -7       58
  MINIMUM         33    649 AM  19    1972  41     -8       38
  AVERAGE         45                        52     -7       48

PRECIPITATION (IN)
  YESTERDAY        0.00          1.41 1997   0.07  -0.07     0.00
  MONTH TO DATE    0.39                      0.31   0.08     0.39
  SINCE MAR 1      0.88                      3.00  -2.12     2.50
  SINCE JAN 1      1.87                      5.01  -3.14     5.52

SNOWFALL (IN)
  YESTERDAY        0.0           1.5  1920   0.0    0.0      0.0
  MONTH TO DATE    0.0                       0.1   -0.1       T
  SINCE MAR 1      3.2                       2.4    0.8      5.3
  SINCE JUL 1     22.7                      14.8    7.9     29.8
  SNOW DEPTH       0

DEGREE DAYS
 HEATING
  YESTERDAY       20                        13      7       17
  MONTH TO DATE   60                        54      6       88
  SINCE MAR 1    737                       631    106      754
  SINCE JUL 1   4656                      4271    385     4025

 COOLING
  YESTERDAY        0                         0      0        0
  MONTH TO DATE    0                         0      0        0
  SINCE MAR 1      0                         2     -2        0
  SINCE JAN 1      0                         2     -2        0
..................................................................


WIND (MPH)
  HIGHEST WIND SPEED    24   HIGHEST WIND DIRECTION     N (350)
  HIGHEST GUST SPEED    30   HIGHEST GUST DIRECTION     N (340)
  AVERAGE WIND SPEED    11.4


SKY COVER
  POSSIBLE SUNSHINE  MM
  AVERAGE SKY COVER 0.3


WEATHER CONDITIONS
 THE FOLLOWING WEATHER WAS RECORDED YESTERDAY.
  NO SIGNIFICANT WEATHER WAS OBSERVED.


RELATIVE HUMIDITY (PERCENT)
 HIGHEST    89           200 AM
 LOWEST     26           600 PM
 AVERAGE    58

..........................................................


THE WICHITA MID CONTINENT KS CLIMATE NORMALS FOR TODAY
                         NORMAL    RECORD    YEAR
 MAXIMUM TEMPERATURE (F)   64        89      1893
 MINIMUM TEMPERATURE (F)   41        21      1920


SUNRISE AND SUNSET
APRIL  5 2014.........SUNRISE   709 AM CDT   SUNSET   756 PM CDT
APRIL  6 2014.........SUNRISE   708 AM CDT   SUNSET   757 PM CDT


-  INDICATES NEGATIVE NUMBERS.
R  INDICATES RECORD WAS SET OR TIED.
MM INDICATES DATA IS MISSING.
T  INDICATES TRACE AMOUNT.

$$
