000
CDUS43 KICT 090636
CLIICT


CLIMATE REPORT
NATIONAL WEATHER SERVICE WICHITA KS
136 AM CDT TUE SEP 9 2014


...................................

...THE WICHITA MID CONTINENT KS CLIMATE SUMMARY FOR SEPTEMBER 8 2014...

CLIMATE NORMAL PERIOD 1981 TO 2010
CLIMATE RECORD PERIOD 1888 TO 2014


WEATHER ITEM   OBSERVED TIME   RECORD YEAR NORMAL DEPARTURE LAST
                VALUE   (LST)  VALUE       VALUE  FROM      YEAR
                                                  NORMAL
..................................................................
TEMPERATURE (F)
 YESTERDAY
  MAXIMUM         92    256 PM 101    2013  86      6      101
                                      1985
  MINIMUM         60    511 AM  48    1890  63     -3       70
  AVERAGE         76                        74      2       86

PRECIPITATION (IN)
  YESTERDAY        0.00          3.83 2009   0.10  -0.10     0.00
  MONTH TO DATE    0.14                      0.88  -0.74     0.01
  SINCE SEP 1      0.14                      0.88  -0.74     0.01
  SINCE JAN 1     22.12                     24.97  -2.85    34.18

SNOWFALL (IN)
  YESTERDAY        0.0           0.0  2007   0.0    0.0      0.0
  MONTH TO DATE    0.0                       0.0    0.0      0.0
  SINCE SEP 1      0.0                       0.0    0.0      0.0
  SINCE JUL 1      0.0                       0.0    0.0      0.0
  SNOW DEPTH       0

DEGREE DAYS
 HEATING
  YESTERDAY        0                         0      0        0
  MONTH TO DATE    0                         0      0        0
  SINCE SEP 1      0                         0      0        0
  SINCE JUL 1      1                         1      0        1

 COOLING
  YESTERDAY       11                        10      1       21
  MONTH TO DATE   95                        87      8      121
  SINCE SEP 1     95                        87      8      121
  SINCE JAN 1   1591                      1514     77     1534
..................................................................


WIND (MPH)
  HIGHEST WIND SPEED    26   HIGHEST WIND DIRECTION     S (190)
  HIGHEST GUST SPEED    34   HIGHEST GUST DIRECTION     S (190)
  AVERAGE WIND SPEED    14.5


SKY COVER
  POSSIBLE SUNSHINE  MM
  AVERAGE SKY COVER 0.4


WEATHER CONDITIONS
 THE FOLLOWING WEATHER WAS RECORDED YESTERDAY.
  FOG


RELATIVE HUMIDITY (PERCENT)
 HIGHEST    93           600 AM
 LOWEST     41           200 PM
 AVERAGE    67

..........................................................


THE WICHITA MID CONTINENT KS CLIMATE NORMALS FOR TODAY
                         NORMAL    RECORD    YEAR
 MAXIMUM TEMPERATURE (F)   86       102      1970
 MINIMUM TEMPERATURE (F)   63        45      1962


SUNRISE AND SUNSET
SEPTEMBER  9 2014.....SUNRISE   707 AM CDT   SUNSET   747 PM CDT
SEPTEMBER 10 2014.....SUNRISE   707 AM CDT   SUNSET   745 PM CDT


-  INDICATES NEGATIVE NUMBERS.
R  INDICATES RECORD WAS SET OR TIED.
MM INDICATES DATA IS MISSING.
T  INDICATES TRACE AMOUNT.




$$

JMBW
