000
CDUS43 KICT 180635
CLIICT


CLIMATE REPORT
NATIONAL WEATHER SERVICE WICHITA KS
1235 AM CST SUN JAN 18 2015


...................................

...THE WICHITA MID CONTINENT KS CLIMATE SUMMARY FOR JANUARY 17 2015...

CLIMATE NORMAL PERIOD 1981 TO 2010
CLIMATE RECORD PERIOD 1888 TO 2015


WEATHER ITEM   OBSERVED TIME   RECORD YEAR NORMAL DEPARTURE LAST
                VALUE   (LST)  VALUE       VALUE  FROM      YEAR
                                                  NORMAL
..................................................................
TEMPERATURE (F)
 YESTERDAY
  MAXIMUM         61    340 PM  66    1923  42     19       45
  MINIMUM         26    633 AM -12    1930  22      4       23
  AVERAGE         44                        32     12       34

PRECIPITATION (IN)
  YESTERDAY        0.00          1.40 2004   0.02  -0.02     0.00
  MONTH TO DATE    0.32                      0.40  -0.08     0.11
  SINCE DEC 1      1.61                      1.60   0.01     0.71
  SINCE JAN 1      0.32                      0.40  -0.08     0.11

SNOWFALL (IN)
  YESTERDAY        0.0           6.2  1987   0.1   -0.1      0.0
  MONTH TO DATE    4.0                       1.8    2.2      2.9
  SINCE DEC 1      8.2                       6.0    2.2      6.3
  SINCE JUL 1     10.0                       7.4    2.6      6.3
  SNOW DEPTH       0

DEGREE DAYS
 HEATING
  YESTERDAY       21                        33    -12       31
  MONTH TO DATE  647                       561     86      560
  SINCE DEC 1   1472                      1528    -56     1630
  SINCE JUL 1   2352                      2404    -52     2515

 COOLING
  YESTERDAY        0                         0      0        0
  MONTH TO DATE    0                         0      0        0
  SINCE DEC 1      0                         0      0        0
  SINCE JAN 1      0                         0      0        0
..................................................................


WIND (MPH)
  HIGHEST WIND SPEED    33   HIGHEST WIND DIRECTION     N (340)
  HIGHEST GUST SPEED    43   HIGHEST GUST DIRECTION    NW (330)
  AVERAGE WIND SPEED    14.3


SKY COVER
  POSSIBLE SUNSHINE  MM
  AVERAGE SKY COVER 0.2


WEATHER CONDITIONS
 THE FOLLOWING WEATHER WAS RECORDED YESTERDAY.
  NO SIGNIFICANT WEATHER WAS OBSERVED.


RELATIVE HUMIDITY (PERCENT)
 HIGHEST    78           500 AM
 LOWEST     20           400 PM
 AVERAGE    49

..........................................................


THE WICHITA MID CONTINENT KS CLIMATE NORMALS FOR TODAY
                         NORMAL    RECORD    YEAR
 MAXIMUM TEMPERATURE (F)   43        65      1951
 MINIMUM TEMPERATURE (F)   22       -12      1930


SUNRISE AND SUNSET
JANUARY 18 2015.......SUNRISE   742 AM CST   SUNSET   538 PM CST
JANUARY 19 2015.......SUNRISE   742 AM CST   SUNSET   539 PM CST


-  INDICATES NEGATIVE NUMBERS.
R  INDICATES RECORD WAS SET OR TIED.
MM INDICATES DATA IS MISSING.
T  INDICATES TRACE AMOUNT.




$$
