000
CDUS43 KICT 160632
CLIICT


CLIMATE REPORT
NATIONAL WEATHER SERVICE WICHITA KS
132 AM CDT SAT APR 16 2016


...................................

...THE WICHITA EISENHOWER NATIONAL CLIMATE SUMMARY FOR APRIL 15 2016...

CLIMATE NORMAL PERIOD 1981 TO 2010
CLIMATE RECORD PERIOD 1888 TO 2016


WEATHER ITEM   OBSERVED TIME   RECORD YEAR NORMAL DEPARTURE LAST
                VALUE   (LST)  VALUE       VALUE  FROM      YEAR
                                                  NORMAL
..................................................................
TEMPERATURE (F)
 YESTERDAY
  MAXIMUM         77    326 PM  95    2006  68      9       67
  MINIMUM         51    521 AM  25    1983  44      7       54
  AVERAGE         64                        56      8       61

PRECIPITATION (IN)
  YESTERDAY        0.00          1.80 1945   0.08  -0.08     0.00
  MONTH TO DATE    0.14                      1.14  -1.00     1.44
  SINCE MAR 1      1.67                      3.83  -2.16     1.72
  SINCE JAN 1      2.41                      5.84  -3.43     3.49

SNOWFALL (IN)
  YESTERDAY        0.0           T    1947   0.0    0.0      0.0
  MONTH TO DATE    0.0                       0.2   -0.2      0.0
  SINCE MAR 1      3.5                       2.5    1.0      1.1
  SINCE JUL 1      4.3                      14.9  -10.6     18.0
  SNOW DEPTH       0

DEGREE DAYS
 HEATING
  YESTERDAY        1                        10     -9        4
  MONTH TO DATE  105                       178    -73       88
  SINCE MAR 1    494                       755   -261      562
  SINCE JUL 1   3344                      4395  -1051     4127

 COOLING
  YESTERDAY        0                         1     -1        0
  MONTH TO DATE   11                         8      3       23
  SINCE MAR 1     18                        10      8       23
  SINCE JAN 1     18                        10      8       23
..................................................................


WIND (MPH)
  HIGHEST WIND SPEED    25   HIGHEST WIND DIRECTION    SE (130)
  HIGHEST GUST SPEED    33   HIGHEST GUST DIRECTION    SE (150)
  AVERAGE WIND SPEED    16.0


SKY COVER
  POSSIBLE SUNSHINE  MM
  AVERAGE SKY COVER 0.5


WEATHER CONDITIONS
 THE FOLLOWING WEATHER WAS RECORDED YESTERDAY.
  NO SIGNIFICANT WEATHER WAS OBSERVED.


RELATIVE HUMIDITY (PERCENT)
 HIGHEST    89           500 AM
 LOWEST     38           400 PM
 AVERAGE    64

..........................................................


THE WICHITA EISENHOWER NATIONAL CLIMATE NORMALS FOR TODAY
                         NORMAL    RECORD    YEAR
 MAXIMUM TEMPERATURE (F)   68        89      2006
                                             1967
 MINIMUM TEMPERATURE (F)   45        29      1953
                                             1907


SUNRISE AND SUNSET
APRIL 16 2016.........SUNRISE   653 AM CDT   SUNSET   807 PM CDT
APRIL 17 2016.........SUNRISE   651 AM CDT   SUNSET   808 PM CDT


-  INDICATES NEGATIVE NUMBERS.
R  INDICATES RECORD WAS SET OR TIED.
MM INDICATES DATA IS MISSING.
T  INDICATES TRACE AMOUNT.




$$
