000
CDUS43 KICT 062308
CLIICT

CLIMATE REPORT
NATIONAL WEATHER SERVICE WICHITA KS
507 PM CST MON NOV 6 2017

...................................

...THE WICHITA EISENHOWER NATIONAL CLIMATE SUMMARY FOR NOVEMBER 6 2017...
VALID TODAY AS OF 500 PM LOCAL TIME.

CLIMATE NORMAL PERIOD 1981 TO 2010
CLIMATE RECORD PERIOD 1888 TO 2017


WEATHER ITEM   OBSERVED TIME   RECORD YEAR NORMAL DEPARTURE LAST
                VALUE   (LST)  VALUE       VALUE  FROM      YEAR
                                                  NORMAL
..................................................................
TEMPERATURE (F)
 TODAY
  MAXIMUM         46    459 PM  83    1891  61    -15       70
  MINIMUM         34    711 AM  15    1959  39     -5       51
  AVERAGE         40                        50    -10       61

PRECIPITATION (IN)
  TODAY            0.00          1.56 1920   0.05  -0.05     0.04
  MONTH TO DATE    T                         0.34  -0.34     0.04
  SINCE SEP 1      5.94                      6.26  -0.32    13.38
  SINCE JAN 1     33.29                     30.35   2.94    49.72

SNOWFALL (IN)
  TODAY            0.0           0.8  1953   0.0    0.0      0.0
  MONTH TO DATE    0.0                       0.0    0.0      0.0
  SINCE SEP 1      0.0                       0.1   -0.1      0.0
  SINCE JUL 1      0.0                       0.1   -0.1      0.0
  SNOW DEPTH       0

DEGREE DAYS
 HEATING
  TODAY           25                        15     10        4
  MONTH TO DATE  109                        84     25       15
  SINCE SEP 1    333                       369    -36      105
  SINCE JUL 1    333                       370    -37      105

 COOLING
  TODAY            0                         0      0        0
  MONTH TO DATE    0                         0      0       11
  SINCE SEP 1    344                       257     87      382
  SINCE JAN 1   1783                      1684     99     2054
..................................................................


WIND (MPH)
  HIGHEST WIND SPEED    16   HIGHEST WIND DIRECTION    NE (40)
  HIGHEST GUST SPEED    30   HIGHEST GUST DIRECTION     E (100)
  AVERAGE WIND SPEED    10.7


SKY COVER
  AVERAGE SKY COVER 0.7


WEATHER CONDITIONS
 THE FOLLOWING WEATHER WAS RECORDED TODAY.
  NO SIGNIFICANT WEATHER WAS OBSERVED.


RELATIVE HUMIDITY (PERCENT)
 HIGHEST    82           200 AM
 LOWEST     64          1000 AM
 AVERAGE    73

..........................................................


THE WICHITA EISENHOWER NATIONAL CLIMATE NORMALS FOR TOMORROW
                         NORMAL    RECORD    YEAR
 MAXIMUM TEMPERATURE (F)   61        81      1980
 MINIMUM TEMPERATURE (F)   39        18      1991


SUNRISE AND SUNSET
NOVEMBER  6 2017......SUNRISE   700 AM CST   SUNSET   526 PM CST
NOVEMBER  7 2017......SUNRISE   701 AM CST   SUNSET   525 PM CST


-  INDICATES NEGATIVE NUMBERS.
R  INDICATES RECORD WAS SET OR TIED.
MM INDICATES DATA IS MISSING.
T  INDICATES TRACE AMOUNT.

$$
