000
CDUS43 KICT 170625
CLIICT

CLIMATE REPORT
NATIONAL WEATHER SERVICE WICHITA KS
124 AM CDT SAT SEP 17 2016


...................................

...THE WICHITA EISENHOWER NATIONAL CLIMATE SUMMARY FOR SEPTEMBER 16 2016...

CLIMATE NORMAL PERIOD 1981 TO 2010
CLIMATE RECORD PERIOD 1888 TO 2016


WEATHER ITEM   OBSERVED TIME   RECORD YEAR NORMAL DEPARTURE LAST
                VALUE   (LST)  VALUE       VALUE  FROM      YEAR
                                                  NORMAL
..................................................................
TEMPERATURE (F)
 YESTERDAY
  MAXIMUM         75    529 PM 105    1978  83     -8       93
  MINIMUM         64   1114 PM  42    1903  59      5       71
  AVERAGE         70                        71     -1       82

PRECIPITATION (IN)
  YESTERDAY        0.39          2.40 1958   0.10   0.29     0.00
  MONTH TO DATE    9.65                      1.70   7.95     1.21
  SINCE SEP 1      9.65                      1.70   7.95     1.21
  SINCE JAN 1     45.99                     25.79  20.20    33.63

SNOWFALL (IN)
  YESTERDAY        0.0           0.0  2007   0.0    0.0      0.0
  MONTH TO DATE    0.0                       0.0    0.0      0.0
  SINCE SEP 1      0.0                       0.0    0.0      0.0
  SINCE JUL 1      0.0                       0.0    0.0      0.0
  SNOW DEPTH       0

DEGREE DAYS
 HEATING
  YESTERDAY        0                         1     -1        0
  MONTH TO DATE    0                         6     -6        0
  SINCE SEP 1      0                         6     -6        0
  SINCE JUL 1      0                         7     -7        0

 COOLING
  YESTERDAY        5                         7     -2       17
  MONTH TO DATE  170                       152     18      229
  SINCE SEP 1    170                       152     18      229
  SINCE JAN 1   1842                      1579    263     1720
..................................................................


WIND (MPH)
  HIGHEST WIND SPEED    22   HIGHEST WIND DIRECTION     E (70)
  HIGHEST GUST SPEED    30   HIGHEST GUST DIRECTION     E (70)
  AVERAGE WIND SPEED     8.6


SKY COVER
  POSSIBLE SUNSHINE  MM
  AVERAGE SKY COVER 0.8


WEATHER CONDITIONS
 THE FOLLOWING WEATHER WAS RECORDED YESTERDAY.
  THUNDERSTORM
  LIGHT RAIN
  FOG


RELATIVE HUMIDITY (PERCENT)
 HIGHEST    93           400 AM
 LOWEST     73           600 PM
 AVERAGE    83

..........................................................


THE WICHITA EISENHOWER NATIONAL CLIMATE NORMALS FOR TODAY
                         NORMAL    RECORD    YEAR
 MAXIMUM TEMPERATURE (F)   82       100      1931
 MINIMUM TEMPERATURE (F)   59        40      1973


SUNRISE AND SUNSET
SEPTEMBER 17 2016.....SUNRISE   714 AM CDT   SUNSET   734 PM CDT
SEPTEMBER 18 2016.....SUNRISE   714 AM CDT   SUNSET   732 PM CDT


-  INDICATES NEGATIVE NUMBERS.
R  INDICATES RECORD WAS SET OR TIED.
MM INDICATES DATA IS MISSING.
T  INDICATES TRACE AMOUNT.




$$
