000
CDUS43 KICT 062309
CLIICT

CLIMATE REPORT
NATIONAL WEATHER SERVICE WICHITA KS
508 PM CST TUE FEB 6 2018


...................................

...THE WICHITA EISENHOWER NATIONAL CLIMATE SUMMARY FOR FEBRUARY 6 2018...
VALID TODAY AS OF 0500 PM LOCAL TIME.

CLIMATE NORMAL PERIOD 1981 TO 2010
CLIMATE RECORD PERIOD 1888 TO 2018


WEATHER ITEM   OBSERVED TIME   RECORD YEAR NORMAL DEPARTURE LAST
                VALUE   (LST)  VALUE       VALUE  FROM      YEAR
                                                  NORMAL
..................................................................
TEMPERATURE (F)
 TODAY
  MAXIMUM         31    422 PM  74    2009  46    -15       67
                                      1904
  MINIMUM         16    821 AM -21    1982  24     -8       45
  AVERAGE         24                        35    -11       56

PRECIPITATION (IN)
  TODAY            0.00          1.04 1892   0.03  -0.03      T
  MONTH TO DATE    T                         0.20  -0.20      T
  SINCE DEC 1      0.23                      2.23  -2.00     3.45
  SINCE JAN 1      0.20                      1.03  -0.83     2.79

SNOWFALL (IN)
  TODAY            0.0           3.8  1961   0.1   -0.1      0.0
  MONTH TO DATE    T                         0.8   -0.8      0.0
  SINCE DEC 1      0.3                       8.6   -8.3      2.0
  SINCE JUL 1      0.3                      10.0   -9.7      2.0
  SNOW DEPTH       0

DEGREE DAYS
 HEATING
  TODAY           41                        30     11        9
  MONTH TO DATE  211                       184     27      153
  SINCE DEC 1   2028                      2168   -140     2012
  SINCE JUL 1   2758                      3044   -286     2465

 COOLING
  TODAY            0                         0      0        0
  MONTH TO DATE    0                         0      0        0
  SINCE DEC 1      0                         0      0        0
  SINCE JAN 1      0                         0      0        0
..................................................................


WIND (MPH)
  HIGHEST WIND SPEED    21   HIGHEST WIND DIRECTION    NE (40)
  HIGHEST GUST SPEED    24   HIGHEST GUST DIRECTION     N (10)
  AVERAGE WIND SPEED    10.5


SKY COVER
  POSSIBLE SUNSHINE  MM
  AVERAGE SKY COVER 0.7


WEATHER CONDITIONS
 THE FOLLOWING WEATHER WAS RECORDED TODAY.
  NO SIGNIFICANT WEATHER WAS OBSERVED.


RELATIVE HUMIDITY (PERCENT)
 HIGHEST    74           400 AM
 LOWEST     43           300 PM
 AVERAGE    59

..........................................................


THE WICHITA EISENHOWER NATIONAL CLIMATE NORMALS FOR TOMORROW
                         NORMAL    RECORD    YEAR
 MAXIMUM TEMPERATURE (F)   46        70      2009
 MINIMUM TEMPERATURE (F)   24       -13      1895


SUNRISE AND SUNSET
FEBRUARY  6 2018......SUNRISE   729 AM CST   SUNSET   559 PM CST
FEBRUARY  7 2018......SUNRISE   728 AM CST   SUNSET   600 PM CST


-  INDICATES NEGATIVE NUMBERS.
R  INDICATES RECORD WAS SET OR TIED.
MM INDICATES DATA IS MISSING.
T  INDICATES TRACE AMOUNT.




$$
