000
CDUS43 KICT 012209
CLIICT


CLIMATE REPORT
NATIONAL WEATHER SERVICE WICHITA KS
509 PM CDT TUE APR 1 2014


...................................

...THE WICHITA MID CONTINENT CLIMATE SUMMARY FOR APRIL 1 2014...
VALID TODAY AS OF 0500 PM LOCAL TIME.

CLIMATE NORMAL PERIOD 1981 TO 2010
CLIMATE RECORD PERIOD 1888 TO 2014


WEATHER ITEM   OBSERVED TIME   RECORD YEAR NORMAL DEPARTURE LAST
                VALUE   (LST)  VALUE       VALUE  FROM      YEAR
                                                  NORMAL
..................................................................
TEMPERATURE (F)
 TODAY
  MAXIMUM         58    241 PM  89    1903  63     -5       52
  MINIMUM         35    711 AM  20    1972  40     -5       37
  AVERAGE         47                        51     -4       45

PRECIPITATION (IN)
  TODAY            0.00          1.67 1988   0.08  -0.08     0.26
  MONTH TO DATE    0.00                      0.08  -0.08     0.26
  SINCE MAR 1      0.49                      2.77  -2.28     2.37
  SINCE JAN 1      1.48                      4.78  -3.30     5.39

SNOWFALL (IN)
  TODAY            0.0           5.3  1901   0.0    0.0       T
  MONTH TO DATE    0.0                       0.0    0.0       T
  SINCE MAR 1      3.2                       2.3    0.9      5.3
  SINCE JUL 1     22.7                      14.7    8.0     29.8
  SNOW DEPTH       0

DEGREE DAYS
 HEATING
  TODAY           18                        14      4       20
  MONTH TO DATE   18                        14      4       20
  SINCE MAR 1    695                       591    104      686
  SINCE JUL 1   4614                      4231    383     3957

 COOLING
  TODAY            0                         0      0        0
  MONTH TO DATE    0                         0      0        0
  SINCE MAR 1      0                         2     -2        0
  SINCE JAN 1      0                         2     -2        0
..................................................................


WIND (MPH)
  HIGHEST WIND SPEED    18   HIGHEST WIND DIRECTION     N (10)
  HIGHEST GUST SPEED    24   HIGHEST GUST DIRECTION     N (10)
  AVERAGE WIND SPEED    11.3


SKY COVER
  POSSIBLE SUNSHINE  MM
  AVERAGE SKY COVER 0.6


WEATHER CONDITIONS
 THE FOLLOWING WEATHER WAS RECORDED TODAY.
  HAZE


RELATIVE HUMIDITY (PERCENT)
 HIGHEST    59           600 AM
 LOWEST     35           200 PM
 AVERAGE    47

..........................................................


THE WICHITA MID CONTINENT CLIMATE NORMALS FOR TOMORROW
                         NORMAL    RECORD    YEAR
 MAXIMUM TEMPERATURE (F)   64        90      1889
 MINIMUM TEMPERATURE (F)   40        16      1936


SUNRISE AND SUNSET
APRIL  1 2014.........SUNRISE   715 AM CDT   SUNSET   753 PM CDT
APRIL  2 2014.........SUNRISE   714 AM CDT   SUNSET   753 PM CDT


-  INDICATES NEGATIVE NUMBERS.
R  INDICATES RECORD WAS SET OR TIED.
MM INDICATES DATA IS MISSING.
T  INDICATES TRACE AMOUNT.




$$

SGS
