000
CDUS43 KICT 250632
CLIICT

CLIMATE REPORT
NATIONAL WEATHER SERVICE WICHITA KS
131 AM CDT THU JUN 25 2015


...................................

...THE WICHITA EISENHOWER NATIONAL CLIMATE SUMMARY FOR JUNE 24 2015...

CLIMATE NORMAL PERIOD 1981 TO 2010
CLIMATE RECORD PERIOD 1888 TO 2015


WEATHER ITEM   OBSERVED TIME   RECORD YEAR NORMAL DEPARTURE LAST
                VALUE   (LST)  VALUE       VALUE  FROM      YEAR
                                                  NORMAL
..................................................................
TEMPERATURE (F)
 YESTERDAY
  MAXIMUM         97    344 PM 103    1980  90      7       85
                                      1973
                                      1954
  MINIMUM         73    526 AM  53    1940  67      6       64
  AVERAGE         85                        78      7       75

PRECIPITATION (IN)
  YESTERDAY        0.00          2.47 2014   0.17  -0.17     2.47
  MONTH TO DATE    1.99                      4.29  -2.30     8.56
  SINCE JUN 1      1.99                      4.29  -2.30     8.56
  SINCE JAN 1     18.43                     16.15   2.28    14.63

SNOWFALL (IN)
  YESTERDAY        0.0           0.0  2007   0.0    0.0      0.0
  MONTH TO DATE    0.0                       0.0    0.0      0.0
  SINCE JUN 1      0.0                       0.0    0.0      0.0
  SINCE JUL 1     18.0                      14.9    3.1     23.0
  SNOW DEPTH       0

DEGREE DAYS
 HEATING
  YESTERDAY        0                         0      0        0
  MONTH TO DATE    0                         3     -3        0
  SINCE JUN 1      0                         3     -3        0
  SINCE JUL 1   4279                      4591   -312     4939

 COOLING
  YESTERDAY       20                        13      7       10
  MONTH TO DATE  361                       243    118      270
  SINCE JUN 1    361                       243    118      270
  SINCE JAN 1    474                       379     95      537
..................................................................


WIND (MPH)
  HIGHEST WIND SPEED    28   HIGHEST WIND DIRECTION     S (200)
  HIGHEST GUST SPEED    33   HIGHEST GUST DIRECTION     S (200)
  AVERAGE WIND SPEED    16.2


SKY COVER
  POSSIBLE SUNSHINE  MM
  AVERAGE SKY COVER 0.4


WEATHER CONDITIONS
 THE FOLLOWING WEATHER WAS RECORDED YESTERDAY.
  NO SIGNIFICANT WEATHER WAS OBSERVED.


RELATIVE HUMIDITY (PERCENT)
 HIGHEST    84           500 AM
 LOWEST     33           200 PM
 AVERAGE    59

..........................................................


THE WICHITA EISENHOWER NATIONAL CLIMATE NORMALS FOR TODAY
                         NORMAL    RECORD    YEAR
 MAXIMUM TEMPERATURE (F)   90       107      1911
 MINIMUM TEMPERATURE (F)   68        48      1958


SUNRISE AND SUNSET
JUNE 25 2015..........SUNRISE   609 AM CDT   SUNSET   855 PM CDT
JUNE 26 2015..........SUNRISE   610 AM CDT   SUNSET   855 PM CDT


-  INDICATES NEGATIVE NUMBERS.
R  INDICATES RECORD WAS SET OR TIED.
MM INDICATES DATA IS MISSING.
T  INDICATES TRACE AMOUNT.




$$
