000
CDUS43 KICT 192305
CLIICT


CLIMATE REPORT
NATIONAL WEATHER SERVICE WICHITA KS
505 PM CST WED NOV 19 2014


...................................

...THE WICHITA MID CONTINENT CLIMATE SUMMARY FOR NOVEMBER 19 2014...
VALID TODAY AS OF 0500 PM LOCAL TIME.

CLIMATE NORMAL PERIOD 1981 TO 2010
CLIMATE RECORD PERIOD 1888 TO 2014


WEATHER ITEM   OBSERVED TIME   RECORD YEAR NORMAL DEPARTURE LAST
                VALUE   (LST)  VALUE       VALUE  FROM      YEAR
                                                  NORMAL
..................................................................
TEMPERATURE (F)
 TODAY
  MAXIMUM         51    206 PM  79    2007  54     -3       61
  MINIMUM         24    537 AM  10    1937  33     -9       41
  AVERAGE         38                        44     -6       51

PRECIPITATION (IN)
  TODAY            0.00          1.30 1994   0.03  -0.03     0.00
  MONTH TO DATE    0.34                      0.97  -0.63     0.30
  SINCE SEP 1      2.22                      6.89  -4.67     5.38
  SINCE JAN 1     24.20                     30.98  -6.78    39.55

SNOWFALL (IN)
  TODAY           MM             6.1  1906   0.0   MM        0.0
  MONTH TO DATE    1.8                       0.4    1.4      0.0
  SINCE SEP 1      1.8                       0.5    1.3       T
  SINCE JUL 1      1.8                       0.5    1.3       T
  SNOW DEPTH       0

DEGREE DAYS
 HEATING
  TODAY           27                        21      6       14
  MONTH TO DATE  476                       321    155      302
  SINCE SEP 1    638                       606     32      555
  SINCE JUL 1    639                       607     32      556

 COOLING
  TODAY            0                         0      0        0
  MONTH TO DATE    0                         0      0        0
  SINCE SEP 1    353                       257     96      365
  SINCE JAN 1   1849                      1684    165     1778
..................................................................


WIND (MPH)
  HIGHEST WIND SPEED    17   HIGHEST WIND DIRECTION     N (350)
  HIGHEST GUST SPEED    24   HIGHEST GUST DIRECTION     N (340)
  AVERAGE WIND SPEED     9.3


SKY COVER
  POSSIBLE SUNSHINE  MM
  AVERAGE SKY COVER 0.4


WEATHER CONDITIONS
 THE FOLLOWING WEATHER WAS RECORDED TODAY.
  NO SIGNIFICANT WEATHER WAS OBSERVED.


RELATIVE HUMIDITY (PERCENT)
 HIGHEST    81           500 AM
 LOWEST     36           200 PM
 AVERAGE    59

..........................................................


THE WICHITA MID CONTINENT CLIMATE NORMALS FOR TOMORROW
                         NORMAL    RECORD    YEAR
 MAXIMUM TEMPERATURE (F)   54        83      1897
 MINIMUM TEMPERATURE (F)   33        13      1937


SUNRISE AND SUNSET
NOVEMBER 19 2014......SUNRISE   714 AM CST   SUNSET   516 PM CST
NOVEMBER 20 2014......SUNRISE   715 AM CST   SUNSET   515 PM CST


-  INDICATES NEGATIVE NUMBERS.
R  INDICATES RECORD WAS SET OR TIED.
MM INDICATES DATA IS MISSING.
T  INDICATES TRACE AMOUNT.




$$
