000
CDUS43 KICT 120628
CLIICT


CLIMATE REPORT
NATIONAL WEATHER SERVICE WICHITA KS
127 AM CDT THU OCT 12 2017


...................................

...THE WICHITA EISENHOWER NATIONAL CLIMATE SUMMARY FOR OCTOBER 11 2017...

CLIMATE NORMAL PERIOD 1981 TO 2010
CLIMATE RECORD PERIOD 1888 TO 2017


WEATHER ITEM   OBSERVED TIME   RECORD YEAR NORMAL DEPARTURE LAST
                VALUE   (LST)  VALUE       VALUE  FROM      YEAR
                                                  NORMAL
..................................................................
TEMPERATURE (F)
 YESTERDAY
  MAXIMUM         67    402 PM  94    1975  72     -5       82
  MINIMUM         36    624 AM  34    2009  49    -13       54
                                      1932
                                      1919
  AVERAGE         52                        60     -8       68

PRECIPITATION (IN)
  YESTERDAY        0.00          2.54 1901   0.09  -0.09     0.00
  MONTH TO DATE    2.85                      1.11   1.74     1.10
  SINCE SEP 1      5.19                      4.25   0.94    12.40
  SINCE JAN 1     32.54                     28.34   4.20    48.74

SNOWFALL (IN)
  YESTERDAY        0.0           0.0  2007   0.0    0.0      0.0
  MONTH TO DATE    0.0                       0.0    0.0      0.0
  SINCE SEP 1      0.0                       0.0    0.0      0.0
  SINCE JUL 1      0.0                       0.0    0.0      0.0
  SNOW DEPTH       0

DEGREE DAYS
 HEATING
  YESTERDAY       13                         6      7        0
  MONTH TO DATE   35                        56    -21       22
  SINCE SEP 1     41                        98    -57       36
  SINCE JUL 1     41                        99    -58       36

 COOLING
  YESTERDAY        0                         1     -1        3
  MONTH TO DATE   48                        24     24       25
  SINCE SEP 1    324                       246     78      305
  SINCE JAN 1   1763                      1673     90     1977
..................................................................


WIND (MPH)
  HIGHEST WIND SPEED    17   HIGHEST WIND DIRECTION     S (180)
  HIGHEST GUST SPEED    20   HIGHEST GUST DIRECTION     S (170)
  AVERAGE WIND SPEED     5.6


SKY COVER
  POSSIBLE SUNSHINE  MM
  AVERAGE SKY COVER 0.0


WEATHER CONDITIONS
 THE FOLLOWING WEATHER WAS RECORDED YESTERDAY.
  NO SIGNIFICANT WEATHER WAS OBSERVED.


RELATIVE HUMIDITY (PERCENT)
 HIGHEST   100           300 AM
 LOWEST     40           200 PM
 AVERAGE    70

..........................................................


THE WICHITA EISENHOWER NATIONAL CLIMATE NORMALS FOR TODAY
                         NORMAL    RECORD    YEAR
 MAXIMUM TEMPERATURE (F)   71        91      1975
 MINIMUM TEMPERATURE (F)   48        27      1917


SUNRISE AND SUNSET
OCTOBER 12 2017.......SUNRISE   735 AM CDT   SUNSET   656 PM CDT
OCTOBER 13 2017.......SUNRISE   736 AM CDT   SUNSET   655 PM CDT


-  INDICATES NEGATIVE NUMBERS.
R  INDICATES RECORD WAS SET OR TIED.
MM INDICATES DATA IS MISSING.
T  INDICATES TRACE AMOUNT.




$$
