000
CDUS43 KICT 120637
CLIICT


CLIMATE REPORT
NATIONAL WEATHER SERVICE WICHITA KS
136 AM CDT THU MAY 12 2016


...................................

...THE WICHITA EISENHOWER NATIONAL CLIMATE SUMMARY FOR MAY 11 2016...

CLIMATE NORMAL PERIOD 1981 TO 2010
CLIMATE RECORD PERIOD 1888 TO 2016


WEATHER ITEM   OBSERVED TIME   RECORD YEAR NORMAL DEPARTURE LAST
                VALUE   (LST)  VALUE       VALUE  FROM      YEAR
                                                  NORMAL
..................................................................
TEMPERATURE (F)
 YESTERDAY
  MAXIMUM         77    333 PM  94    2000  75      2       67
  MINIMUM         59    716 AM  33    1946  54      5       44
  AVERAGE         68                        64      4       56

PRECIPITATION (IN)
  YESTERDAY        0.00          1.41 1929   0.14  -0.14     0.00
  MONTH TO DATE    0.45                      1.48  -1.03     2.92
  SINCE MAR 1      8.21                      6.76   1.45     5.82
  SINCE JAN 1      8.95                      8.77   0.18     7.59

SNOWFALL (IN)
  YESTERDAY        0.0           0.0  2007   0.0    0.0      0.0
                                      2001
  MONTH TO DATE    0.0                       0.0    0.0      0.0
  SINCE MAR 1      3.5                       2.5    1.0      1.1
  SINCE JUL 1      4.3                      14.9  -10.6     18.0
  SNOW DEPTH       0

DEGREE DAYS
 HEATING
  YESTERDAY        0                         3     -3        9
  MONTH TO DATE   39                        44     -5       12
  SINCE MAR 1    602                       912   -310      649
  SINCE JUL 1   3452                      4552  -1100     4214

 COOLING
  YESTERDAY        3                         3      0        0
  MONTH TO DATE   16                        21     -5       40
  SINCE MAR 1     53                        47      6       68
  SINCE JAN 1     53                        47      6       68
..................................................................


WIND (MPH)
  HIGHEST WIND SPEED    26   HIGHEST WIND DIRECTION    NW (320)
  HIGHEST GUST SPEED    33   HIGHEST GUST DIRECTION    NW (320)
  AVERAGE WIND SPEED    14.2


SKY COVER
  POSSIBLE SUNSHINE  MM
  AVERAGE SKY COVER 0.6


WEATHER CONDITIONS
 THE FOLLOWING WEATHER WAS RECORDED YESTERDAY.
  FOG


RELATIVE HUMIDITY (PERCENT)
 HIGHEST    87           300 AM
 LOWEST     50           400 PM
 AVERAGE    69

..........................................................


THE WICHITA EISENHOWER NATIONAL CLIMATE NORMALS FOR TODAY
                         NORMAL    RECORD    YEAR
 MAXIMUM TEMPERATURE (F)   75        92      1956
 MINIMUM TEMPERATURE (F)   54        38      1960


SUNRISE AND SUNSET
MAY 12 2016...........SUNRISE   622 AM CDT   SUNSET   830 PM CDT
MAY 13 2016...........SUNRISE   621 AM CDT   SUNSET   831 PM CDT


-  INDICATES NEGATIVE NUMBERS.
R  INDICATES RECORD WAS SET OR TIED.
MM INDICATES DATA IS MISSING.
T  INDICATES TRACE AMOUNT.




$$
