000
CDUS43 KICT 190623
CLIICT


CLIMATE REPORT
NATIONAL WEATHER SERVICE WICHITA KS
122 AM CDT SUN OCT 19 2014


...................................

...THE WICHITA MID CONTINENT KS CLIMATE SUMMARY FOR OCTOBER 18 2014...

CLIMATE NORMAL PERIOD 1981 TO 2010
CLIMATE RECORD PERIOD 1888 TO 2014


WEATHER ITEM   OBSERVED TIME   RECORD YEAR NORMAL DEPARTURE LAST
                VALUE   (LST)  VALUE       VALUE  FROM      YEAR
                                                  NORMAL
..................................................................
TEMPERATURE (F)
 YESTERDAY
  MAXIMUM         65    408 PM  89    2005  69     -4       48
  MINIMUM         47    729 AM  30    2013  46      1       30
  AVERAGE         56                        58     -2       39

PRECIPITATION (IN)
  YESTERDAY        0.00          1.24 1942   0.10  -0.10     0.28
  MONTH TO DATE    1.38                      1.75  -0.37     1.01
  SINCE SEP 1      1.85                      4.89  -3.04     3.04
  SINCE JAN 1     23.83                     28.98  -5.15    37.21

SNOWFALL (IN)
  YESTERDAY        0.0           T    2013   0.0    0.0       T
  MONTH TO DATE    0.0                       0.0    0.0       T
  SINCE SEP 1      0.0                       0.0    0.0       T
  SINCE JUL 1      0.0                       0.0    0.0       T
  SNOW DEPTH       0

DEGREE DAYS
 HEATING
  YESTERDAY        9                         8      1       26
  MONTH TO DATE   85                       108    -23      103
  SINCE SEP 1    105                       150    -45      107
  SINCE JUL 1    106                       151    -45      108

 COOLING
  YESTERDAY        0                         1     -1        0
  MONTH TO DATE   44                        31     13       51
  SINCE SEP 1    319                       253     66      365
  SINCE JAN 1   1815                      1680    135     1778
..................................................................


WIND (MPH)
  HIGHEST WIND SPEED    14   HIGHEST WIND DIRECTION     N (10)
  HIGHEST GUST SPEED    16   HIGHEST GUST DIRECTION     N (340)
  AVERAGE WIND SPEED     6.0


SKY COVER
  POSSIBLE SUNSHINE  MM
  AVERAGE SKY COVER 0.6


WEATHER CONDITIONS
 THE FOLLOWING WEATHER WAS RECORDED YESTERDAY.
  HAZE


RELATIVE HUMIDITY (PERCENT)
 HIGHEST    77           600 AM
 LOWEST     43           100 PM
 AVERAGE    60

..........................................................


THE WICHITA MID CONTINENT KS CLIMATE NORMALS FOR TODAY
                         NORMAL    RECORD    YEAR
 MAXIMUM TEMPERATURE (F)   69        86      1979
 MINIMUM TEMPERATURE (F)   46        23      1917


SUNRISE AND SUNSET
OCTOBER 19 2014.......SUNRISE   742 AM CDT   SUNSET   647 PM CDT
OCTOBER 20 2014.......SUNRISE   743 AM CDT   SUNSET   646 PM CDT


-  INDICATES NEGATIVE NUMBERS.
R  INDICATES RECORD WAS SET OR TIED.
MM INDICATES DATA IS MISSING.
T  INDICATES TRACE AMOUNT.




$$
