000
CDUS43 KICT 072210
CLIICT


CLIMATE REPORT
NATIONAL WEATHER SERVICE WICHITA KS
509 PM CDT SUN MAY 7 2017


...................................

...THE WICHITA EISENHOWER NATIONAL CLIMATE SUMMARY FOR MAY 7 2017...
VALID TODAY AS OF 0500 PM LOCAL TIME.

CLIMATE NORMAL PERIOD 1981 TO 2010
CLIMATE RECORD PERIOD 1888 TO 2017


WEATHER ITEM   OBSERVED TIME   RECORD YEAR NORMAL DEPARTURE LAST
                VALUE   (LST)  VALUE       VALUE  FROM      YEAR
                                                  NORMAL
..................................................................
TEMPERATURE (F)
 TODAY
  MAXIMUM         85    243 PM  96    2014  74     11       84
  MINIMUM         54    523 AM  37    1908  52      2       53
                                      1890
  AVERAGE         70                        63      7       69

PRECIPITATION (IN)
  TODAY            0.00          1.80 1939   0.14  -0.14      T
  MONTH TO DATE    0.95                      0.93   0.02      T
  SINCE MAR 1     11.73                      6.21   5.52     7.76
  SINCE JAN 1     15.35                      8.22   7.13     8.50

SNOWFALL (IN)
  TODAY            0.0           0.0  2007   0.0    0.0      0.0
                                      2001
  MONTH TO DATE    0.0                       0.0    0.0      0.0
  SINCE MAR 1      T                         2.5   -2.5      3.5
  SINCE JUL 1      2.0                      14.9  -12.9      4.3
  SNOW DEPTH       0

DEGREE DAYS
 HEATING
  TODAY            0                         4     -4        0
  MONTH TO DATE   39                        31      8       39
  SINCE MAR 1    704                       899   -195      602
  SINCE JUL 1   3548                      4539   -991     3452

 COOLING
  TODAY            5                         2      3        4
  MONTH TO DATE    7                        12     -5        5
  SINCE MAR 1     52                        38     14       42
  SINCE JAN 1     52                        38     14       42
..................................................................


WIND (MPH)
  HIGHEST WIND SPEED    26   HIGHEST WIND DIRECTION     S (180)
  HIGHEST GUST SPEED    32   HIGHEST GUST DIRECTION     S (180)
  AVERAGE WIND SPEED    11.1


SKY COVER
  POSSIBLE SUNSHINE  MM
  AVERAGE SKY COVER 0.2


WEATHER CONDITIONS
 THE FOLLOWING WEATHER WAS RECORDED TODAY.
  NO SIGNIFICANT WEATHER WAS OBSERVED.


RELATIVE HUMIDITY (PERCENT)
 HIGHEST    86           400 AM
 LOWEST     37           100 PM
 AVERAGE    62

..........................................................


THE WICHITA EISENHOWER NATIONAL CLIMATE NORMALS FOR TOMORROW
                         NORMAL    RECORD    YEAR
 MAXIMUM TEMPERATURE (F)   74        97      1989
 MINIMUM TEMPERATURE (F)   53        33      1984


SUNRISE AND SUNSET
MAY  7 2017...........SUNRISE   627 AM CDT   SUNSET   826 PM CDT
MAY  8 2017...........SUNRISE   626 AM CDT   SUNSET   826 PM CDT


-  INDICATES NEGATIVE NUMBERS.
R  INDICATES RECORD WAS SET OR TIED.
MM INDICATES DATA IS MISSING.
T  INDICATES TRACE AMOUNT.




$$
