000
CDUS43 KICT 112205
CLIICT


CLIMATE REPORT
NATIONAL WEATHER SERVICE WICHITA KS
504 PM CDT MON AUG 11 2014


...................................

...THE WICHITA MID CONTINENT CLIMATE SUMMARY FOR AUGUST 11 2014...
VALID TODAY AS OF 500 PM LOCAL TIME.

CLIMATE NORMAL PERIOD 1981 TO 2010
CLIMATE RECORD PERIOD 1888 TO 2014


WEATHER ITEM   OBSERVED TIME   RECORD YEAR NORMAL DEPARTURE LAST
                VALUE   (LST)  VALUE       VALUE  FROM      YEAR
                                                  NORMAL
..................................................................
TEMPERATURE (F)
 TODAY
  MAXIMUM         86    403 PM 112    1936  92     -6       85
  MINIMUM         67    508 AM  52    1967  70     -3       68
  AVERAGE         77                        81     -4       77

PRECIPITATION (IN)
  TODAY            0.00          2.20 1977   0.12  -0.12      T
  MONTH TO DATE    1.76                      1.24   0.52     7.60
  SINCE JUN 1     15.29                      9.76   5.53    17.12
  SINCE JAN 1     21.36                     21.62  -0.26    31.14

SNOWFALL (IN)
  TODAY            0.0           0.0  2007   0.0    0.0      0.0
  MONTH TO DATE    0.0                       0.0    0.0      0.0
  SINCE JUN 1      0.0                       0.0    0.0      0.0
  SINCE JUL 1      0.0                       0.0    0.0      0.0
  SNOW DEPTH       0

DEGREE DAYS
 HEATING
  TODAY            0                         0      0        0
  MONTH TO DATE    0                         0      0        0
  SINCE JUN 1      1                         6     -5        4
  SINCE JUL 1      1                         0      1        1

 COOLING
  TODAY           12                        16     -4       12
  MONTH TO DATE  158                       176    -18      139
  SINCE JUN 1    883                      1002   -119     1000
  SINCE JAN 1   1150                      1138     12     1138
..................................................................


WIND (MPH)
  HIGHEST WIND SPEED    22   HIGHEST WIND DIRECTION     N (340)
  HIGHEST GUST SPEED    29   HIGHEST GUST DIRECTION     N (350)
  AVERAGE WIND SPEED     9.9


SKY COVER
  POSSIBLE SUNSHINE  MM
  AVERAGE SKY COVER 0.5


WEATHER CONDITIONS
 THE FOLLOWING WEATHER WAS RECORDED TODAY.
  NO SIGNIFICANT WEATHER WAS OBSERVED.


RELATIVE HUMIDITY (PERCENT)
 HIGHEST    90           300 AM
 LOWEST     37           300 PM
 AVERAGE    64

..........................................................


THE WICHITA MID CONTINENT CLIMATE NORMALS FOR TOMORROW
                         NORMAL    RECORD    YEAR
 MAXIMUM TEMPERATURE (F)   92       114      1936
 MINIMUM TEMPERATURE (F)   70        50      1967


SUNRISE AND SUNSET
AUGUST 11 2014........SUNRISE   642 AM CDT   SUNSET   827 PM CDT
AUGUST 12 2014........SUNRISE   643 AM CDT   SUNSET   826 PM CDT


-  INDICATES NEGATIVE NUMBERS.
R  INDICATES RECORD WAS SET OR TIED.
MM INDICATES DATA IS MISSING.
T  INDICATES TRACE AMOUNT.




$$
