277
CDUS43 KICT 170649
CLIICT


CLIMATE REPORT
NATIONAL WEATHER SERVICE WICHITA KS
1249 AM CST SAT FEB 17 2018


...................................

...THE WICHITA EISENHOWER NATIONAL CLIMATE SUMMARY FOR FEBRUARY 16 2018...

CLIMATE NORMAL PERIOD 1981 TO 2010
CLIMATE RECORD PERIOD 1888 TO 2018


WEATHER ITEM   OBSERVED TIME   RECORD YEAR NORMAL DEPARTURE LAST
                VALUE   (LST)  VALUE       VALUE  FROM      YEAR
                                                  NORMAL
..................................................................
TEMPERATURE (F)
 YESTERDAY
  MAXIMUM         41    419 PM  72    2017  49     -8       72
                                      1898
  MINIMUM         25    903 AM  -6    1903  26     -1       29
  AVERAGE         33                        37     -4       51

PRECIPITATION (IN)
  YESTERDAY        0.00          1.86 1911   0.04  -0.04     0.00
  MONTH TO DATE    T                         0.62  -0.62     0.03
  SINCE DEC 1      0.23                      2.65  -2.42     3.48
  SINCE JAN 1      0.20                      1.45  -1.25     2.82

SNOWFALL (IN)
  YESTERDAY        0.0           8.8  1975   0.2   -0.2      0.0
  MONTH TO DATE    T                         2.2   -2.2      0.0
  SINCE DEC 1      0.3                      10.0   -9.7      2.0
  SINCE JUL 1      0.3                      11.4  -11.1      2.0
  SNOW DEPTH       0

DEGREE DAYS
 HEATING
  YESTERDAY       32                        28      4       14
  MONTH TO DATE  503                       473     30      349
  SINCE DEC 1   2320                      2457   -137     2208
  SINCE JUL 1   3050                      3333   -283     2661

 COOLING
  YESTERDAY        0                         0      0        0
  MONTH TO DATE    0                         0      0        0
  SINCE DEC 1      0                         0      0        0
  SINCE JAN 1      0                         0      0        0
..................................................................


WIND (MPH)
  HIGHEST WIND SPEED    32   HIGHEST WIND DIRECTION     N (360)
  HIGHEST GUST SPEED    45   HIGHEST GUST DIRECTION     N (20)
  AVERAGE WIND SPEED    13.1


SKY COVER
  POSSIBLE SUNSHINE  MM
  AVERAGE SKY COVER 0.7


WEATHER CONDITIONS
 THE FOLLOWING WEATHER WAS RECORDED YESTERDAY.
  NO SIGNIFICANT WEATHER WAS OBSERVED.


RELATIVE HUMIDITY (PERCENT)
 HIGHEST    70          1200 AM
 LOWEST     28           400 PM
 AVERAGE    49

..........................................................


THE WICHITA EISENHOWER NATIONAL CLIMATE NORMALS FOR TODAY
                         NORMAL    RECORD    YEAR
 MAXIMUM TEMPERATURE (F)   49        78      2011
 MINIMUM TEMPERATURE (F)   27        -4      1903


SUNRISE AND SUNSET
FEBRUARY 17 2018......SUNRISE   717 AM CST   SUNSET   611 PM CST
FEBRUARY 18 2018......SUNRISE   715 AM CST   SUNSET   612 PM CST


-  INDICATES NEGATIVE NUMBERS.
R  INDICATES RECORD WAS SET OR TIED.
MM INDICATES DATA IS MISSING.
T  INDICATES TRACE AMOUNT.




$$
