000
CDUS43 KICT 142206
CLIICT


CLIMATE REPORT
NATIONAL WEATHER SERVICE WICHITA KS
506 PM CDT THU APR 14 2016


...................................

...THE WICHITA EISENHOWER NATIONAL CLIMATE SUMMARY FOR APRIL 14 2016...
VALID TODAY AS OF 500 PM LOCAL TIME.

CLIMATE NORMAL PERIOD 1981 TO 2010
CLIMATE RECORD PERIOD 1888 TO 2016


WEATHER ITEM   OBSERVED TIME   RECORD YEAR NORMAL DEPARTURE LAST
                VALUE   (LST)  VALUE       VALUE  FROM      YEAR
                                                  NORMAL
..................................................................
TEMPERATURE (F)
 TODAY
  MAXIMUM         73    303 PM  93    1936  67      6       69
  MINIMUM         43    558 AM  25    1928  44     -1       52
  AVERAGE         58                        56      2       61

PRECIPITATION (IN)
  TODAY            0.00          1.83 1918   0.08  -0.08      T
  MONTH TO DATE    0.14                      1.06  -0.92     1.44
  SINCE MAR 1      1.67                      3.75  -2.08     1.72
  SINCE JAN 1      2.41                      5.76  -3.35     3.49

SNOWFALL (IN)
  TODAY            0.0           0.8  2007   0.0    0.0      0.0
  MONTH TO DATE    0.0                       0.2   -0.2      0.0
  SINCE MAR 1      3.5                       2.5    1.0      1.1
  SINCE JUL 1      4.3                      14.9  -10.6     18.0
  SNOW DEPTH       0

DEGREE DAYS
 HEATING
  TODAY            7                        10     -3        4
  MONTH TO DATE  104                       168    -64       84
  SINCE MAR 1    493                       745   -252      558
  SINCE JUL 1   3343                      4385  -1042     4123

 COOLING
  TODAY            0                         1     -1        0
  MONTH TO DATE   11                         7      4       23
  SINCE MAR 1     18                         9      9       23
  SINCE JAN 1     18                         9      9       23
..................................................................


WIND (MPH)
  HIGHEST WIND SPEED    18   HIGHEST WIND DIRECTION    SE (150)
  HIGHEST GUST SPEED    27   HIGHEST GUST DIRECTION     S (160)
  AVERAGE WIND SPEED     8.3


SKY COVER
  POSSIBLE SUNSHINE  MM
  AVERAGE SKY COVER 0.4


WEATHER CONDITIONS
 THE FOLLOWING WEATHER WAS RECORDED TODAY.
  FOG


RELATIVE HUMIDITY (PERCENT)
 HIGHEST    89           500 AM
 LOWEST     44           200 PM
 AVERAGE    67

..........................................................


THE WICHITA EISENHOWER NATIONAL CLIMATE NORMALS FOR TOMORROW
                         NORMAL    RECORD    YEAR
 MAXIMUM TEMPERATURE (F)   68        95      2006
 MINIMUM TEMPERATURE (F)   44        25      1983


SUNRISE AND SUNSET
APRIL 14 2016.........SUNRISE   655 AM CDT   SUNSET   805 PM CDT
APRIL 15 2016.........SUNRISE   654 AM CDT   SUNSET   806 PM CDT


-  INDICATES NEGATIVE NUMBERS.
R  INDICATES RECORD WAS SET OR TIED.
MM INDICATES DATA IS MISSING.
T  INDICATES TRACE AMOUNT.




$$
