000
CDUS43 KICT 162207
CLIICT


CLIMATE REPORT
NATIONAL WEATHER SERVICE WICHITA KS
507 PM CDT WED JUL 16 2014


...................................

...THE WICHITA MID CONTINENT CLIMATE SUMMARY FOR JULY 16 2014...
VALID TODAY AS OF 0500 PM LOCAL TIME.

CLIMATE NORMAL PERIOD 1981 TO 2010
CLIMATE RECORD PERIOD 1888 TO 2014


WEATHER ITEM   OBSERVED TIME   RECORD YEAR NORMAL DEPARTURE LAST
                VALUE   (LST)  VALUE       VALUE  FROM      YEAR
                                                  NORMAL
..................................................................
TEMPERATURE (F)
 TODAY
  MAXIMUM         68   1126 AM 110    1980  93    -25       90
  MINIMUM         63    343 PM  57    1906  70     -7       66
  AVERAGE         66                        81    -15       78

PRECIPITATION (IN)
  TODAY            0.04          2.46 1950   0.10  -0.06      T
  MONTH TO DATE    2.69                      1.90   0.79     1.31
  SINCE JUN 1     13.15                      7.10   6.05     3.14
  SINCE JAN 1     19.22                     18.96   0.26    17.16

SNOWFALL (IN)
  TODAY            0.0           0.0  2007   0.0    0.0      0.0
  MONTH TO DATE    0.0                       0.0    0.0      0.0
  SINCE JUN 1      0.0                       0.0    0.0      0.0
  SINCE JUL 1      0.0                       0.0    0.0      0.0
  SNOW DEPTH       0

DEGREE DAYS
 HEATING
  TODAY            0                         0      0        0
  MONTH TO DATE    0                         0      0        0
  SINCE JUN 1      0                         6     -6        3
  SINCE JUL 1      0                         0      0        0

 COOLING
  TODAY            1                        16    -15       13
  MONTH TO DATE  188                       251    -63      258
  SINCE JUN 1    530                       580    -50      660
  SINCE JAN 1    797                       716     81      798
..................................................................


WIND (MPH)
  HIGHEST WIND SPEED    17   HIGHEST WIND DIRECTION     S (190)
  HIGHEST GUST SPEED    20   HIGHEST GUST DIRECTION     S (190)
  AVERAGE WIND SPEED     8.6


SKY COVER
  POSSIBLE SUNSHINE  MM
  AVERAGE SKY COVER 1.0


WEATHER CONDITIONS
 THE FOLLOWING WEATHER WAS RECORDED TODAY.
  LIGHT RAIN
  FOG


RELATIVE HUMIDITY (PERCENT)
 HIGHEST    93           300 PM
 LOWEST     58           100 AM
 AVERAGE    76

..........................................................


THE WICHITA MID CONTINENT CLIMATE NORMALS FOR TOMORROW
                         NORMAL    RECORD    YEAR
 MAXIMUM TEMPERATURE (F)   93       110      1980
                                             1936
 MINIMUM TEMPERATURE (F)   70        57      1900


SUNRISE AND SUNSET
JULY 16 2014..........SUNRISE   621 AM CDT   SUNSET   850 PM CDT
JULY 17 2014..........SUNRISE   622 AM CDT   SUNSET   850 PM CDT


-  INDICATES NEGATIVE NUMBERS.
R  INDICATES RECORD WAS SET OR TIED.
MM INDICATES DATA IS MISSING.
T  INDICATES TRACE AMOUNT.




$$
