000
CDUS43 KICT 292205
CLIICT


CLIMATE REPORT
NATIONAL WEATHER SERVICE WICHITA KS
505 PM CDT TUE JUL 29 2014


...................................

...THE WICHITA MID CONTINENT CLIMATE SUMMARY FOR JULY 29 2014...
VALID TODAY AS OF 0500 PM LOCAL TIME.

CLIMATE NORMAL PERIOD 1981 TO 2010
CLIMATE RECORD PERIOD 1888 TO 2014


WEATHER ITEM   OBSERVED TIME   RECORD YEAR NORMAL DEPARTURE LAST
                VALUE   (LST)  VALUE       VALUE  FROM      YEAR
                                                  NORMAL
..................................................................
TEMPERATURE (F)
 TODAY
  MAXIMUM         89    404 PM 111    2012  93     -4       85
  MINIMUM         65    557 AM  55    1971  70     -5       66
  AVERAGE         77                        81     -4       76

PRECIPITATION (IN)
  TODAY            0.00          2.07 1905   0.09  -0.09     0.02
  MONTH TO DATE    2.91                      3.12  -0.21     7.69
  SINCE JUN 1     13.37                      8.32   5.05     9.52
  SINCE JAN 1     19.44                     20.18  -0.74    23.54

SNOWFALL (IN)
  TODAY            0.0           0.0  2007   0.0    0.0      0.0
  MONTH TO DATE    0.0                       0.0    0.0      0.0
  SINCE JUN 1      0.0                       0.0    0.0      0.0
  SINCE JUL 1      0.0                       0.0    0.0      0.0
  SNOW DEPTH       0

DEGREE DAYS
 HEATING
  TODAY            0                         0      0        0
  MONTH TO DATE    1                         0      1        1
  SINCE JUN 1      1                         6     -5        4
  SINCE JUL 1      1                         0      1        1

 COOLING
  TODAY           12                        16     -4       11
  MONTH TO DATE  372                       459    -87      434
  SINCE JUN 1    714                       788    -74      836
  SINCE JAN 1    981                       924     57      974
..................................................................


WIND (MPH)
  HIGHEST WIND SPEED    13   HIGHEST WIND DIRECTION     E (110)
  HIGHEST GUST SPEED    16   HIGHEST GUST DIRECTION     E (110)
  AVERAGE WIND SPEED     6.9


SKY COVER
  POSSIBLE SUNSHINE  MM
  AVERAGE SKY COVER 0.3


WEATHER CONDITIONS
 THE FOLLOWING WEATHER WAS RECORDED TODAY.
  NO SIGNIFICANT WEATHER WAS OBSERVED.


RELATIVE HUMIDITY (PERCENT)
 HIGHEST    78           600 AM
 LOWEST     40           100 PM
 AVERAGE    59

..........................................................


THE WICHITA MID CONTINENT CLIMATE NORMALS FOR TOMORROW
                         NORMAL    RECORD    YEAR
 MAXIMUM TEMPERATURE (F)   93       111      2012
 MINIMUM TEMPERATURE (F)   70        54      1971


SUNRISE AND SUNSET
JULY 29 2014..........SUNRISE   631 AM CDT   SUNSET   841 PM CDT
JULY 30 2014..........SUNRISE   632 AM CDT   SUNSET   840 PM CDT


-  INDICATES NEGATIVE NUMBERS.
R  INDICATES RECORD WAS SET OR TIED.
MM INDICATES DATA IS MISSING.
T  INDICATES TRACE AMOUNT.




$$
