208
CDUS43 KICT 162319
CLIICT


CLIMATE REPORT
NATIONAL WEATHER SERVICE WICHITA KS
519 PM CST SAT DEC 16 2017


...................................

...THE WICHITA EISENHOWER NATIONAL CLIMATE SUMMARY FOR DECEMBER 16 2017...
VALID TODAY AS OF 0500 PM LOCAL TIME.

CLIMATE NORMAL PERIOD 1981 TO 2010
CLIMATE RECORD PERIOD 1888 TO 2017


WEATHER ITEM   OBSERVED TIME   RECORD YEAR NORMAL DEPARTURE LAST
                VALUE   (LST)  VALUE       VALUE  FROM      YEAR
                                                  NORMAL
..................................................................
TEMPERATURE (F)
 TODAY
  MAXIMUM         62    407 PM  69    1939  43     19       44
  MINIMUM         29    455 AM  -6    1989  24      5       28
  AVERAGE         46                        33     13       36

PRECIPITATION (IN)
  TODAY            0.00          1.03 1928   0.04  -0.04     0.03
  MONTH TO DATE    0.00                      0.68  -0.68     0.40
  SINCE DEC 1      0.00                      0.68  -0.68     0.40
  SINCE JAN 1     33.81                     32.12   1.69    50.34

SNOWFALL (IN)
  TODAY            0.0           4.5  1892   0.2   -0.2      0.0
  MONTH TO DATE    0.0                       2.2   -2.2       T
  SINCE DEC 1      0.0                       2.2   -2.2       T
  SINCE JUL 1      0.0                       3.6   -3.6       T
  SNOW DEPTH       0

DEGREE DAYS
 HEATING
  TODAY           19                        32    -13       29
  MONTH TO DATE  355                       476   -121      515
  SINCE DEC 1    355                       476   -121      515
  SINCE JUL 1   1085                      1352   -267      968

 COOLING
  TODAY            0                         0      0        0
  MONTH TO DATE    0                         0      0        0
  SINCE DEC 1      0                         0      0        0
  SINCE JAN 1   1785                      1686     99     2054
..................................................................


WIND (MPH)
  HIGHEST WIND SPEED    28   HIGHEST WIND DIRECTION     S (190)
  HIGHEST GUST SPEED    34   HIGHEST GUST DIRECTION     S (180)
  AVERAGE WIND SPEED    15.2


SKY COVER
  POSSIBLE SUNSHINE  MM
  AVERAGE SKY COVER 0.1


WEATHER CONDITIONS
 THE FOLLOWING WEATHER WAS RECORDED TODAY.
  NO SIGNIFICANT WEATHER WAS OBSERVED.


RELATIVE HUMIDITY (PERCENT)
 HIGHEST    78           500 AM
 LOWEST     25           300 PM
 AVERAGE    52

..........................................................


THE WICHITA EISENHOWER NATIONAL CLIMATE NORMALS FOR TOMORROW
                         NORMAL    RECORD    YEAR
 MAXIMUM TEMPERATURE (F)   43        72      1939
 MINIMUM TEMPERATURE (F)   24         1      1901


SUNRISE AND SUNSET
DECEMBER 16 2017......SUNRISE   738 AM CST   SUNSET   513 PM CST
DECEMBER 17 2017......SUNRISE   739 AM CST   SUNSET   513 PM CST


-  INDICATES NEGATIVE NUMBERS.
R  INDICATES RECORD WAS SET OR TIED.
MM INDICATES DATA IS MISSING.
T  INDICATES TRACE AMOUNT.




$$
