451
CDUS43 KICT 270710
CLIICT


CLIMATE REPORT
NATIONAL WEATHER SERVICE WICHITA KS
110 AM CST MON FEB 27 2017


...................................

...THE WICHITA EISENHOWER NATIONAL CLIMATE SUMMARY FOR FEBRUARY 26 2017...

CLIMATE NORMAL PERIOD 1981 TO 2010
CLIMATE RECORD PERIOD 1888 TO 2017


WEATHER ITEM   OBSERVED TIME   RECORD YEAR NORMAL DEPARTURE LAST
                VALUE   (LST)  VALUE       VALUE  FROM      YEAR
                                                  NORMAL
..................................................................
TEMPERATURE (F)
 YESTERDAY
  MAXIMUM         53    509 PM  78    1896  52      1       65
  MINIMUM         31   1231 AM   0    1934  30      1       19
  AVERAGE         42                        41      1       42

PRECIPITATION (IN)
  YESTERDAY        0.00          0.91 1903   0.05  -0.05     0.00
  MONTH TO DATE    0.83                      1.08  -0.25     0.55
  SINCE DEC 1      4.28                      3.11   1.17     2.96
  SINCE JAN 1      3.62                      1.91   1.71     0.74

SNOWFALL (IN)
  YESTERDAY        0.0           3.2  1912   0.0    0.0      0.0
  MONTH TO DATE    0.0                       3.0   -3.0      0.0
  SINCE DEC 1      2.0                      10.8   -8.8      0.5
  SINCE JUL 1      2.0                      12.2  -10.2      0.8
  SNOW DEPTH       0

DEGREE DAYS
 HEATING
  YESTERDAY       23                        24     -1       23
  MONTH TO DATE  504                       731   -227      562
  SINCE DEC 1   2363                      2715   -352     2244
  SINCE JUL 1   2816                      3591   -775     2813

 COOLING
  YESTERDAY        0                         0      0        0
  MONTH TO DATE    0                         0      0        0
  SINCE DEC 1      0                         0      0        0
  SINCE JAN 1      0                         0      0        0
..................................................................


WIND (MPH)
  HIGHEST WIND SPEED    13   HIGHEST WIND DIRECTION    SE (140)
  HIGHEST GUST SPEED    15   HIGHEST GUST DIRECTION     S (160)
  AVERAGE WIND SPEED     5.8


SKY COVER
  POSSIBLE SUNSHINE  MM
  AVERAGE SKY COVER 0.5


WEATHER CONDITIONS
 THE FOLLOWING WEATHER WAS RECORDED YESTERDAY.
  NO SIGNIFICANT WEATHER WAS OBSERVED.


RELATIVE HUMIDITY (PERCENT)
 HIGHEST    63          1200 AM
 LOWEST     32           500 PM
 AVERAGE    48

..........................................................


THE WICHITA EISENHOWER NATIONAL CLIMATE NORMALS FOR TODAY
                         NORMAL    RECORD    YEAR
 MAXIMUM TEMPERATURE (F)   52        78      1976
 MINIMUM TEMPERATURE (F)   30         1      1890


SUNRISE AND SUNSET
FEBRUARY 27 2017......SUNRISE   703 AM CST   SUNSET   622 PM CST
FEBRUARY 28 2017......SUNRISE   702 AM CST   SUNSET   623 PM CST


-  INDICATES NEGATIVE NUMBERS.
R  INDICATES RECORD WAS SET OR TIED.
MM INDICATES DATA IS MISSING.
T  INDICATES TRACE AMOUNT.




$$
