000
CDUS43 KICT 282210
CLIICT


CLIMATE REPORT
NATIONAL WEATHER SERVICE WICHITA KS
510 PM CDT FRI APR 28 2017


...................................

...THE WICHITA EISENHOWER NATIONAL CLIMATE SUMMARY FOR APRIL 28 2017...
VALID TODAY AS OF 0500 PM LOCAL TIME.

CLIMATE NORMAL PERIOD 1981 TO 2010
CLIMATE RECORD PERIOD 1888 TO 2017


WEATHER ITEM   OBSERVED TIME   RECORD YEAR NORMAL DEPARTURE LAST
                VALUE   (LST)  VALUE       VALUE  FROM      YEAR
                                                  NORMAL
..................................................................
TEMPERATURE (F)
 TODAY
  MAXIMUM         75    323 PM  90    1910  72      3       69
                                      1899
  MINIMUM         50    443 AM  32    1965  49      1       47
  AVERAGE         63                        60      3       58

PRECIPITATION (IN)
  TODAY            T             2.10 1912   0.10  -0.10      T
  MONTH TO DATE    5.64                      2.37   3.27     5.50
  SINCE MAR 1      9.14                      5.06   4.08     7.03
  SINCE JAN 1     12.76                      7.07   5.69     7.77

SNOWFALL (IN)
  TODAY            0.0           0.0  2007   0.0    0.0      0.0
  MONTH TO DATE    0.0                       0.2   -0.2      0.0
  SINCE MAR 1      T                         2.5   -2.5      3.5
  SINCE JUL 1      2.0                      14.9  -12.9      4.3
  SNOW DEPTH       0

DEGREE DAYS
 HEATING
  TODAY            2                         6     -4        7
  MONTH TO DATE  195                       279    -84      151
  SINCE MAR 1    624                       856   -232      540
  SINCE JUL 1   3468                      4496  -1028     3390

 COOLING
  TODAY            0                         1     -1        0
  MONTH TO DATE   27                        21      6       30
  SINCE MAR 1     45                        23     22       37
  SINCE JAN 1     45                        23     22       37
..................................................................


WIND (MPH)
  HIGHEST WIND SPEED    17   HIGHEST WIND DIRECTION     N (360)
  HIGHEST GUST SPEED    26   HIGHEST GUST DIRECTION    SE (130)
  AVERAGE WIND SPEED     7.8


SKY COVER
  POSSIBLE SUNSHINE  MM
  AVERAGE SKY COVER 0.6


WEATHER CONDITIONS
 THE FOLLOWING WEATHER WAS RECORDED TODAY.
  LIGHT RAIN


RELATIVE HUMIDITY (PERCENT)
 HIGHEST   100           600 AM
 LOWEST     38           400 PM
 AVERAGE    69

..........................................................


THE WICHITA EISENHOWER NATIONAL CLIMATE NORMALS FOR TOMORROW
                         NORMAL    RECORD    YEAR
 MAXIMUM TEMPERATURE (F)   72        96      1910
 MINIMUM TEMPERATURE (F)   49        30      1903


SUNRISE AND SUNSET
APRIL 28 2017.........SUNRISE   637 AM CDT   SUNSET   817 PM CDT
APRIL 29 2017.........SUNRISE   636 AM CDT   SUNSET   818 PM CDT


-  INDICATES NEGATIVE NUMBERS.
R  INDICATES RECORD WAS SET OR TIED.
MM INDICATES DATA IS MISSING.
T  INDICATES TRACE AMOUNT.




$$
