000
CDUS43 KICT 240700
CLIICT


CLIMATE REPORT
NATIONAL WEATHER SERVICE WICHITA KS
200 AM CDT MON AUG 24 2015


...................................

...THE WICHITA EISENHOWER NATIONAL CLIMATE SUMMARY FOR AUGUST 23 2015...

CLIMATE NORMAL PERIOD 1981 TO 2010
CLIMATE RECORD PERIOD 1888 TO 2015


WEATHER ITEM   OBSERVED TIME   RECORD YEAR NORMAL DEPARTURE LAST
                VALUE   (LST)  VALUE       VALUE  FROM      YEAR
                                                  NORMAL
..................................................................
TEMPERATURE (F)
 YESTERDAY
  MAXIMUM         78   1225 AM 106    2011  91    -13      102
  MINIMUM         60   1128 PM  48    1891  68     -8       71
  AVERAGE         69                        79    -10       87

PRECIPITATION (IN)
  YESTERDAY        2.50R         1.96 2005   0.13   2.37     0.00
  MONTH TO DATE    6.29                      2.72   3.57     2.11
  SINCE JUN 1     15.89                     11.24   4.65    15.64
  SINCE JAN 1     32.33                     23.10   9.23    21.71

SNOWFALL (IN)
  YESTERDAY        0.0           0.0  2007   0.0    0.0      0.0
  MONTH TO DATE    0.0                       0.0    0.0      0.0
  SINCE JUN 1      0.0                       0.0    0.0      0.0
  SINCE JUL 1      0.0                       0.0    0.0      0.0
  SNOW DEPTH       0

DEGREE DAYS
 HEATING
  YESTERDAY        0                         0      0        0
  MONTH TO DATE    0                         0      0        0
  SINCE JUN 1      0                         6     -6        1
  SINCE JUL 1      0                         0      0        1

 COOLING
  YESTERDAY        4                        14    -10       22
  MONTH TO DATE  295                       358    -63      365
  SINCE JUN 1   1297                      1184    113     1090
  SINCE JAN 1   1410                      1320     90     1357
..................................................................


WIND (MPH)
  HIGHEST WIND SPEED    37   HIGHEST WIND DIRECTION     N (340)
  HIGHEST GUST SPEED    45   HIGHEST GUST DIRECTION     N (340)
  AVERAGE WIND SPEED    11.3


SKY COVER
  POSSIBLE SUNSHINE  MM
  AVERAGE SKY COVER 0.4


WEATHER CONDITIONS
 THE FOLLOWING WEATHER WAS RECORDED YESTERDAY.
  THUNDERSTORM
  HEAVY RAIN
  RAIN
  LIGHT RAIN
  FOG
  HAZE


RELATIVE HUMIDITY (PERCENT)
 HIGHEST    87           400 AM
 LOWEST     41           500 PM
 AVERAGE    64

..........................................................


THE WICHITA EISENHOWER NATIONAL CLIMATE NORMALS FOR TODAY
                         NORMAL    RECORD    YEAR
 MAXIMUM TEMPERATURE (F)   90       107      2011
 MINIMUM TEMPERATURE (F)   68        47      1891


SUNRISE AND SUNSET
AUGUST 24 2015........SUNRISE   653 AM CDT   SUNSET   811 PM CDT
AUGUST 25 2015........SUNRISE   654 AM CDT   SUNSET   809 PM CDT


-  INDICATES NEGATIVE NUMBERS.
R  INDICATES RECORD WAS SET OR TIED.
MM INDICATES DATA IS MISSING.
T  INDICATES TRACE AMOUNT.




$$
