000
CDUS43 KICT 110634
CLIICT


CLIMATE REPORT
NATIONAL WEATHER SERVICE WICHITA KS
1234 AM CST THU DEC 11 2014


...................................

...THE WICHITA MID CONTINENT KS CLIMATE SUMMARY FOR DECEMBER 10 2014...

CLIMATE NORMAL PERIOD 1981 TO 2010
CLIMATE RECORD PERIOD 1888 TO 2014


WEATHER ITEM   OBSERVED TIME   RECORD YEAR NORMAL DEPARTURE LAST
                VALUE   (LST)  VALUE       VALUE  FROM      YEAR
                                                  NORMAL
..................................................................
TEMPERATURE (F)
 YESTERDAY
  MAXIMUM         45   1059 PM  72    1890  44      1       42
  MINIMUM         32    351 AM  -3    1919  25      7        7
  AVERAGE         39                        35      4       25

PRECIPITATION (IN)
  YESTERDAY        0.00          1.18 1960   0.05  -0.05     0.00
  MONTH TO DATE    0.57                      0.44   0.13      T
  SINCE DEC 1      0.57                      0.44   0.13      T
  SINCE JAN 1     24.88                     31.88  -7.00    39.85

SNOWFALL (IN)
  YESTERDAY        0.0           2.7  1969   0.2   -0.2      0.0
  MONTH TO DATE    0.0                       1.3   -1.3       T
  SINCE DEC 1      0.0                       1.3   -1.3       T
  SINCE JUL 1      1.8                       2.7   -0.9       T
  SNOW DEPTH       0

DEGREE DAYS
 HEATING
  YESTERDAY       26                        30     -4       40
  MONTH TO DATE  256                       288    -32      375
  SINCE DEC 1    256                       288    -32      375
  SINCE JUL 1   1136                      1164    -28     1260

 COOLING
  YESTERDAY        0                         0      0        0
  MONTH TO DATE    0                         0      0        0
  SINCE DEC 1      0                         0      0        0
  SINCE JAN 1   1849                      1686    163     1778
..................................................................


WIND (MPH)
  HIGHEST WIND SPEED    12   HIGHEST WIND DIRECTION    SE (120)
  HIGHEST GUST SPEED    15   HIGHEST GUST DIRECTION    SE (130)
  AVERAGE WIND SPEED     5.9


SKY COVER
  POSSIBLE SUNSHINE  MM
  AVERAGE SKY COVER 0.9


WEATHER CONDITIONS
 THE FOLLOWING WEATHER WAS RECORDED YESTERDAY.
  LIGHT RAIN
  HAZE


RELATIVE HUMIDITY (PERCENT)
 HIGHEST    82           300 AM
 LOWEST     65           100 PM
 AVERAGE    74

..........................................................


THE WICHITA MID CONTINENT KS CLIMATE NORMALS FOR TODAY
                         NORMAL    RECORD    YEAR
 MAXIMUM TEMPERATURE (F)   44        75      1939
 MINIMUM TEMPERATURE (F)   25        -3      1932


SUNRISE AND SUNSET
DECEMBER 11 2014......SUNRISE   735 AM CST   SUNSET   511 PM CST
DECEMBER 12 2014......SUNRISE   735 AM CST   SUNSET   511 PM CST


-  INDICATES NEGATIVE NUMBERS.
R  INDICATES RECORD WAS SET OR TIED.
MM INDICATES DATA IS MISSING.
T  INDICATES TRACE AMOUNT.




$$
