000
CDUS43 KICT 100635
CLIICT


CLIMATE REPORT
NATIONAL WEATHER SERVICE WICHITA KS
135 AM CDT TUE MAY 10 2016


...................................

...THE WICHITA EISENHOWER NATIONAL CLIMATE SUMMARY FOR MAY 9 2016...

CLIMATE NORMAL PERIOD 1981 TO 2010
CLIMATE RECORD PERIOD 1888 TO 2016


WEATHER ITEM   OBSERVED TIME   RECORD YEAR NORMAL DEPARTURE LAST
                VALUE   (LST)  VALUE       VALUE  FROM      YEAR
                                                  NORMAL
..................................................................
TEMPERATURE (F)
 YESTERDAY
  MAXIMUM         81    123 PM 100    2011  75      6       73
  MINIMUM         53   1159 PM  36    1980  53      0       61
  AVERAGE         67                        64      3       67

PRECIPITATION (IN)
  YESTERDAY        0.33          1.96 2006   0.13   0.20     0.61
  MONTH TO DATE    0.45                      1.20  -0.75     2.88
  SINCE MAR 1      8.21                      6.48   1.73     5.78
  SINCE JAN 1      8.95                      8.49   0.46     7.55

SNOWFALL (IN)
  YESTERDAY        0.0           0.0  2007   0.0    0.0      0.0
                                      2001
  MONTH TO DATE    0.0                       0.0    0.0      0.0
  SINCE MAR 1      3.5                       2.5    1.0      1.1
  SINCE JUL 1      4.3                      14.9  -10.6     18.0
  SNOW DEPTH       0

DEGREE DAYS
 HEATING
  YESTERDAY        0                         3     -3        0
  MONTH TO DATE   39                        38      1        0
  SINCE MAR 1    602                       906   -304      637
  SINCE JUL 1   3452                      4546  -1094     4202

 COOLING
  YESTERDAY        2                         2      0        2
  MONTH TO DATE   10                        16     -6       40
  SINCE MAR 1     47                        42      5       68
  SINCE JAN 1     47                        42      5       68
..................................................................


WIND (MPH)
  HIGHEST WIND SPEED    36   HIGHEST WIND DIRECTION     W (260)
  HIGHEST GUST SPEED    48   HIGHEST GUST DIRECTION     W (260)
  AVERAGE WIND SPEED    16.2


SKY COVER
  POSSIBLE SUNSHINE  MM
  AVERAGE SKY COVER 0.7


WEATHER CONDITIONS
 THE FOLLOWING WEATHER WAS RECORDED YESTERDAY.
  THUNDERSTORM
  HEAVY RAIN
  RAIN
  LIGHT RAIN
  HAIL


RELATIVE HUMIDITY (PERCENT)
 HIGHEST    93          1200 AM
 LOWEST     54           100 PM
 AVERAGE    74

..........................................................


THE WICHITA EISENHOWER NATIONAL CLIMATE NORMALS FOR TODAY
                         NORMAL    RECORD    YEAR
 MAXIMUM TEMPERATURE (F)   75       100      1967
 MINIMUM TEMPERATURE (F)   53        37      1946


SUNRISE AND SUNSET
MAY 10 2016...........SUNRISE   624 AM CDT   SUNSET   828 PM CDT
MAY 11 2016...........SUNRISE   623 AM CDT   SUNSET   829 PM CDT


-  INDICATES NEGATIVE NUMBERS.
R  INDICATES RECORD WAS SET OR TIED.
MM INDICATES DATA IS MISSING.
T  INDICATES TRACE AMOUNT.




$$
