368
CDUS43 KICT 300634
CLIICT


CLIMATE REPORT
NATIONAL WEATHER SERVICE WICHITA KS
1234 AM CST SAT JAN 30 2016


...................................

...THE WICHITA EISENHOWER NATIONAL CLIMATE SUMMARY FOR JANUARY 29 2016...

CLIMATE NORMAL PERIOD 1981 TO 2010
CLIMATE RECORD PERIOD 1888 TO 2016


WEATHER ITEM   OBSERVED TIME   RECORD YEAR NORMAL DEPARTURE LAST
                VALUE   (LST)  VALUE       VALUE  FROM      YEAR
                                                  NORMAL
..................................................................
TEMPERATURE (F)
 YESTERDAY
  MAXIMUM         71R   252 PM  70    2011  44     27       57
                                      1971
  MINIMUM         31    342 AM  -3    1966  22      9       29
  AVERAGE         51                        33     18       43

PRECIPITATION (IN)
  YESTERDAY        0.00          1.51 1982   0.03  -0.03     0.00
  MONTH TO DATE    0.19                      0.76  -0.57     0.44
  SINCE DEC 1      2.41                      1.96   0.45     1.73
  SINCE JAN 1      0.19                      0.76  -0.57     0.44

SNOWFALL (IN)
  YESTERDAY        0.0           2.8  1979   0.1   -0.1      0.0
  MONTH TO DATE    0.1                       3.3   -3.2      4.0
  SINCE DEC 1      0.5                       7.5   -7.0      8.2
  SINCE JUL 1      0.8                       8.9   -8.1     10.0
  SNOW DEPTH       0

DEGREE DAYS
 HEATING
  YESTERDAY       14                        32    -18       22
  MONTH TO DATE  915                       950    -35      889
  SINCE DEC 1   1645                      1917   -272     1714
  SINCE JUL 1   2214                      2793   -579     2594

 COOLING
  YESTERDAY        0                         0      0        0
  MONTH TO DATE    0                         0      0        0
  SINCE DEC 1      0                         0      0        0
  SINCE JAN 1      0                         0      0        0
..................................................................


WIND (MPH)
  HIGHEST WIND SPEED    26   HIGHEST WIND DIRECTION     S (190)
  HIGHEST GUST SPEED    34   HIGHEST GUST DIRECTION     S (190)
  AVERAGE WIND SPEED    10.6


SKY COVER
  POSSIBLE SUNSHINE  MM
  AVERAGE SKY COVER 0.1


WEATHER CONDITIONS
 THE FOLLOWING WEATHER WAS RECORDED YESTERDAY.
  NO SIGNIFICANT WEATHER WAS OBSERVED.


RELATIVE HUMIDITY (PERCENT)
 HIGHEST    82           300 AM
 LOWEST     23           200 PM
 AVERAGE    53

..........................................................


THE WICHITA EISENHOWER NATIONAL CLIMATE NORMALS FOR TODAY
                         NORMAL    RECORD    YEAR
 MAXIMUM TEMPERATURE (F)   44        70      1890
 MINIMUM TEMPERATURE (F)   23        -6      1979
                                             1949


SUNRISE AND SUNSET
JANUARY 30 2016.......SUNRISE   735 AM CST   SUNSET   551 PM CST
JANUARY 31 2016.......SUNRISE   735 AM CST   SUNSET   552 PM CST


-  INDICATES NEGATIVE NUMBERS.
R  INDICATES RECORD WAS SET OR TIED.
MM INDICATES DATA IS MISSING.
T  INDICATES TRACE AMOUNT.




$$
