000
CDUS43 KICT 150622
CLIICT


CLIMATE REPORT
NATIONAL WEATHER SERVICE WICHITA KS
122 AM CDT WED MAR 15 2017


...................................

...THE WICHITA EISENHOWER NATIONAL CLIMATE SUMMARY FOR MARCH 14 2017...

CLIMATE NORMAL PERIOD 1981 TO 2010
CLIMATE RECORD PERIOD 1888 TO 2017


WEATHER ITEM   OBSERVED TIME   RECORD YEAR NORMAL DEPARTURE LAST
                VALUE   (LST)  VALUE       VALUE  FROM      YEAR
                                                  NORMAL
..................................................................
TEMPERATURE (F)
 YESTERDAY
  MAXIMUM         43    508 PM  83    1955  57    -14       80
                                      1935
  MINIMUM         27   1150 PM   7    1895  35     -8       46
  AVERAGE         35                        46    -11       63

PRECIPITATION (IN)
  YESTERDAY        0.00          1.57 1944   0.09  -0.09     0.00
  MONTH TO DATE    0.02                      1.08  -1.06     0.91
  SINCE MAR 1      0.02                      1.08  -1.06     0.91
  SINCE JAN 1      3.64                      3.09   0.55     1.65

SNOWFALL (IN)
  YESTERDAY        0.0           5.0  1892   0.1   -0.1      0.0
  MONTH TO DATE    0.0                       1.2   -1.2      0.0
  SINCE MAR 1      0.0                       1.2   -1.2      0.0
  SINCE JUL 1      2.0                      13.6  -11.6      0.8
  SNOW DEPTH       0

DEGREE DAYS
 HEATING
  YESTERDAY       30                        19     11        2
  MONTH TO DATE  259                       296    -37      140
  SINCE MAR 1    259                       296    -37      140
  SINCE JUL 1   3103                      3936   -833     2990

 COOLING
  YESTERDAY        0                         0      0        0
  MONTH TO DATE    0                         0      0        3
  SINCE MAR 1      0                         0      0        3
  SINCE JAN 1      0                         0      0        3
..................................................................


WIND (MPH)
  HIGHEST WIND SPEED    16   HIGHEST WIND DIRECTION     E (80)
  HIGHEST GUST SPEED    20   HIGHEST GUST DIRECTION    NE (40)
  AVERAGE WIND SPEED     8.5


SKY COVER
  POSSIBLE SUNSHINE  MM
  AVERAGE SKY COVER 0.8


WEATHER CONDITIONS
 THE FOLLOWING WEATHER WAS RECORDED YESTERDAY.
  NO SIGNIFICANT WEATHER WAS OBSERVED.


RELATIVE HUMIDITY (PERCENT)
 HIGHEST    75           400 AM
 LOWEST     39           400 PM
 AVERAGE    57

..........................................................


THE WICHITA EISENHOWER NATIONAL CLIMATE NORMALS FOR TODAY
                         NORMAL    RECORD    YEAR
 MAXIMUM TEMPERATURE (F)   58        81      1914
 MINIMUM TEMPERATURE (F)   35        10      1895


SUNRISE AND SUNSET
MARCH 15 2017.........SUNRISE   740 AM CDT   SUNSET   737 PM CDT
MARCH 16 2017.........SUNRISE   739 AM CDT   SUNSET   738 PM CDT


-  INDICATES NEGATIVE NUMBERS.
R  INDICATES RECORD WAS SET OR TIED.
MM INDICATES DATA IS MISSING.
T  INDICATES TRACE AMOUNT.




$$
