000
CDUS43 KICT 292206
CLIICT


CLIMATE REPORT
NATIONAL WEATHER SERVICE WICHITA KS
506 PM CDT WED OCT 29 2014


...................................

...THE WICHITA MID CONTINENT CLIMATE SUMMARY FOR OCTOBER 29 2014...
VALID TODAY AS OF 0500 PM LOCAL TIME.

CLIMATE NORMAL PERIOD 1981 TO 2010
CLIMATE RECORD PERIOD 1888 TO 2014


WEATHER ITEM   OBSERVED TIME   RECORD YEAR NORMAL DEPARTURE LAST
                VALUE   (LST)  VALUE       VALUE  FROM      YEAR
                                                  NORMAL
..................................................................
TEMPERATURE (F)
 TODAY
  MAXIMUM         72    348 PM  86    1950  65      7       71
                                      1937
  MINIMUM         35    641 AM  19    1917  42     -7       58
                                      1913
  AVERAGE         54                        54      0       65

PRECIPITATION (IN)
  TODAY            0.00          2.50 1971   0.07  -0.07     1.17
  MONTH TO DATE    1.41                      2.64  -1.23     2.22
  SINCE SEP 1      1.88                      5.78  -3.90     4.25
  SINCE JAN 1     23.86                     29.87  -6.01    38.42

SNOWFALL (IN)
  TODAY            0.0           0.5  1905   0.0    0.0      0.0
  MONTH TO DATE    0.0                       0.1   -0.1       T
  SINCE SEP 1      0.0                       0.1   -0.1       T
  SINCE JUL 1      0.0                       0.1   -0.1       T
  SNOW DEPTH       0

DEGREE DAYS
 HEATING
  TODAY           11                        12     -1        0
  MONTH TO DATE  114                       218   -104      238
  SINCE SEP 1    134                       260   -126      242
  SINCE JUL 1    135                       261   -126      243

 COOLING
  TODAY            0                         0      0        0
  MONTH TO DATE   78                        35     43       51
  SINCE SEP 1    353                       257     96      365
  SINCE JAN 1   1849                      1684    165     1778
..................................................................


WIND (MPH)
  HIGHEST WIND SPEED    17   HIGHEST WIND DIRECTION    SW (220)
  HIGHEST GUST SPEED    21   HIGHEST GUST DIRECTION     S (190)
  AVERAGE WIND SPEED     4.2


SKY COVER
  POSSIBLE SUNSHINE  MM
  AVERAGE SKY COVER 0.1


WEATHER CONDITIONS
 THE FOLLOWING WEATHER WAS RECORDED TODAY.
  NO SIGNIFICANT WEATHER WAS OBSERVED.


RELATIVE HUMIDITY (PERCENT)
 HIGHEST    85           600 AM
 LOWEST     20           200 PM
 AVERAGE    53

..........................................................


THE WICHITA MID CONTINENT CLIMATE NORMALS FOR TOMORROW
                         NORMAL    RECORD    YEAR
 MAXIMUM TEMPERATURE (F)   64        88      1950
 MINIMUM TEMPERATURE (F)   42        14      1917


SUNRISE AND SUNSET
OCTOBER 29 2014.......SUNRISE   752 AM CDT   SUNSET   635 PM CDT
OCTOBER 30 2014.......SUNRISE   753 AM CDT   SUNSET   633 PM CDT


-  INDICATES NEGATIVE NUMBERS.
R  INDICATES RECORD WAS SET OR TIED.
MM INDICATES DATA IS MISSING.
T  INDICATES TRACE AMOUNT.




$$
