000
CDUS43 KICT 050621
CLIICT


CLIMATE REPORT
NATIONAL WEATHER SERVICE WICHITA KS
120 AM CDT SUN JUL 5 2015


...................................

...THE WICHITA EISENHOWER NATIONAL CLIMATE SUMMARY FOR JULY 4 2015...

CLIMATE NORMAL PERIOD 1981 TO 2010
CLIMATE RECORD PERIOD 1888 TO 2015


WEATHER ITEM   OBSERVED TIME   RECORD YEAR NORMAL DEPARTURE LAST
                VALUE   (LST)  VALUE       VALUE  FROM      YEAR
                                                  NORMAL
..................................................................
TEMPERATURE (F)
 YESTERDAY
  MAXIMUM         91    435 PM 110    1980  92     -1       86
  MINIMUM         64    557 AM  53    1892  69     -5       62
  AVERAGE         78                        80     -2       74

PRECIPITATION (IN)
  YESTERDAY        0.00          2.83 1958   0.12  -0.12     0.00
  MONTH TO DATE    0.17                      0.50  -0.33     1.12
  SINCE JUN 1      2.37                      5.70  -3.33    11.58
  SINCE JAN 1     18.81                     17.56   1.25    17.65

SNOWFALL (IN)
  YESTERDAY        0.0           0.0  2007   0.0    0.0      0.0
  MONTH TO DATE    0.0                       0.0    0.0      0.0
  SINCE JUN 1      0.0                       0.0    0.0      0.0
  SINCE JUL 1      0.0                       0.0    0.0      0.0
  SNOW DEPTH       0

DEGREE DAYS
 HEATING
  YESTERDAY        0                         0      0        0
  MONTH TO DATE    0                         0      0        0
  SINCE JUN 1      0                         6     -6        0
  SINCE JUL 1      0                         0      0        0

 COOLING
  YESTERDAY       13                        15     -2        9
  MONTH TO DATE   55                        60     -5       30
  SINCE JUN 1    514                       389    125      372
  SINCE JAN 1    627                       525    102      639
..................................................................


WIND (MPH)
  HIGHEST WIND SPEED    15   HIGHEST WIND DIRECTION    SE (140)
  HIGHEST GUST SPEED    23   HIGHEST GUST DIRECTION    SE (150)
  AVERAGE WIND SPEED     7.7


SKY COVER
  POSSIBLE SUNSHINE  MM
  AVERAGE SKY COVER 0.2


WEATHER CONDITIONS
 THE FOLLOWING WEATHER WAS RECORDED YESTERDAY.
  HAZE


RELATIVE HUMIDITY (PERCENT)
 HIGHEST    87           400 AM
 LOWEST     38           400 PM
 AVERAGE    63

..........................................................


THE WICHITA EISENHOWER NATIONAL CLIMATE NORMALS FOR TODAY
                         NORMAL    RECORD    YEAR
 MAXIMUM TEMPERATURE (F)   92       106      1980
                                             1937
 MINIMUM TEMPERATURE (F)   69        51      1972


SUNRISE AND SUNSET
JULY  5 2015..........SUNRISE   614 AM CDT   SUNSET   855 PM CDT
JULY  6 2015..........SUNRISE   614 AM CDT   SUNSET   854 PM CDT


-  INDICATES NEGATIVE NUMBERS.
R  INDICATES RECORD WAS SET OR TIED.
MM INDICATES DATA IS MISSING.
T  INDICATES TRACE AMOUNT.




$$
