000
CDUS43 KICT 162205
CLIICT


CLIMATE REPORT
NATIONAL WEATHER SERVICE WICHITA KS
505 PM CDT WED APR 16 2014


...................................

...THE WICHITA MID CONTINENT CLIMATE SUMMARY FOR APRIL 16 2014...
VALID TODAY AS OF 0500 PM LOCAL TIME.

CLIMATE NORMAL PERIOD 1981 TO 2010
CLIMATE RECORD PERIOD 1888 TO 2014


WEATHER ITEM   OBSERVED TIME   RECORD YEAR NORMAL DEPARTURE LAST
                VALUE   (LST)  VALUE       VALUE  FROM      YEAR
                                                  NORMAL
..................................................................
TEMPERATURE (F)
 TODAY
  MAXIMUM         73    334 PM  89    2006  68      5       49
                                      1967
  MINIMUM         46    647 AM  29    1953  45      1       43
                                      1907
  AVERAGE         60                        56      4       46

PRECIPITATION (IN)
  TODAY            0.00          1.05 1969   0.08  -0.08     0.02
  MONTH TO DATE    0.45                      1.22  -0.77     1.65
  SINCE MAR 1      0.94                      3.91  -2.97     3.76
  SINCE JAN 1      1.93                      5.92  -3.99     6.78

SNOWFALL (IN)
  TODAY            0.0           T    1947   0.0    0.0      0.0
  MONTH TO DATE    0.3                       0.2    0.1       T
  SINCE MAR 1      3.5                       2.5    1.0      5.3
  SINCE JUL 1     23.0                      14.9    8.1     29.8
  SNOW DEPTH       0

DEGREE DAYS
 HEATING
  TODAY            5                        10     -5       19
  MONTH TO DATE  179                       188     -9      236
  SINCE MAR 1    856                       765     91      902
  SINCE JUL 1   4775                      4405    370     4173

 COOLING
  TODAY            0                         1     -1        0
  MONTH TO DATE    9                         9      0        3
  SINCE MAR 1      9                        11     -2        3
  SINCE JAN 1      9                        11     -2        3
..................................................................


WIND (MPH)
  HIGHEST WIND SPEED    39   HIGHEST WIND DIRECTION     S (190)
  HIGHEST GUST SPEED    49   HIGHEST GUST DIRECTION     S (180)
  AVERAGE WIND SPEED    25.7


SKY COVER
  POSSIBLE SUNSHINE  MM
  AVERAGE SKY COVER 0.6


WEATHER CONDITIONS
 THE FOLLOWING WEATHER WAS RECORDED TODAY.
  NO SIGNIFICANT WEATHER WAS OBSERVED.


RELATIVE HUMIDITY (PERCENT)
 HIGHEST    45           700 AM
 LOWEST     19           200 PM
 AVERAGE    32

..........................................................


THE WICHITA MID CONTINENT CLIMATE NORMALS FOR TOMORROW
                         NORMAL    RECORD    YEAR
 MAXIMUM TEMPERATURE (F)   68        92      2006
 MINIMUM TEMPERATURE (F)   45        25      1907


SUNRISE AND SUNSET
APRIL 16 2014.........SUNRISE   653 AM CDT   SUNSET   806 PM CDT
APRIL 17 2014.........SUNRISE   652 AM CDT   SUNSET   807 PM CDT


-  INDICATES NEGATIVE NUMBERS.
R  INDICATES RECORD WAS SET OR TIED.
MM INDICATES DATA IS MISSING.
T  INDICATES TRACE AMOUNT.




$$
