000
CDUS43 KICT 270628
CLIICT


CLIMATE REPORT
NATIONAL WEATHER SERVICE WICHITA KS
128 AM CDT TUE SEP 27 2016


...................................

...THE WICHITA EISENHOWER NATIONAL CLIMATE SUMMARY FOR SEPTEMBER 26 2016...

CLIMATE NORMAL PERIOD 1981 TO 2010
CLIMATE RECORD PERIOD 1888 TO 2016


WEATHER ITEM   OBSERVED TIME   RECORD YEAR NORMAL DEPARTURE LAST
                VALUE   (LST)  VALUE       VALUE  FROM      YEAR
                                                  NORMAL
..................................................................
TEMPERATURE (F)
 YESTERDAY
  MAXIMUM         75    430 PM  97    1904  78     -3       84
  MINIMUM         48    632 AM  36    1942  55     -7       61
  AVERAGE         62                        66     -4       73

PRECIPITATION (IN)
  YESTERDAY        0.00          5.78 1999   0.11  -0.11     0.12
  MONTH TO DATE   11.30                      2.76   8.54     2.13
  SINCE SEP 1     11.30                      2.76   8.54     2.13
  SINCE JAN 1     47.64                     26.85  20.79    34.55

SNOWFALL (IN)
  YESTERDAY        0.0           T    1942   0.0    0.0      0.0
  MONTH TO DATE    0.0                       0.0    0.0      0.0
  SINCE SEP 1      0.0                       0.0    0.0      0.0
  SINCE JUL 1      0.0                       0.0    0.0      0.0
  SNOW DEPTH       0

DEGREE DAYS
 HEATING
  YESTERDAY        3                         3      0        0
  MONTH TO DATE    6                        27    -21        0
  SINCE SEP 1      6                        27    -21        0
  SINCE JUL 1      6                        28    -22        0

 COOLING
  YESTERDAY        0                         4     -4        8
  MONTH TO DATE  277                       205     72      325
  SINCE SEP 1    277                       205     72      325
  SINCE JAN 1   1949                      1632    317     1816
..................................................................


WIND (MPH)
  HIGHEST WIND SPEED    12   HIGHEST WIND DIRECTION     N (20)
  HIGHEST GUST SPEED    16   HIGHEST GUST DIRECTION     N (20)
  AVERAGE WIND SPEED     6.1


SKY COVER
  POSSIBLE SUNSHINE  MM
  AVERAGE SKY COVER 0.2


WEATHER CONDITIONS
 THE FOLLOWING WEATHER WAS RECORDED YESTERDAY.
  NO SIGNIFICANT WEATHER WAS OBSERVED.


RELATIVE HUMIDITY (PERCENT)
 HIGHEST    86           600 AM
 LOWEST     27           300 PM
 AVERAGE    57

..........................................................


THE WICHITA EISENHOWER NATIONAL CLIMATE NORMALS FOR TODAY
                         NORMAL    RECORD    YEAR
 MAXIMUM TEMPERATURE (F)   77        98      1898
 MINIMUM TEMPERATURE (F)   54        32      1942


SUNRISE AND SUNSET
SEPTEMBER 27 2016.....SUNRISE   722 AM CDT   SUNSET   718 PM CDT
SEPTEMBER 28 2016.....SUNRISE   723 AM CDT   SUNSET   717 PM CDT


-  INDICATES NEGATIVE NUMBERS.
R  INDICATES RECORD WAS SET OR TIED.
MM INDICATES DATA IS MISSING.
T  INDICATES TRACE AMOUNT.




$$
