000
CDUS43 KICT 260631
CLIICT


CLIMATE REPORT
NATIONAL WEATHER SERVICE WICHITA KS
131 AM CDT WED APR 26 2017


...................................

...THE WICHITA EISENHOWER NATIONAL CLIMATE SUMMARY FOR APRIL 25 2017...

CLIMATE NORMAL PERIOD 1981 TO 2010
CLIMATE RECORD PERIOD 1888 TO 2017


WEATHER ITEM   OBSERVED TIME   RECORD YEAR NORMAL DEPARTURE LAST
                VALUE   (LST)  VALUE       VALUE  FROM      YEAR
                                                  NORMAL
..................................................................
TEMPERATURE (F)
 YESTERDAY
  MAXIMUM         75   1230 PM  95    2012  71      4       81
  MINIMUM         46   1159 PM  33    2013  48     -2       63
  AVERAGE         61                        59      2       72

PRECIPITATION (IN)
  YESTERDAY        0.01          1.32 1915   0.10  -0.09      T
  MONTH TO DATE    5.62                      2.05   3.57     2.75
  SINCE MAR 1      9.12                      4.74   4.38     4.28
  SINCE JAN 1     12.74                      6.75   5.99     5.02

SNOWFALL (IN)
  YESTERDAY       MM             T    2011   0.0   MM        0.0
  MONTH TO DATE    0.0                       0.2   -0.2      0.0
  SINCE MAR 1      T                         2.5   -2.5      3.5
  SINCE JUL 1      2.0                      14.9  -12.9      4.3
  SNOW DEPTH       0

DEGREE DAYS
 HEATING
  YESTERDAY        4                         7     -3        0
  MONTH TO DATE  160                       260   -100      136
  SINCE MAR 1    589                       837   -248      525
  SINCE JUL 1   3433                      4477  -1044     3375

 COOLING
  YESTERDAY        0                         1     -1        7
  MONTH TO DATE   27                        18      9       25
  SINCE MAR 1     45                        20     25       32
  SINCE JAN 1     45                        20     25       32
..................................................................


WIND (MPH)
  HIGHEST WIND SPEED    26   HIGHEST WIND DIRECTION     N (360)
  HIGHEST GUST SPEED    36   HIGHEST GUST DIRECTION     N (360)
  AVERAGE WIND SPEED    14.8


SKY COVER
  POSSIBLE SUNSHINE  MM
  AVERAGE SKY COVER 0.7


WEATHER CONDITIONS
 THE FOLLOWING WEATHER WAS RECORDED YESTERDAY.
  LIGHT RAIN


RELATIVE HUMIDITY (PERCENT)
 HIGHEST    83           800 PM
 LOWEST     57          1200 PM
 AVERAGE    70

..........................................................


THE WICHITA EISENHOWER NATIONAL CLIMATE NORMALS FOR TODAY
                         NORMAL    RECORD    YEAR
 MAXIMUM TEMPERATURE (F)   71        93      1989
 MINIMUM TEMPERATURE (F)   48        31      1907


SUNRISE AND SUNSET
APRIL 26 2017.........SUNRISE   640 AM CDT   SUNSET   816 PM CDT
APRIL 27 2017.........SUNRISE   639 AM CDT   SUNSET   816 PM CDT


-  INDICATES NEGATIVE NUMBERS.
R  INDICATES RECORD WAS SET OR TIED.
MM INDICATES DATA IS MISSING.
T  INDICATES TRACE AMOUNT.




$$
