000
CDUS43 KICT 190648
CLIICT


CLIMATE REPORT
NATIONAL WEATHER SERVICE WICHITA KS
1247 AM CST SUN NOV 19 2017


...................................

...THE WICHITA EISENHOWER NATIONAL CLIMATE SUMMARY FOR NOVEMBER 18 2017...

CLIMATE NORMAL PERIOD 1981 TO 2010
CLIMATE RECORD PERIOD 1888 TO 2017


WEATHER ITEM   OBSERVED TIME   RECORD YEAR NORMAL DEPARTURE LAST
                VALUE   (LST)  VALUE       VALUE  FROM      YEAR
                                                  NORMAL
..................................................................
TEMPERATURE (F)
 YESTERDAY
  MAXIMUM         63   1236 AM  77    1942  55      8       58
  MINIMUM         35   1133 PM   5    2014  33      2       33
  AVERAGE         49                        44      5       46

PRECIPITATION (IN)
  YESTERDAY        T             1.08 1992   0.04  -0.04     0.00
  MONTH TO DATE    0.12                      0.94  -0.82     0.14
  SINCE SEP 1      6.06                      6.86  -0.80    13.48
  SINCE JAN 1     33.41                     30.95   2.46    49.82

SNOWFALL (IN)
  YESTERDAY       MM             6.8  1984   0.1   MM        0.0
  MONTH TO DATE    0.0                       0.4   -0.4      0.0
  SINCE SEP 1      0.0                       0.5   -0.5      0.0
  SINCE JUL 1      0.0                       0.5   -0.5      0.0
  SNOW DEPTH       0

DEGREE DAYS
 HEATING
  YESTERDAY       16                        21     -5       19
  MONTH TO DATE  308                       300      8      144
  SINCE SEP 1    532                       585    -53      234
  SINCE JUL 1    532                       586    -54      234

 COOLING
  YESTERDAY        0                         0      0        0
  MONTH TO DATE    2                         0      2       11
  SINCE SEP 1    346                       257     89      382
  SINCE JAN 1   1785                      1684    101     2054
..................................................................


WIND (MPH)
  HIGHEST WIND SPEED    35   HIGHEST WIND DIRECTION     N (340)
  HIGHEST GUST SPEED    43   HIGHEST GUST DIRECTION     N (340)
  AVERAGE WIND SPEED    19.1


SKY COVER
  POSSIBLE SUNSHINE  MM
  AVERAGE SKY COVER 0.6


WEATHER CONDITIONS
 THE FOLLOWING WEATHER WAS RECORDED YESTERDAY.
  LIGHT RAIN


RELATIVE HUMIDITY (PERCENT)
 HIGHEST    83           100 AM
 LOWEST     30           400 PM
 AVERAGE    57

..........................................................


THE WICHITA EISENHOWER NATIONAL CLIMATE NORMALS FOR TODAY
                         NORMAL    RECORD    YEAR
 MAXIMUM TEMPERATURE (F)   54        79      2007
 MINIMUM TEMPERATURE (F)   33        10      1937


SUNRISE AND SUNSET
NOVEMBER 19 2017......SUNRISE   714 AM CST   SUNSET   516 PM CST
NOVEMBER 20 2017......SUNRISE   715 AM CST   SUNSET   515 PM CST


-  INDICATES NEGATIVE NUMBERS.
R  INDICATES RECORD WAS SET OR TIED.
MM INDICATES DATA IS MISSING.
T  INDICATES TRACE AMOUNT.




$$
