000
CDUS43 KICT 230626
CLIICT

CLIMATE REPORT
NATIONAL WEATHER SERVICE WICHITA KS
124 AM CDT SAT MAY 23 2015

...................................

...THE WICHITA EISENHOWER NATIONAL CLIMATE SUMMARY FOR MAY 22 2015...

CLIMATE NORMAL PERIOD 1981 TO 2010
CLIMATE RECORD PERIOD 1888 TO 2015


WEATHER ITEM   OBSERVED TIME   RECORD YEAR NORMAL DEPARTURE LAST
                VALUE   (LST)  VALUE       VALUE  FROM      YEAR
                                                  NORMAL
..................................................................
TEMPERATURE (F)
 YESTERDAY
  MAXIMUM         62    542 PM  95    1956  78    -16       88
  MINIMUM         51    234 AM  38    1931  57     -6       65
  AVERAGE         57                        68    -11       77

PRECIPITATION (IN)
  YESTERDAY        0.29          1.82 1938   0.16   0.13     1.74
  MONTH TO DATE    8.47                      3.13   5.34     2.29
  SINCE MAR 1     11.37                      8.41   2.96     3.31
  SINCE JAN 1     13.14                     10.42   2.72     4.30

SNOWFALL (IN)
  YESTERDAY        0.0           T    2006   0.0    0.0      0.0
  MONTH TO DATE    0.0                       0.0    0.0      0.0
  SINCE MAR 1      1.1                       2.5   -1.4      3.5
  SINCE JUL 1     18.0                      14.9    3.1     23.0
  SNOW DEPTH       0

DEGREE DAYS
 HEATING
  YESTERDAY        8                         2      6        0
  MONTH TO DATE   67                        70     -3       73
  SINCE MAR 1    704                       938   -234     1020
  SINCE JUL 1   4269                      4578   -309     4939

 COOLING
  YESTERDAY        0                         4     -4       12
  MONTH TO DATE   55                        60     -5      152
  SINCE MAR 1     83                        86     -3      185
  SINCE JAN 1     83                        86     -3      185
..................................................................


WIND (MPH)
  HIGHEST WIND SPEED    20   HIGHEST WIND DIRECTION    SE (120)
  HIGHEST GUST SPEED    22   HIGHEST GUST DIRECTION     E (110)
  AVERAGE WIND SPEED     9.5


SKY COVER
  POSSIBLE SUNSHINE  MM
  AVERAGE SKY COVER 0.9


WEATHER CONDITIONS
 THE FOLLOWING WEATHER WAS RECORDED YESTERDAY.
  RAIN
  LIGHT RAIN
  FOG


RELATIVE HUMIDITY (PERCENT)
 HIGHEST    89           600 AM
 LOWEST     72           500 PM
 AVERAGE    81

..........................................................


THE WICHITA EISENHOWER NATIONAL CLIMATE NORMALS FOR TODAY
                         NORMAL    RECORD    YEAR
 MAXIMUM TEMPERATURE (F)   79       100      1996
 MINIMUM TEMPERATURE (F)   58        40      1917
                                             1893


SUNRISE AND SUNSET
MAY 23 2015...........SUNRISE   614 AM CDT   SUNSET   839 PM CDT
MAY 24 2015...........SUNRISE   614 AM CDT   SUNSET   840 PM CDT


-  INDICATES NEGATIVE NUMBERS.
R  INDICATES RECORD WAS SET OR TIED.
MM INDICATES DATA IS MISSING.
T  INDICATES TRACE AMOUNT.

$$
