000
CDUS43 KICT 020650
CLIICT


CLIMATE REPORT
NATIONAL WEATHER SERVICE WICHITA KS
149 AM CDT WED SEP 2 2015


...................................

...THE WICHITA EISENHOWER NATIONAL CLIMATE SUMMARY FOR SEPTEMBER 1 2015...

CLIMATE NORMAL PERIOD 1981 TO 2010
CLIMATE RECORD PERIOD 1888 TO 2015


WEATHER ITEM   OBSERVED TIME   RECORD YEAR NORMAL DEPARTURE LAST
                VALUE   (LST)  VALUE       VALUE  FROM      YEAR
                                                  NORMAL
..................................................................
TEMPERATURE (F)
 YESTERDAY
  MAXIMUM         94    249 PM 107    1990  88      6       89
  MINIMUM         68    542 AM  50    1956  66      2       66
  AVERAGE         81                        77      4       78

PRECIPITATION (IN)
  YESTERDAY        0.00          2.72 1977   0.11  -0.11     0.05
  MONTH TO DATE    0.00                      0.11  -0.11     0.05
  SINCE SEP 1      0.00                      0.11  -0.11     0.05
  SINCE JAN 1     32.42                     24.20   8.22    22.03

SNOWFALL (IN)
  YESTERDAY        0.0           0.0  2007   0.0    0.0      0.0
  MONTH TO DATE    0.0                       0.0    0.0      0.0
  SINCE SEP 1      0.0                       0.0    0.0      0.0
  SINCE JUL 1      0.0                       0.0    0.0      0.0
  SNOW DEPTH       0

DEGREE DAYS
 HEATING
  YESTERDAY        0                         0      0        0
  MONTH TO DATE    0                         0      0        0
  SINCE SEP 1      0                         0      0        0
  SINCE JUL 1      0                         1     -1        1

 COOLING
  YESTERDAY       16                        12      4       13
  MONTH TO DATE   16                        12      4       13
  SINCE SEP 1     16                        12      4       13
  SINCE JAN 1   1507                      1439     68     1509
..................................................................


WIND (MPH)
  HIGHEST WIND SPEED    22   HIGHEST WIND DIRECTION    SE (150)
  HIGHEST GUST SPEED    27   HIGHEST GUST DIRECTION    SE (150)
  AVERAGE WIND SPEED    13.5


SKY COVER
  POSSIBLE SUNSHINE  MM
  AVERAGE SKY COVER 0.3


WEATHER CONDITIONS
 THE FOLLOWING WEATHER WAS RECORDED YESTERDAY.
  NO SIGNIFICANT WEATHER WAS OBSERVED.


RELATIVE HUMIDITY (PERCENT)
 HIGHEST    79           200 AM
 LOWEST     33           200 PM
 AVERAGE    56

..........................................................


THE WICHITA EISENHOWER NATIONAL CLIMATE NORMALS FOR TODAY
                         NORMAL    RECORD    YEAR
 MAXIMUM TEMPERATURE (F)   88       108      2000
 MINIMUM TEMPERATURE (F)   65        48      1974


SUNRISE AND SUNSET
SEPTEMBER  2 2015.....SUNRISE   700 AM CDT   SUNSET   758 PM CDT
SEPTEMBER  3 2015.....SUNRISE   701 AM CDT   SUNSET   756 PM CDT


-  INDICATES NEGATIVE NUMBERS.
R  INDICATES RECORD WAS SET OR TIED.
MM INDICATES DATA IS MISSING.
T  INDICATES TRACE AMOUNT.




$$
