000
CDUS43 KICT 290625
CLIICT

CLIMATE REPORT
NATIONAL WEATHER SERVICE WICHITA KS
124 AM CDT WED OCT 29 2014


...................................

...THE WICHITA MID CONTINENT KS CLIMATE SUMMARY FOR OCTOBER 28 2014...

CLIMATE NORMAL PERIOD 1981 TO 2010
CLIMATE RECORD PERIOD 1888 TO 2014


WEATHER ITEM   OBSERVED TIME   RECORD YEAR NORMAL DEPARTURE LAST
                VALUE   (LST)  VALUE       VALUE  FROM      YEAR
                                                  NORMAL
..................................................................
TEMPERATURE (F)
 YESTERDAY
  MAXIMUM         68    416 PM  83    1938  65      3       67
  MINIMUM         40    709 AM  19    1925  43     -3       41
  AVERAGE         54                        54      0       54

PRECIPITATION (IN)
  YESTERDAY        0.00          2.22 1900   0.07  -0.07     0.03
  MONTH TO DATE    1.41                      2.57  -1.16     1.05
  SINCE SEP 1      1.88                      5.71  -3.83     3.08
  SINCE JAN 1     23.86                     29.80  -5.94    37.25

SNOWFALL (IN)
  YESTERDAY        0.0           1.6  1905   0.0    0.0      0.0
  MONTH TO DATE    0.0                       0.1   -0.1       T
  SINCE SEP 1      0.0                       0.1   -0.1       T
  SINCE JUL 1      0.0                       0.1   -0.1       T
  SNOW DEPTH       0

DEGREE DAYS
 HEATING
  YESTERDAY       11                        11      0       11
  MONTH TO DATE  103                       206   -103      238
  SINCE SEP 1    123                       248   -125      242
  SINCE JUL 1    124                       249   -125      243

 COOLING
  YESTERDAY        0                         0      0        0
  MONTH TO DATE   78                        35     43       51
  SINCE SEP 1    353                       257     96      365
  SINCE JAN 1   1849                      1684    165     1778
..................................................................


WIND (MPH)
  HIGHEST WIND SPEED    15   HIGHEST WIND DIRECTION     N (350)
  HIGHEST GUST SPEED    19   HIGHEST GUST DIRECTION     N (360)
  AVERAGE WIND SPEED     5.0


SKY COVER
  POSSIBLE SUNSHINE  MM
  AVERAGE SKY COVER 0.5


WEATHER CONDITIONS
 THE FOLLOWING WEATHER WAS RECORDED YESTERDAY.
  NO SIGNIFICANT WEATHER WAS OBSERVED.


RELATIVE HUMIDITY (PERCENT)
 HIGHEST    89           700 AM
 LOWEST     22           400 PM
 AVERAGE    56

..........................................................


THE WICHITA MID CONTINENT KS CLIMATE NORMALS FOR TODAY
                         NORMAL    RECORD    YEAR
 MAXIMUM TEMPERATURE (F)   65        86      1950
                                             1937
 MINIMUM TEMPERATURE (F)   42        19      1917
                                             1913


SUNRISE AND SUNSET
OCTOBER 29 2014.......SUNRISE   752 AM CDT   SUNSET   635 PM CDT
OCTOBER 30 2014.......SUNRISE   753 AM CDT   SUNSET   633 PM CDT


-  INDICATES NEGATIVE NUMBERS.
R  INDICATES RECORD WAS SET OR TIED.
MM INDICATES DATA IS MISSING.
T  INDICATES TRACE AMOUNT.




$$
