000
CDUS43 KICT 012212
CLIICT


CLIMATE REPORT
NATIONAL WEATHER SERVICE WICHITA KS
511 PM CDT MON SEP 1 2014


...................................

...THE WICHITA MID CONTINENT CLIMATE SUMMARY FOR SEPTEMBER 1 2014...
VALID TODAY AS OF 500 PM LOCAL TIME.

CLIMATE NORMAL PERIOD 1981 TO 2010
CLIMATE RECORD PERIOD 1888 TO 2014


WEATHER ITEM   OBSERVED TIME   RECORD YEAR NORMAL DEPARTURE LAST
                VALUE   (LST)  VALUE       VALUE  FROM      YEAR
                                                  NORMAL
..................................................................
TEMPERATURE (F)
 TODAY
  MAXIMUM         89    241 PM 107    1990  88      1       92
  MINIMUM         66    344 AM  50    1956  66      0       72
  AVERAGE         78                        77      1       82

PRECIPITATION (IN)
  TODAY            0.05          2.72 1977   0.11  -0.06     0.01
  MONTH TO DATE    0.05                      0.11  -0.06     0.01
  SINCE SEP 1      0.05                      0.11  -0.06     0.01
  SINCE JAN 1     22.03                     24.20  -2.17    34.18

SNOWFALL (IN)
  TODAY            0.0           0.0  2007   0.0    0.0      0.0
  MONTH TO DATE    0.0                       0.0    0.0      0.0
  SINCE SEP 1      0.0                       0.0    0.0      0.0
  SINCE JUL 1      0.0                       0.0    0.0      0.0
  SNOW DEPTH       0

DEGREE DAYS
 HEATING
  TODAY            0                         0      0        0
  MONTH TO DATE    0                         0      0        0
  SINCE SEP 1      0                         0      0        0
  SINCE JUL 1      1                         1      0        1

 COOLING
  TODAY           13                        12      1       17
  MONTH TO DATE   13                        12      1       17
  SINCE SEP 1     13                        12      1       17
  SINCE JAN 1   1509                      1439     70     1430
..................................................................


WIND (MPH)
  HIGHEST WIND SPEED    32   HIGHEST WIND DIRECTION     N (10)
  HIGHEST GUST SPEED    42   HIGHEST GUST DIRECTION     N (10)
  AVERAGE WIND SPEED    13.2


SKY COVER
  POSSIBLE SUNSHINE  MM
  AVERAGE SKY COVER 0.9


WEATHER CONDITIONS
 THE FOLLOWING WEATHER WAS RECORDED TODAY.
  THUNDERSTORM
  LIGHT RAIN


RELATIVE HUMIDITY (PERCENT)
 HIGHEST    81           300 AM
 LOWEST     57           300 PM
 AVERAGE    69

..........................................................


THE WICHITA MID CONTINENT CLIMATE NORMALS FOR TOMORROW
                         NORMAL    RECORD    YEAR
 MAXIMUM TEMPERATURE (F)   88       108      2000
 MINIMUM TEMPERATURE (F)   65        48      1974


SUNRISE AND SUNSET
SEPTEMBER  1 2014.....SUNRISE   700 AM CDT   SUNSET   759 PM CDT
SEPTEMBER  2 2014.....SUNRISE   701 AM CDT   SUNSET   757 PM CDT


-  INDICATES NEGATIVE NUMBERS.
R  INDICATES RECORD WAS SET OR TIED.
MM INDICATES DATA IS MISSING.
T  INDICATES TRACE AMOUNT.




$$
