000
CDUS43 KICT 230632
CLIICT


CLIMATE REPORT
NATIONAL WEATHER SERVICE WICHITA KS
1232 AM CST MON JAN 23 2017


...................................

...THE WICHITA EISENHOWER NATIONAL CLIMATE SUMMARY FOR JANUARY 22 2017...

CLIMATE NORMAL PERIOD 1981 TO 2010
CLIMATE RECORD PERIOD 1888 TO 2017


WEATHER ITEM   OBSERVED TIME   RECORD YEAR NORMAL DEPARTURE LAST
                VALUE   (LST)  VALUE       VALUE  FROM      YEAR
                                                  NORMAL
..................................................................
TEMPERATURE (F)
 YESTERDAY
  MAXIMUM         54    310 PM  75    1967  43     11       30
  MINIMUM         31   1159 PM  -6    1930  22      9       26
  AVERAGE         43                        32     11       28

PRECIPITATION (IN)
  YESTERDAY        0.19          0.54 1992   0.03   0.16     0.00
  MONTH TO DATE    2.79                      0.54   2.25     0.19
  SINCE DEC 1      3.45                      1.74   1.71     2.41
  SINCE JAN 1      2.79                      0.54   2.25     0.19

SNOWFALL (IN)
  YESTERDAY        0.0           3.5  1890   0.1   -0.1      0.0
  MONTH TO DATE    T                         2.4   -2.4      0.1
  SINCE DEC 1      2.0                       6.6   -4.6      0.5
  SINCE JUL 1      2.0                       8.0   -6.0      0.8
  SNOW DEPTH       0

DEGREE DAYS
 HEATING
  YESTERDAY       22                        33    -11       37
  MONTH TO DATE  668                       726    -58      738
  SINCE DEC 1   1655                      1693    -38     1468
  SINCE JUL 1   2108                      2569   -461     2037

 COOLING
  YESTERDAY        0                         0      0        0
  MONTH TO DATE    0                         0      0        0
  SINCE DEC 1      0                         0      0        0
  SINCE JAN 1      0                         0      0        0
..................................................................


WIND (MPH)
  HIGHEST WIND SPEED    29   HIGHEST WIND DIRECTION    NW (330)
  HIGHEST GUST SPEED    34   HIGHEST GUST DIRECTION    NW (330)
  AVERAGE WIND SPEED    14.7


SKY COVER
  POSSIBLE SUNSHINE  MM
  AVERAGE SKY COVER 0.5


WEATHER CONDITIONS
 THE FOLLOWING WEATHER WAS RECORDED YESTERDAY.
  LIGHT RAIN
  FOG


RELATIVE HUMIDITY (PERCENT)
 HIGHEST    93           300 AM
 LOWEST     38           300 PM
 AVERAGE    66

..........................................................


THE WICHITA EISENHOWER NATIONAL CLIMATE NORMALS FOR TODAY
                         NORMAL    RECORD    YEAR
 MAXIMUM TEMPERATURE (F)   43        73      1967
 MINIMUM TEMPERATURE (F)   22        -6      1894


SUNRISE AND SUNSET
JANUARY 23 2017.......SUNRISE   740 AM CST   SUNSET   544 PM CST
JANUARY 24 2017.......SUNRISE   739 AM CST   SUNSET   545 PM CST


-  INDICATES NEGATIVE NUMBERS.
R  INDICATES RECORD WAS SET OR TIED.
MM INDICATES DATA IS MISSING.
T  INDICATES TRACE AMOUNT.




$$
