000
CXUS55 KVEF 010910
CF6IGM
PRELIMINARY LOCAL CLIMATOLOGICAL DATA (WS FORM: F-6)
STATION: KINGMAN AZ
MONTH: AUGUST
YEAR: 2021
LATITUDE: 35 16 N
LONGITUDE: 113 57 W
TEMPERATURE IN F: :PCPN: SNOW: WIND :SUNSHINE: SKY :PK WND
================================================================================
1 2 3 4 5 6A 6B 7 8 9 10 11 12 13 14 15 16 17 18
12Z AVG MX 2MIN
DY MAX MIN AVG DEP HDD CDD WTR SNW DPTH SPD SPD DIR MIN PSBL S-S WX SPD DR
================================================================================
1 97 70 84 -1 0 19 0.00 M M 7.2 17 260 M M 0 24 290
2 102 70 86 1 0 21 0.00 M M 4.4 14 340 M M 0 17 340
3 104 72 88 4 0 23 0.00 M M 4.3 15 350 M M 0 20 350
4 107 71 89 5 0 24 0.00 M M 4.5 16 50 M M 0 21 50
5 105 75 90 6 0 25 0.00 M M 10.8 21 230 M M 0 27 220
6 100 77 89 5 0 24 0.00 M M 13.8 28 230 M M 0 42 220
7 100 73 87 3 0 22 0.00 M M 8.7 22 240 M M 0 28 250
8 100 68 84 0 0 19 0.00 M M 10.1 23 230 M M 0 30 240
9 97 74 86 2 0 21 0.00 M M 10.3 17 250 M M 0 29 260
10 94 70 82 -2 0 17 0.37 M M 12.8 39 140 M M 1 38 52 150
11 88 66 77 -7 0 12 0.00 M M 10.8 21 120 M M 0 27 120
12 91 69 80 -4 0 15 0.00 M M 8.3 24 80 M M 0 29 70
13 92 74 83 -1 0 18 T M M 9.2 33 80 M M 0 38 43 80
14 94 74 84 0 0 19 T M M 9.4 24 100 M M 1 30 120
15 97 69 83 0 0 18 0.00 M M 8.8 17 240 M M 0 23 220
16 97 74 86 3 0 21 0.00 M M 11.1 20 230 M M 0 26 240
17 93 74 84 1 0 19 0.00 M M 14.9 29 230 M M 0 37 230
18 91 75 83 0 0 18 0.00 M M 19.3 35 200 M M 2 8 46 200
19 89 68 79 -4 0 14 0.00 M M 14.1 30 230 M M 1 8 38 190
20 95 68 82 -1 0 17 0.00 M M 11.4 29 200 M M 1 37 230
21 94 69 82 -1 0 17 0.00 M M 15.3 32 230 M M 1 8 43 220
22 96 66 81 -1 0 16 0.00 M M 11.6 16 210 M M 0 30 190
23 96 67 82 0 0 17 0.00 M M 12.6 25 230 M M 0 36 190
24 99 63 81 -1 0 16 0.00 M M 11.5 26 230 M M 0 8 35 230
25 100 72 86 4 0 21 0.00 M M 10.9 24 250 M M 0 31 240
26 102 72 87 5 0 22 0.00 M M 7.7 20 260 M M 0 25 250
27 103 68 86 4 0 21 0.00 M M 8.2 24 220 M M 0 31 270
28 101 71 86 5 0 21 0.00 M M 8.4 30 130 M M 0 8 35 130
29 103 76 90 9 0 25 T M M 10.2 38 140 M M 1 38 47 140
30 98 72 85 4 0 20 0.12 M M 9.3 25 180 M M 2 38 31 140
31 88 65 77 -4 0 12 1.45 M M 13.3 37 240 M M 3 13 57 240
================================================================================
SM 3013 2192 0 594 1.94 M 323.2 M 13
================================================================================
AV 97.2 70.7 10.4 FASTST M M 0 MAX(MPH)
MISC ----> 39 140 57 240
================================================================================
NOTES:
# LAST OF SEVERAL OCCURRENCES
COLUMN 17 PEAK WIND IN M.P.H.
PRELIMINARY LOCAL CLIMATOLOGICAL DATA (WS FORM: F-6) , PAGE 2
STATION: KINGMAN AZ
MONTH: AUGUST
YEAR: 2021
LATITUDE: 35 16 N
LONGITUDE: 113 57 W
[TEMPERATURE DATA] [PRECIPITATION DATA] SYMBOLS USED IN COLUMN 16
AVERAGE MONTHLY: 84.0 TOTAL FOR MONTH: 1.94 1 = FOG OR MIST
DPTR FM NORMAL: 0.9 DPTR FM NORMAL: 1.06 2 = FOG REDUCING VISIBILITY
HIGHEST: 107 ON 4 GRTST 24HR 1.45 ON 31-31 TO 1/4 MILE OR LESS
LOWEST: 63 ON 24 3 = THUNDER
SNOW, ICE PELLETS, HAIL 4 = ICE PELLETS
TOTAL MONTH: M 5 = HAIL
GRTST 24HR M ON M 6 = FREEZING RAIN OR DRIZZLE
GRTST DEPTH: M ON M 7 = DUSTSTORM OR SANDSTORM:
VSBY 1/2 MILE OR LESS
8 = SMOKE OR HAZE
[NO. OF DAYS WITH] [WEATHER - DAYS WITH] 9 = BLOWING SNOW
X = TORNADO
MAX 32 OR BELOW: 0 0.01 INCH OR MORE: 3
MAX 90 OR ABOVE: 28 0.10 INCH OR MORE: 3
MIN 32 OR BELOW: 0 0.50 INCH OR MORE: 1
MIN 0 OR BELOW: 0 1.00 INCH OR MORE: 1
[HDD (BASE 65) ]
TOTAL THIS MO. 0 CLEAR (SCALE 0-3) 30
DPTR FM NORMAL 0 PTCLDY (SCALE 4-7) 1
TOTAL FM JUL 1 0 CLOUDY (SCALE 8-10) 0
DPTR FM NORMAL 0
[CDD (BASE 65) ]
TOTAL THIS MO. 594
DPTR FM NORMAL 34 [PRESSURE DATA]
TOTAL FM JAN 1 2082 HIGHEST SLP 29.99 ON 14
DPTR FM NORMAL 310 LOWEST SLP 29.57 ON 30
[REMARKS]
#FINAL-08-21#