000
CXUS54 KFWD 010831
CF6ILE
PRELIMINARY LOCAL CLIMATOLOGICAL DATA (WS FORM: F-6)
STATION: KILLEEN SKYLARK
MONTH: NOVEMBER
YEAR: 2021
LATITUDE: 31 4 N
LONGITUDE: 97 41 W
TEMPERATURE IN F: :PCPN: SNOW: WIND :SUNSHINE: SKY :PK WND
================================================================================
1 2 3 4 5 6A 6B 7 8 9 10 11 12 13 14 15 16 17 18
12Z AVG MX 2MIN
DY MAX MIN AVG DEP HDD CDD WTR SNW DPTH SPD SPD DIR MIN PSBL S-S WX SPD DR
================================================================================
1 79 49 64 1 1 0 0.00 M M 5.3 14 140 M M 0 21 180
2 73 57 65 3 0 0 0.00 M M 5.7 10 20 M M 7 1 M M
3 57 47 52 -10 13 0 1.18 M M 10.6 17 20 M M 10 13 22 350
4 59 40 50 -12 15 0 0.00 M M 8.9 15 20 M M 6 20 10
5 62 37 50 -11 15 0 0.00 M M 2.7 6 160 M M 0 M M
6 68 38 53 -8 12 0 0.00 M M 2.6 7 120 M M 0 M M
7 74 41 58 -3 7 0 0.00 M M 6.2 12 140 M M 0 M M
8 76 48 62 2 3 0 0.00 M M 7.7 14 170 M M 2 12 18 170
9 75 54 65 5 0 0 0.00 M M 6.8 13 150 M M 2 1 M M
10 79 60 70 10 0 5 0.00 M M 10.8 21 180 M M 6 28 180
11 71 47 59 0 6 0 M M M 8.8 17 20 M M 0 22 10
12 72 39 56 -3 9 0 0.00 M M 6.2 16 20 M M 0 22 20
13 69 36 53 -5 12 0 0.00 M M 5.2 10 160 M M 0 M M
14 76 41 59 1 6 0 0.00 M M 2.6 8 240 M M 0 M M
15 79 50 65 7 0 0 0.00 M M 1.7 9 210 M M 0 1 M M
16 79 63 71 14 0 6 0.00 M M 17.2 24 190 M M 1 30 180
17 82 58 70 13 0 5 0.00 M M 13.4 20 190 M M 3 28 200
18 65 45 55 -1 10 0 0.00 M M 13.4 21 30 M M 5 29 360
19 64 35 50 -6 15 0 0.00 M M 5.6 12 110 M M 0 M M
20 74 45 60 4 5 0 0.00 M M 9.9 20 210 M M 1 27 190
21 75 53 64 9 1 0 0.00 M M 7.4 15 330 M M 7 23 330
22 68 42 55 0 10 0 0.00 M M 6.0 12 340 M M 0 M M
23 69 35 52 -2 13 0 0.00 M M 6.9 13 160 M M 0 24 170
24 76 53 65 11 0 0 0.00 M M 10.5 23 180 M M 5 30 180
25 68 46 57 3 8 0 0.00 M M 12.0 21 340 M M 1 1 31 340
26 54 36 45 -8 20 0 0.00 M M 4.2 10 30 M M 0 M M
27 51 46 49 -4 16 0 0.25 M M 4.7 10 180 M M 8 1 M M
28 69 43 56 3 9 0 0.00 M M 6.7 16 20 M M 3 1 20 20
29 73 37 55 3 10 0 0.00 M M 6.0 9 200 M M 0 M M
30 74 42 58 6 7 0 0.00 M M 6.5 15 200 M M 0 M M
================================================================================
SM 2110 1363 223 16 1.43 M 222.3 M 67
================================================================================
AV 70.3 45.4 7.4 FASTST M M 2 MAX(MPH)
MISC ----> 24 190 31 340
================================================================================
NOTES:
# LAST OF SEVERAL OCCURRENCES
COLUMN 17 PEAK WIND IN M.P.H.
PRELIMINARY LOCAL CLIMATOLOGICAL DATA (WS FORM: F-6) , PAGE 2
STATION: KILLEEN SKYLARK
MONTH: NOVEMBER
YEAR: 2021
LATITUDE: 31 4 N
LONGITUDE: 97 41 W
[TEMPERATURE DATA] [PRECIPITATION DATA] SYMBOLS USED IN COLUMN 16
AVERAGE MONTHLY: 57.9 TOTAL FOR MONTH: 1.43 1 = FOG OR MIST
DPTR FM NORMAL: 0.6 DPTR FM NORMAL: -1.45 2 = FOG REDUCING VISIBILITY
HIGHEST: 82 ON 17 GRTST 24HR 1.18 ON 3- 3 TO 1/4 MILE OR LESS
LOWEST: 35 ON 23,19 3 = THUNDER
SNOW, ICE PELLETS, HAIL 4 = ICE PELLETS
TOTAL MONTH: M 5 = HAIL
GRTST 24HR M ON M 6 = FREEZING RAIN OR DRIZZLE
GRTST DEPTH: M ON M 7 = DUSTSTORM OR SANDSTORM:
VSBY 1/2 MILE OR LESS
8 = SMOKE OR HAZE
[NO. OF DAYS WITH] [WEATHER - DAYS WITH] 9 = BLOWING SNOW
X = TORNADO
MAX 32 OR BELOW: 0 0.01 INCH OR MORE: 2
MAX 90 OR ABOVE: 0 0.10 INCH OR MORE: 2
MIN 32 OR BELOW: 0 0.50 INCH OR MORE: 1
MIN 0 OR BELOW: 0 1.00 INCH OR MORE: 1
[HDD (BASE 65) ]
TOTAL THIS MO. 223 CLEAR (SCALE 0-3) 21
DPTR FM NORMAL -39 PTCLDY (SCALE 4-7) 7
TOTAL FM JUL 1 251 CLOUDY (SCALE 8-10) 2
DPTR FM NORMAL -81
[CDD (BASE 65) ]
TOTAL THIS MO. 16
DPTR FM NORMAL -17 [PRESSURE DATA]
TOTAL FM JAN 1 2647 HIGHEST SLP M ON M
DPTR FM NORMAL 104 LOWEST SLP M ON M
[REMARKS]
#FINAL-11-21#