000
CXUS51 KPHI 010915
CF6ILG
PRELIMINARY LOCAL CLIMATOLOGICAL DATA (WS FORM: F-6)
STATION: WILMINGTON DE
MONTH: NOVEMBER
YEAR: 2023
LATITUDE: 39 40 N
LONGITUDE: 75 36 W
TEMPERATURE IN F: :PCPN: SNOW: WIND :SUNSHINE: SKY :PK WND
================================================================================
1 2 3 4 5 6A 6B 7 8 9 10 11 12 13 14 15 16 17 18
12Z AVG MX 2MIN
DY MAX MIN AVG DEP HDD CDD WTR SNW DPTH SPD SPD DIR MIN PSBL S-S WX SPD DR
================================================================================
1 50 32 41 -10 24 0 0.00 0.0 0 11.8 26 300 M M 3 36 310
2 51 28 40 -11 25 0 0.00 0.0 0 5.1 12 160 M M 0 8 14 140
3 58 29 44 -7 21 0 0.00 0.0 0 5.4 16 160 M M 0 20 150
4 61 31 46 -4 19 0 0.00 0.0 0 1.4 6 130 M M 0 8 260
5 71 36 54 4 11 0 0.00 0.0 0 5.7 15 300 M M 1 1 19 310
6 60 39 50 0 15 0 0.00 0.0 0 7.5 16 160 M M 0 18 170
7 64 50 57 8 8 0 0.00 0.0 0 6.2 13 330 M M 1 16 330
8 58 40 49 0 16 0 0.00 0.0 0 6.9 13 340 M M 0 17 330
9 71 44 58 9 7 0 0.01 0.0 0 6.9 17 320 M M 6 22 320
10 52 37 45 -3 20 0 0.20 0.0 0 5.2 12 280 M M 5 1 16 300
11 59 33 46 -2 19 0 0.00 0.0 0 5.1 15 300 M M 3 1 17 300
12 51 32 42 -6 23 0 0.00 0.0 0 7.8 14 30 M M 0 17 30
13 51 26 39 -8 26 0 0.00 0.0 0 4.6 14 220 M M 0 16 220
14 57 33 45 -2 20 0 0.00 0.0 0 8.6 17 340 M M 0 22 340
15 55 29 42 -5 23 0 0.00 0.0 0 5.9 14 190 M M 0 17 190
16 64 34 49 3 16 0 0.00 0.0 0 3.2 10 160 M M M 13 150
17 68 35 52 6 13 0 T 0.0 0 5.7 18 200 M M 3 25 200
18 56 34 45 -1 20 0 0.01 0.0 0 10.1 24 310 M M 4 30 330
19 58 32 45 -1 20 0 0.00 0.0 0 6.8 17 300 M M 0 24 280
20 50 30 40 -5 25 0 0.00 0.0 0 8.1 18 20 M M 0 23 20
21 58 35 47 2 18 0 1.45 0.0 0 13.8 32 150 M M 6 1 41 150
22 58 48 53 8 12 0 0.60 0.0 0 10.5 32 150 M M 10 44 150
23 54 36 45 1 20 0 0.00 0.0 0 11.1 25 330 M M 2 32 310
24 54 32 43 -1 22 0 0.00 0.0 0 8.9 20 10 M M 1 26 10
25 43 24 34 -10 31 0 0.00 0.0 0 3.9 15 10 M M 0 20 20
26 47 29 38 -5 27 0 0.82 0.0 0 6.2 16 280 M M 6 1 20 300
27 50 31 41 -2 24 0 0.00 0.0 0 9.9 23 290 M M 5 31 300
28 41 26 34 -9 31 0 0.00 0.0 0 13.5 29 310 M M 2 36 310
29 37 19 28 -14 37 0 0.00 0.0 0 7.7 17 210 M M 3 23 200
30 54 24 39 -3 26 0 0.00 0.0 0 5.6 16 240 M M 1 21 230
================================================================================
SM 1661 988 619 0 3.09 0.0 219.1 M 62
================================================================================
AV 55.4 32.9 7.3 FASTST M M 2 MAX(MPH)
MISC ----> # 32 150 44 150
================================================================================
NOTES:
# LAST OF SEVERAL OCCURRENCES
COLUMN 17 PEAK WIND IN M.P.H.
PRELIMINARY LOCAL CLIMATOLOGICAL DATA (WS FORM: F-6) , PAGE 2
STATION: WILMINGTON DE
MONTH: NOVEMBER
YEAR: 2023
LATITUDE: 39 40 N
LONGITUDE: 75 36 W
[TEMPERATURE DATA] [PRECIPITATION DATA] SYMBOLS USED IN COLUMN 16
AVERAGE MONTHLY: 44.2 TOTAL FOR MONTH: 3.09 1 = FOG OR MIST
DPTR FM NORMAL: -2.4 DPTR FM NORMAL: 0.03 2 = FOG REDUCING VISIBILITY
HIGHEST: 71 ON 9, 5 GRTST 24HR 2.05 ON 21-22 TO 1/4 MILE OR LESS
LOWEST: 19 ON 29 3 = THUNDER
SNOW, ICE PELLETS, HAIL 4 = ICE PELLETS
TOTAL MONTH: 0.0 INCH 5 = HAIL
GRTST 24HR 0.0 6 = FREEZING RAIN OR DRIZZLE
GRTST DEPTH: 0 7 = DUSTSTORM OR SANDSTORM:
VSBY 1/2 MILE OR LESS
8 = SMOKE OR HAZE
[NO. OF DAYS WITH] [WEATHER - DAYS WITH] 9 = BLOWING SNOW
X = TORNADO
MAX 32 OR BELOW: 0 0.01 INCH OR MORE: 6
MAX 90 OR ABOVE: 0 0.10 INCH OR MORE: 4
MIN 32 OR BELOW: 16 0.50 INCH OR MORE: 3
MIN 0 OR BELOW: 0 1.00 INCH OR MORE: 1
[HDD (BASE 65) ]
TOTAL THIS MO. 619 CLEAR (SCALE 0-3) 20
DPTR FM NORMAL 68 PTCLDY (SCALE 4-7) 8
TOTAL FM JUL 1 861 CLOUDY (SCALE 8-10) 2
DPTR FM NORMAL 5
[CDD (BASE 65) ]
TOTAL THIS MO. 0
DPTR FM NORMAL 0 [PRESSURE DATA]
TOTAL FM JAN 1 1317 HIGHEST SLP 30.53 ON 2
DPTR FM NORMAL 89 LOWEST SLP 29.67 ON 22
[REMARKS]
#FINAL-11-23#