000
CXUS51 KPHI 022110
CLMILG
CLIMATE REPORT
NATIONAL WEATHER SERVICE MOUNT HOLLY NJ
410 PM EST FRI FEB 02 2024
...................................
...THE WILMINGTON DE CLIMATE SUMMARY FOR THE MONTH OF JANUARY 2024...
CLIMATE NORMAL PERIOD: 1991 TO 2020
CLIMATE RECORD PERIOD: 1894 TO 2024
WEATHER OBSERVED NORMAL DEPART LAST YEAR`S
VALUE DATE(S) VALUE FROM VALUE DATE(S)
NORMAL
................................................................
TEMPERATURE (F)
RECORD
HIGH 75 01/26/1950
LOW -14 01/21/1985
01/22/1984
HIGHEST 57 60 -3 68
LOWEST 10 8 2 25
AVG. MAXIMUM 42.5 41.4 1.1 50.9
AVG. MINIMUM 28.0 25.6 2.4 34.5
MEAN 35.2 33.5 1.7 42.7
DAYS MAX >= 90 0 0.0 0.0 0
DAYS MAX <= 32 7 6.5 0.5 0
DAYS MIN <= 32 18 23.6 -5.6 13
DAYS MIN <= 0 0 0.0 0.0 0
PRECIPITATION (INCHES)
RECORD
MAXIMUM 8.41 1978
MINIMUM 0.52 1981
TOTALS 6.22 3.23 2.99 2.92
DAILY AVG. 0.20 0.10 0.10 0.09
DAYS >= .01 13 10.8 2.2 13
DAYS >= .10 10 5.8 4.2 6
DAYS >= .50 3 2.2 0.8 3
DAYS >= 1.00 2 0.8 1.2 0
GREATEST
24 HR. TOTAL 2.51 01/09 TO 01/10 0.85
SNOWFALL (INCHES)
RECORDS
TOTAL 27.0 1935
24 HR TOTAL MM MM
TOTALS 8.4 6.1 2.3 T
SINCE 7/1 9.1 9.2 -0.1 MM
SNOWDEPTH AVG. 1 0
DAYS >= 1.0 3 1.4 1.6 0
GREATEST
SNOW DEPTH 8 01/20 0 MM
24 HR TOTAL 5.2 01/19 TO 01/19 MM
DEGREE DAYS
HEATING TOTAL 916 976 -60 684
SINCE 7/1 2489 2666 -177 MM
COOLING TOTAL 0 0 0 0
SINCE 1/1 0 0 0 MM
................................................................
WIND (MPH)
AVERAGE WIND SPEED 8.5
HIGHEST WIND SPEED/DIRECTION 44/150 DATE 01/09
HIGHEST GUST SPEED/DIRECTION 59/150 DATE 01/09
SKY COVER
POSSIBLE SUNSHINE (PERCENT) MM
AVERAGE SKY COVER 0.58
NUMBER OF DAYS FAIR 9
NUMBER OF DAYS PC 10
NUMBER OF DAYS CLOUDY 12
AVERAGE RH (PERCENT) 73
WEATHER CONDITIONS. NUMBER OF DAYS WITH
THUNDERSTORM 0 MIXED PRECIP 0
HEAVY RAIN 4 RAIN 7
LIGHT RAIN 14 FREEZING RAIN 0
LT FREEZING RAIN 2 HEAVY SNOW 1
SNOW 1 LIGHT SNOW 5
SLEET 0 FOG 14
FOG W/VIS <= 1/4 MILE 6 HAZE 0
- INDICATES NEGATIVE NUMBERS.
R INDICATES RECORD WAS SET OR TIED.
MM INDICATES DATA IS MISSING.
T INDICATES TRACE AMOUNT.
$$