000
CXUS52 KILM 021321
CF6ILM
PRELIMINARY LOCAL CLIMATOLOGICAL DATA (WS FORM: F-6)
STATION: WILMINGTON NORTH CAROLINA
MONTH: SEPTEMBER
YEAR: 2023
LATITUDE: 34 16 N
LONGITUDE: 77 55 W
TEMPERATURE IN F: :PCPN: SNOW: WIND :SUNSHINE: SKY :PK WND
================================================================================
1 2 3 4 5 6A 6B 7 8 9 10 11 12 13 14 15 16 17 18
12Z AVG MX 2MIN
DY MAX MIN AVG DEP HDD CDD WTR SNW DPTH SPD SPD DIR MIN PSBL S-S WX SPD DR
================================================================================
1 83 61 72 -6 0 7 0.00 0.0 0 8.2 18 40 M M 1 28 20
2 84 61 73 -5 0 8 0.00 0.0 0 4.6 13 10 M M 0 17 350
3 87 61 74 -4 0 9 0.00 0.0 0 3.2 10 30 M M 0 1 14 170
4 94 68 81 3 0 16 0.00 0.0 0 6.6 13 260 M M 0 17 250
5 95 73 84 6 0 19 0.00 0.0 0 6.4 14 250 M M 0 21 280
6 96 74 85 7 0 20 0.00 0.0 0 4.9 10 120 M M 1 14 240
7 95 78 87 10 0 22 0.00 0.0 0 7.4 16 170 M M 1 24 190
8 90 76 83 6 0 18 0.00 0.0 0 6.3 15 170 M M 0 23 150
9 86 72 79 2 0 14 0.04 0.0 0 5.8 21 130 M M 2 3 29 140
10 88 69 79 2 0 14 0.45 0.0 0 4.8 13 170 M M 2 13 17 150
11 91 71 81 4 0 16 0.00 0.0 0 5.1 12 310 M M 1 16 290
12 90 72 81 5 0 16 0.00 0.0 0 4.0 13 170 M M 1 1 17 180
13 88 71 80 4 0 15 0.12 0.0 0 4.6 16 330 M M 2 13 20 340
14 87 68 78 2 0 13 0.00 0.0 0 7.6 16 10 M M 1 22 40
15 81 58 70 -6 0 5 0.00 0.0 0 7.3 18 330 M M 0 29 10
16 84 53 69 -6 0 4 0.00 0.0 0 1.9 10 160 M M 0 14 150
17 84 58 71 -4 0 6 0.67 0.0 0 4.9 16 170 M M 5 1 24 130
18 82 62 72 -3 0 7 0.00 0.0 0 7.2 18 310 M M 4 24 270
19 84 58 71 -4 0 6 0.00 0.0 0 2.5 12 340 M M 0 15 340
20 83 60 72 -2 0 7 0.00 0.0 0 5.0 14 30 M M 1 20 70
21 81 68 75 1 0 10 0.00 0.0 0 9.3 17 50 M M 6 26 50
22 70 65 68 -6 0 3 1.33 0.0 0 19.8 33 350 M M 8 1 57 350
23 68 62 65 -9 0 0 0.60 0.0 0 15.9 35 330 M M 10 1 55 360
24 84 61 73 0 0 8 0.00 0.0 0 5.2 15 200 M M 2 1 21 210
25 89 67 78 5 0 13 0.00 0.0 0 5.7 14 250 M M 0 1 20 250
26 83 65 74 1 0 9 0.00 0.0 0 7.2 15 30 M M 6 12 19 10
27 76 65 71 -1 0 6 T 0.0 0 10.5 17 20 M M 9 23 20
28 77 64 71 -1 0 6 0.00 0.0 0 11.3 17 20 M M 10 24 10
29 80 66 73 1 0 8 0.00 0.0 0 9.1 16 340 M M 10 1 22 10
30 79 65 72 1 0 7 0.00 0.0 0 7.8 15 20 M M 9 21 50
================================================================================
SM 2539 1972 0 312 3.21 0.0 210.1 M 92
================================================================================
AV 84.6 65.7 7.0 FASTST M M 3 MAX(MPH)
MISC ----> 35 330 57 350
================================================================================
NOTES:
# LAST OF SEVERAL OCCURRENCES
COLUMN 17 PEAK WIND IN M.P.H.
PRELIMINARY LOCAL CLIMATOLOGICAL DATA (WS FORM: F-6) , PAGE 2
STATION: WILMINGTON NORTH CAROLINA
MONTH: SEPTEMBER
YEAR: 2023
LATITUDE: 34 16 N
LONGITUDE: 77 55 W
[TEMPERATURE DATA] [PRECIPITATION DATA] SYMBOLS USED IN COLUMN 16
AVERAGE MONTHLY: 75.2 TOTAL FOR MONTH: 3.21 1 = FOG OR MIST
DPTR FM NORMAL: -0.1 DPTR FM NORMAL: -5.48 2 = FOG REDUCING VISIBILITY
HIGHEST: 96 ON 6 GRTST 24HR 1.93 ON 22-23 TO 1/4 MILE OR LESS
LOWEST: 53 ON 16 3 = THUNDER
SNOW, ICE PELLETS, HAIL 4 = ICE PELLETS
TOTAL MONTH: 0.0 INCH 5 = HAIL
GRTST 24HR 0.0 6 = FREEZING RAIN OR DRIZZLE
GRTST DEPTH: 0 7 = DUSTSTORM OR SANDSTORM:
VSBY 1/2 MILE OR LESS
8 = SMOKE OR HAZE
[NO. OF DAYS WITH] [WEATHER - DAYS WITH] 9 = BLOWING SNOW
X = TORNADO
MAX 32 OR BELOW: 0 0.01 INCH OR MORE: 6
MAX 90 OR ABOVE: 7 0.10 INCH OR MORE: 5
MIN 32 OR BELOW: 0 0.50 INCH OR MORE: 3
MIN 0 OR BELOW: 0 1.00 INCH OR MORE: 1
[HDD (BASE 65) ]
TOTAL THIS MO. 0 CLEAR (SCALE 0-3) 20
DPTR FM NORMAL -3 PTCLDY (SCALE 4-7) 5
TOTAL FM JUL 1 0 CLOUDY (SCALE 8-10) 5
DPTR FM NORMAL 0
[CDD (BASE 65) ]
TOTAL THIS MO. 312
DPTR FM NORMAL 0 [PRESSURE DATA]
TOTAL FM JAN 1 2149 HIGHEST SLP 30.23 ON 1
DPTR FM NORMAL 152 LOWEST SLP 29.45 ON 23
[REMARKS]
#FINAL-09-23#
ILM ASOS TEMPERATURES WERE UNREPRESENTATIVE SEP 20-24. OUR BACKUP SENSOR WAS USED FOR MAX AND MIN TEMPERATURES DURING THIS PERIOD.