000
CXUS53 KILX 011000
CF6ILX
PRELIMINARY LOCAL CLIMATOLOGICAL DATA (WS FORM: F-6)
STATION: LINCOLN IL
MONTH: DECEMBER
YEAR: 2022
LATITUDE: 40 9 N
LONGITUDE: 89 20 W
TEMPERATURE IN F: :PCPN: SNOW: WIND :SUNSHINE: SKY :PK WND
================================================================================
1 2 3 4 5 6A 6B 7 8 9 10 11 12 13 14 15 16 17 18
12Z AVG MX 2MIN
DY MAX MIN AVG DEP HDD CDD WTR SNW DPTH SPD SPD DIR MIN PSBL S-S WX SPD DR
================================================================================
1 38 14 26 -10 39 0 0.00 0.0 0 M M M M M M M M
2 54 36 45 10 20 0 0.00 0.0 0 M M M M M M M M
3 53 19 36 1 29 0 T 0.0 0 M M M M M M M M
4 42 16 29 -6 36 0 0.00 0.0 0 M M M M M M M M
5 43 21 32 -2 33 0 0.00 0.0 0 M M M M M M M M
6 44 35 40 6 25 0 0.00 0.0 0 M M M M M M M M
7 46 30 38 4 27 0 0.00 0.0 0 M M M M M M M M
8 45 37 41 8 24 0 T 0.0 M M M M M M 0 18 M M
9 52 39 46 13 19 0 0.19 0.0 0 M M M M M M 12 M M
10 43 39 41 8 24 0 0.02 0.0 0 M M M M M M 12 M M
11 40 32 36 4 29 0 0.00 0.0 0 M M M M M M M M
12 41 31 36 4 29 0 0.00 0.0 0 M M M M M M M M
13 43 31 37 5 28 0 0.46 0.0 0 M M M M M M 1 M M
14 53 36 45 13 20 0 1.91 0.0 0 M M M M M M 1 M M
15 37 32 35 4 30 0 T T 0 M M M M M M 1 M M
16 33 28 31 0 34 0 T T 0 M M M M M M M M
17 29 22 26 -5 39 0 T T 0 M M M M M M M M
18 27 14 21 -9 44 0 T T 0 M M M M M M M M
19 32 13 23 -7 42 0 0.00 0.0 0 M M M M M M M M
20 40 24 32 2 33 0 0.00 0.0 0 M M M M M M M M
21 31 21 26 -4 39 0 0.00 0.0 0 M M M M M M M M
22 33 -9 12 -17 53 0 0.14 1.5 T M M M M M M 9 M M
23 1 -9 -4 -33 69 0 T T 1 M M M M M M 9 M M
24 17 0 9 -20 56 0 0.00 0.0 1 M M M M M M M M
25 20 5 13 -16 52 0 T T 1 M M M M M M M M
26 25 10 18 -10 47 0 0.02 0.3 1 M M M M M M M M
27 28 3 16 -12 49 0 0.00 0.0 1 M M M M M M M M
28 48 25 37 9 28 0 0.00 0.0 1 M M M M M M M M
29 62 41 52 24 13 0 0.00 0.0 0 M M M M M M M M
30 58 28 43 15 22 0 T 0.0 0 M M M M M M 1 M M
31 45 27 36 8 29 0 0.00 0.0 0 M M M M M M 1 M M
================================================================================
SM 1203 691 1061 0 2.74 1.8 M M 0
================================================================================
AV 38.8 22.3 M FASTST M M 0 MAX(MPH)
MISC ----> M M M M
================================================================================
NOTES:
# LAST OF SEVERAL OCCURRENCES
COLUMN 17 PEAK WIND IN M.P.H.
PRELIMINARY LOCAL CLIMATOLOGICAL DATA (WS FORM: F-6) , PAGE 2
STATION: LINCOLN IL
MONTH: DECEMBER
YEAR: 2022
LATITUDE: 40 9 N
LONGITUDE: 89 20 W
[TEMPERATURE DATA] [PRECIPITATION DATA] SYMBOLS USED IN COLUMN 16
AVERAGE MONTHLY: 30.5 TOTAL FOR MONTH: 2.74 1 = FOG OR MIST
DPTR FM NORMAL: -0.6 DPTR FM NORMAL: 0.45 2 = FOG REDUCING VISIBILITY
HIGHEST: 62 ON 29 GRTST 24HR 1.91 ON 14-14 TO 1/4 MILE OR LESS
LOWEST: -9 ON 23,22 3 = THUNDER
SNOW, ICE PELLETS, HAIL 4 = ICE PELLETS
TOTAL MONTH: 1.8 INCHES 5 = HAIL
GRTST 24HR 1.5 ON 22-22 6 = FREEZING RAIN OR DRIZZLE
GRTST DEPTH: 1 ON 28,27 7 = DUSTSTORM OR SANDSTORM:
VSBY 1/2 MILE OR LESS
8 = SMOKE OR HAZE
[NO. OF DAYS WITH] [WEATHER - DAYS WITH] 9 = BLOWING SNOW
X = TORNADO
MAX 32 OR BELOW: 9 0.01 INCH OR MORE: 6
MAX 90 OR ABOVE: 0 0.10 INCH OR MORE: 4
MIN 32 OR BELOW: 24 0.50 INCH OR MORE: 1
MIN 0 OR BELOW: 3 1.00 INCH OR MORE: 1
[HDD (BASE 65) ]
TOTAL THIS MO. 1061 CLEAR (SCALE 0-3) 1
DPTR FM NORMAL 12 PTCLDY (SCALE 4-7) 0
TOTAL FM JUL 1 2234 CLOUDY (SCALE 8-10) 30
DPTR FM NORMAL 42
[CDD (BASE 65) ]
TOTAL THIS MO. 0
DPTR FM NORMAL 0 [PRESSURE DATA]
TOTAL FM JAN 1 1025 HIGHEST SLP M ON M
DPTR FM NORMAL 11 LOWEST SLP M ON M
[REMARKS]
#FINAL-12-22#