000
CXUS55 KLBF 011410
CF6IML
PRELIMINARY LOCAL CLIMATOLOGICAL DATA (WS FORM: F-6)
STATION: IMPERIAL
MONTH: MARCH
YEAR: 2023
LATITUDE: 40 31 N
LONGITUDE: 101 37 W
TEMPERATURE IN F: :PCPN: SNOW: WIND :SUNSHINE: SKY :PK WND
================================================================================
1 2 3 4 5 6A 6B 7 8 9 10 11 12 13 14 15 16 17 18
12Z AVG MX 2MIN
DY MAX MIN AVG DEP HDD CDD WTR SNW DPTH SPD SPD DIR MIN PSBL S-S WX SPD DR
================================================================================
1 38 23 31 -4 34 0 0.00 M M 8.7 20 310 M M 4 51 320
2 45 24 35 -1 30 0 0.00 M M 6.5 15 170 M M 3 20 170
3 46 27 37 1 28 0 0.01 M M 10.4 24 330 M M 3 8 34 320
4 43 28 36 0 29 0 0.00 M M 10.8 20 130 M M 1 36 130
5 56 27 42 5 23 0 0.00 M M 10.2 23 130 M M 0 34 140
6 38 27 33 -4 32 0 0.00 M M 13.5 26 20 M M 8 33 10
7 28 26 27 -11 38 0 0.00 M M 6.1 15 130 M M 10 1 19 140
8 29 27 28 -10 37 0 0.00 M M 8.6 12 110 M M 10 1 M M
9 41 23 32 -6 33 0 T M M 7.3 18 350 M M 6 1 23 360
10 38 21 30 -9 35 0 0.00 M M 16.2 29 140 M M 4 1 43 140
11 52 29 41 2 24 0 T M M 10.7 23 340 M M 2 1 32 330
12 37 23 30 -10 35 0 0.00 M M 12.4 26 340 M M 4 34 340
13 48 20 34 -6 31 0 0.00 M M 12.7 23 150 M M 4 37 140
14 66 28 47 7 18 0 0.00 M M 11.3 18 170 M M 0 25 190
15 72 32 52 11 13 0 0.10 M M 8.6 35 360 M M 2 44 10
16 41 25 33 -8 32 0 0.14 M M 24.6 38 340 M M 7 1 50 340
17 41 19 30 -12 35 0 0.00 M M 17.6 37 340 M M 2 51 300
18 35 15 25 -17 40 0 0.00 M M 9.4 23 350 M M 0 31 360
19 59 16 38 -4 27 0 0.00 M M 12.7 29 230 M M 0 41 230
20 58 28 43 1 22 0 0.00 M M 8.9 15 90 M M 0 22 90
21 59 27 43 0 22 0 0.00 M M 8.5 22 350 M M 3 29 350
22 53 23 38 -5 27 0 0.00 M M 11.2 23 20 M M 3 1 33 50
23 56 20 38 -5 27 0 0.00 M M 6.2 15 140 M M 0 22 170
24 49 27 38 -6 27 0 0.00 M M 7.9 17 120 M M 6 1 23 120
25 35 25 30 -14 35 0 0.26 M M 17.8 32 320 M M 8 1289 52 310
26 32 19 26 -18 39 0 T M M 7.6 20 360 M M 7 128 33 290
27 30 17 24 -20 41 0 0.10 M M 6.9 13 100 M M 10 12 18 110
28 43 14 29 -16 36 0 0.00 M M 9.5 18 270 M M 3 12 31 260
29 33 20 27 -18 38 0 0.00 M M 10.6 22 30 M M 1 1 35 40
30 45 21 33 -12 32 0 0.00 M M 7.9 25 320 M M 0 1 41 300
31 50 29 40 -6 25 0 T M M 20.0 32 330 M M 2 1 52 330
================================================================================
SM 1396 730 945 0 0.61 M 341.3 M 113
================================================================================
AV 45.0 23.5 11.0 FASTST M M 4 MAX(MPH)
MISC ----> 38 340 52 310
================================================================================
NOTES:
# LAST OF SEVERAL OCCURRENCES
COLUMN 17 PEAK WIND IN M.P.H.
PRELIMINARY LOCAL CLIMATOLOGICAL DATA (WS FORM: F-6) , PAGE 2
STATION: IMPERIAL
MONTH: MARCH
YEAR: 2023
LATITUDE: 40 31 N
LONGITUDE: 101 37 W
[TEMPERATURE DATA] [PRECIPITATION DATA] SYMBOLS USED IN COLUMN 16
AVERAGE MONTHLY: 34.3 TOTAL FOR MONTH: 0.61 1 = FOG OR MIST
DPTR FM NORMAL: -6.6 DPTR FM NORMAL: -0.18 2 = FOG REDUCING VISIBILITY
HIGHEST: 72 ON 15 GRTST 24HR 0.26 ON 25-25 TO 1/4 MILE OR LESS
LOWEST: 14 ON 28 3 = THUNDER
SNOW, ICE PELLETS, HAIL 4 = ICE PELLETS
TOTAL MONTH: M 5 = HAIL
GRTST 24HR M ON M 6 = FREEZING RAIN OR DRIZZLE
GRTST DEPTH: M ON M 7 = DUSTSTORM OR SANDSTORM:
VSBY 1/2 MILE OR LESS
8 = SMOKE OR HAZE
[NO. OF DAYS WITH] [WEATHER - DAYS WITH] 9 = BLOWING SNOW
X = TORNADO
MAX 32 OR BELOW: 4 0.01 INCH OR MORE: 5
MAX 90 OR ABOVE: 0 0.10 INCH OR MORE: 4
MIN 32 OR BELOW: 31 0.50 INCH OR MORE: 0
MIN 0 OR BELOW: 0 1.00 INCH OR MORE: 0
[HDD (BASE 65) ]
TOTAL THIS MO. 945 CLEAR (SCALE 0-3) 16
DPTR FM NORMAL 196 PTCLDY (SCALE 4-7) 11
TOTAL FM JUL 1 5835 CLOUDY (SCALE 8-10) 4
DPTR FM NORMAL 606
[CDD (BASE 65) ]
TOTAL THIS MO. 0
DPTR FM NORMAL 0 [PRESSURE DATA]
TOTAL FM JAN 1 0 HIGHEST SLP 30.52 ON 18
DPTR FM NORMAL 0 LOWEST SLP 29.39 ON 30
[REMARKS]
#FINAL-03-23#