000
CXUS53 KIND 010700
CF6IND
PRELIMINARY LOCAL CLIMATOLOGICAL DATA (WS FORM: F-6)
STATION: INDIANAPOLIS IN
MONTH: JANUARY
YEAR: 2024
LATITUDE: 39 43 N
LONGITUDE: 86 17 W
TEMPERATURE IN F: :PCPN: SNOW: WIND :SUNSHINE: SKY :PK WND
================================================================================
1 2 3 4 5 6A 6B 7 8 9 10 11 12 13 14 15 16 17 18
12Z AVG MX 2MIN
DY MAX MIN AVG DEP HDD CDD WTR SNW DPTH SPD SPD DIR MIN PSBL S-S WX SPD DR
================================================================================
1 38 32 35 5 30 0 T T 0 9.6 17 290 M M 10 1 23 290
2 34 26 30 0 35 0 0.00 0.0 0 11.8 18 270 M M 9 22 240
3 34 24 29 0 36 0 T 0.0 0 8.5 16 340 M M 5 1 20 320
4 35 25 30 1 35 0 0.00 0.0 0 6.3 14 340 M M 8 16 360
5 38 21 30 1 35 0 0.00 0.0 0 7.6 17 100 M M 7 22 90
6 35 31 33 4 32 0 0.23 1.9 2 5.7 14 140 M M 10 1 20 140
7 36 32 34 5 31 0 0.02 T T 10.6 18 270 M M 10 1 25 260
8 39 31 35 6 30 0 0.06 0.1 0 11.7 22 100 M M 10 1 30 100
9 45 33 39 11 26 0 1.22 0.1 0 16.9 29 240 M M 10 12 37 230
10 34 31 33 5 32 0 0.02 T 0 15.6 29 270 M M 10 1 40 280
11 42 33 38 10 27 0 T T 0 12.2 26 250 M M 8 35 250
12 43 25 34 6 31 0 0.90 T 0 15.9 37 240 M M 10 1 46 240
13 25 12 19 -9 46 0 0.04 0.6 T 21.7 35 230 M M 10 1 47 260
14 12 -4 4 -24 61 0 T 0.1 T 14.4 30 260 M M 7 18 41 270
15 6 -6 0 -28 65 0 0.00 0.0 T 7.7 15 260 M M 7 19 270
16 11 2 7 -21 58 0 0.03 0.2 T 13.5 20 250 M M 4 8 24 240
17 28 3 16 -12 49 0 0.00 0.0 T 14.0 28 220 M M 4 34 220
18 32 24 28 0 37 0 0.01 T T 7.8 18 220 M M 9 1 24 220
19 25 6 16 -12 49 0 0.09 1.1 2 15.1 25 300 M M 10 19 33 290
20 16 0 8 -20 57 0 T T 1 10.5 18 290 M M 3 8 24 290
21 25 -1 12 -16 53 0 0.00 0.0 1 6.3 13 140 M M 4 18 150
22 39 16 28 0 37 0 0.03 0.0 T 8.7 18 220 M M 9 24 210
23 44 34 39 11 26 0 0.69 0.0 0 8.8 15 190 M M 10 12 21 180
24 53 42 48 20 17 0 0.32 0.0 0 6.4 13 140 M M 10 12 17 140
25 53 45 49 21 16 0 0.57 0.0 0 5.3 17 290 M M 10 12 25 280
26 48 39 44 16 21 0 0.01 0.0 0 11.3 25 240 M M 10 1 34 250
27 41 38 40 12 25 0 0.36 0.0 0 9.1 25 30 M M 10 1 34 20
28 41 35 38 10 27 0 0.20 T 0 17.7 25 330 M M 10 1 37 330
29 36 31 34 5 31 0 0.00 0.0 0 10.4 17 290 M M 10 22 300
30 38 31 35 6 30 0 0.12 0.0 0 10.1 17 180 M M 10 1 23 320
31 45 34 40 11 25 0 T 0.0 0 8.5 14 330 M M 8 1 19 320
================================================================================
SM 1071 725 1110 0 4.92 4.1 339.7 M 262
================================================================================
AV 34.5 23.4 11.0 FASTST M M 8 MAX(MPH)
MISC ----> 37 240 47 260
================================================================================
NOTES:
# LAST OF SEVERAL OCCURRENCES
COLUMN 17 PEAK WIND IN M.P.H.
PRELIMINARY LOCAL CLIMATOLOGICAL DATA (WS FORM: F-6) , PAGE 2
STATION: INDIANAPOLIS IN
MONTH: JANUARY
YEAR: 2024
LATITUDE: 39 43 N
LONGITUDE: 86 17 W
[TEMPERATURE DATA] [PRECIPITATION DATA] SYMBOLS USED IN COLUMN 16
AVERAGE MONTHLY: 29.0 TOTAL FOR MONTH: 4.92 1 = FOG OR MIST
DPTR FM NORMAL: 0.5 DPTR FM NORMAL: 1.80 2 = FOG REDUCING VISIBILITY
HIGHEST: 53 ON 25,24 GRTST 24HR 1.22 ON 9- 9 TO 1/4 MILE OR LESS
LOWEST: -6 ON 15 3 = THUNDER
SNOW, ICE PELLETS, HAIL 4 = ICE PELLETS
TOTAL MONTH: 4.2 INCHES 5 = HAIL
GRTST 24HR 1.9 ON 6- 6 6 = FREEZING RAIN OR DRIZZLE
GRTST DEPTH: 2 ON 19, 6 7 = DUSTSTORM OR SANDSTORM:
VSBY 1/2 MILE OR LESS
8 = SMOKE OR HAZE
[NO. OF DAYS WITH] [WEATHER - DAYS WITH] 9 = BLOWING SNOW
X = TORNADO
MAX 32 OR BELOW: 9 0.01 INCH OR MORE: 18
MAX 90 OR ABOVE: 0 0.10 INCH OR MORE: 9
MIN 32 OR BELOW: 22 0.50 INCH OR MORE: 4
MIN 0 OR BELOW: 4 1.00 INCH OR MORE: 1
[HDD (BASE 65) ]
TOTAL THIS MO. 1110 CLEAR (SCALE 0-3) 1
DPTR FM NORMAL -21 PTCLDY (SCALE 4-7) 8
TOTAL FM JUL 1 2713 CLOUDY (SCALE 8-10) 22
DPTR FM NORMAL -428
[CDD (BASE 65) ]
TOTAL THIS MO. 0
DPTR FM NORMAL 0 [PRESSURE DATA]
TOTAL FM JAN 1 0 HIGHEST SLP M ON M
DPTR FM NORMAL 0 LOWEST SLP 28.97 ON 9
[REMARKS]
#FINAL-01-24#