000
CXUS53 KIND 011604
CLMIND
CLIMATE REPORT
NATIONAL WEATHER SERVICE INDIANAPOLIS IN
1104 AM EST THU FEB 01 2024
...................................
...THE INDIANAPOLIS IN CLIMATE SUMMARY FOR THE MONTH OF JANUARY 2024...
CLIMATE NORMAL PERIOD 1991 TO 2020
CLIMATE RECORD PERIOD 1871 TO 2024
WEATHER OBSERVED NORMAL DEPART LAST YEAR`S
VALUE DATE(S) VALUE FROM VALUE DATE(S)
NORMAL
................................................................
TEMPERATURE (F)
RECORD
HIGH 71 01/25/1950
LOW -27 01/19/1994
HIGHEST 53 01/24 63 01/03
01/25
LOWEST -6 01/15 13 01/31
AVG. MAXIMUM 34.5 36.1 -1.6 43.2
AVG. MINIMUM 23.4 20.9 2.5 30.9
MEAN 29.0 28.5 0.5 37.1
DAYS MAX >= 90 0 0.0 0.0 0
DAYS MAX <= 32 9 11.9 -2.9 3
DAYS MIN <= 32 22 25.7 -3.7 19
DAYS MIN <= 0 4 2.1 1.9 0
PRECIPITATION (INCHES)
RECORD
MAXIMUM 12.69 1950
MINIMUM 0.21 1944
TOTALS 4.92 3.12 1.80 3.97
DAILY AVG. 0.16 0.10 0.06 0.13
DAYS >= .01 18 12.3 5.7 15
DAYS >= .10 9 6.3 2.7 5
DAYS >= .50 4 2.1 1.9 4
DAYS >= 1.00 1 0.7 0.3 1
GREATEST
24 HR. TOTAL 1.28 01/08 TO 01/09
SNOWFALL (INCHES)
RECORDS
TOTAL 30.6 1978
SNOW DEPTH 20 01/28/1978
01/27/1978
TOTALS 4.1 8.8 -4.7 4.1
SINCE 7/1 4.2 16.1 -11.9 MM
SNOWDEPTH AVG. 0
DAYS >= 1.0 2 2.6 -0.6 1
GREATEST
SNOW DEPTH 2 01/06 1 01/25
01/19
01/26
01/27
24 HR TOTAL MM MM
DEGREE DAYS
HEATING TOTAL 1110 1131 -21 856
SINCE 7/1 2713 3141 -428 MM
COOLING TOTAL 0 0 0 0
SINCE 1/1 0 0 0 MM
................................................................
WIND (MPH)
AVERAGE WIND SPEED 11.0
HIGHEST WIND SPEED/DIRECTION 37/240 DATE 01/12
HIGHEST GUST SPEED/DIRECTION 47/260 DATE 01/13
SKY COVER
AVERAGE SKY COVER 0.84
AVERAGE RH (PERCENT) 80
WEATHER CONDITIONS. NUMBER OF DAYS WITH
THUNDERSTORM 0 MIXED PRECIP 2
HEAVY RAIN 3 RAIN 6
LIGHT RAIN 16 FREEZING RAIN 0
LT FREEZING RAIN 0 HAIL 0
HEAVY SNOW 0 SNOW 0
LIGHT SNOW 16 SLEET 0
FOG 20 FOG W/VIS <= 1/4 MILE 4
HAZE 3
- INDICATES NEGATIVE NUMBERS.
R INDICATES RECORD WAS SET OR TIED.
MM INDICATES DATA IS MISSING.
T INDICATES TRACE AMOUNT.
$$