000
CXUS54 KFWD 010830
CF6INJ
PRELIMINARY LOCAL CLIMATOLOGICAL DATA (WS FORM: F-6)
STATION: HILLSBORO
MONTH: FEBRUARY
YEAR: 2022
LATITUDE: 32 0 N
LONGITUDE: 97 6 W
TEMPERATURE IN F: :PCPN: SNOW: WIND :SUNSHINE: SKY :PK WND
================================================================================
1 2 3 4 5 6A 6B 7 8 9 10 11 12 13 14 15 16 17 18
12Z AVG MX 2MIN
DY MAX MIN AVG DEP HDD CDD WTR SNW DPTH SPD SPD DIR MIN PSBL S-S WX SPD DR
================================================================================
1 72 50 61 13 4 0 0.00 M M 7.7 15 140 M M 6 20 160
2 56 33 45 -3 20 0 0.74 M M 11.8 22 330 M M 9 1 31 330
3 34 20 27 -21 38 0 0.20 M M 16.7 21 330 M M 10 26 340
4 36 20 28 -20 37 0 0.00 M M 12.9 21 330 M M 6 26 340
5 48 18 33 -16 32 0 0.00 M M 4.2 12 150 M M 0 M M
6 56 30 43 -6 22 0 0.00 M M 6.9 14 180 M M 0 18 180
7 59 29 44 -5 21 0 0.00 M M 6.7 20 360 M M 0 25 360
8 66 27 47 -2 18 0 0.00 M M 5.8 14 200 M M 0 18 200
9 70 34 52 3 13 0 0.00 M M 3.4 10 20 M M 0 8 18 20
10 72 32 52 3 13 0 0.00 M M 2.4 12 340 M M 0 M M
11 77 44 61 11 4 0 0.00 M M 10.1 21 210 M M 1 24 210
12 62 54 58 8 7 0 0.00 M M 14.5 18 20 M M 8 24 20
13 M M M M M M M M M M M M M M M M M
14 M M M M M M M M M M M M M M M M M
15 72 50 61 11 4 0 0.00 M M 19.6 28 170 M M 1 36 180
16 68 60 64 14 1 0 0.04 M M 17.9 26 160 M M 9 33 170
17 66 31 49 -2 16 0 0.14 M M 17.0 31 310 M M 8 37 310
18 55 24 40 -11 25 0 0.00 M M 6.2 14 330 M M 0 M M
19 65 26 46 -5 19 0 0.00 M M 2.7 8 140 M M 0 M M
20 68 38 53 2 12 0 0.00 M M 12.2 20 180 M M 0 28 180
21 83 58 71 19 0 6 0.00 M M 16.4 26 170 M M 5 1 35 160
22 71 40 56 4 9 0 M M M 15.5 29 170 M M 4 36 170
23 39 25 32 -20 33 0 M M M 15.8 23 350 M M 10 1 30 350
24 32 24 28 -24 37 0 0.00 M M 9.5 14 330 M M 10 1 18 360
25 38 22 30 -23 35 0 M M M 8.7 15 340 M M 8 27 340
26 40 35 38 -15 27 0 0.03 M M 7.5 13 360 M M 10 1 M M
27 58 27 43 -10 22 0 0.00 M M 8.5 17 320 M M 1 1 22 320
28 66 22 44 -9 21 0 0.00 M M 2.5 7 140 M M 0 M M
================================================================================
SM 1529 873 490 6 1.15 M 263.4 M 106
================================================================================
AV 58.8 33.6 10.1 FASTST M M 4 MAX(MPH)
MISC ----> 31 310 37 310
================================================================================
NOTES:
# LAST OF SEVERAL OCCURRENCES
COLUMN 17 PEAK WIND IN M.P.H.
PRELIMINARY LOCAL CLIMATOLOGICAL DATA (WS FORM: F-6) , PAGE 2
STATION: HILLSBORO
MONTH: FEBRUARY
YEAR: 2022
LATITUDE: 32 0 N
LONGITUDE: 97 6 W
[TEMPERATURE DATA] [PRECIPITATION DATA] SYMBOLS USED IN COLUMN 16
AVERAGE MONTHLY: 46.2 TOTAL FOR MONTH: 1.15 1 = FOG OR MIST
DPTR FM NORMAL: -4.2 DPTR FM NORMAL: -1.77 2 = FOG REDUCING VISIBILITY
HIGHEST: 83 ON 21 GRTST 24HR 0.74 ON 2- 2 TO 1/4 MILE OR LESS
LOWEST: 18 ON 5 3 = THUNDER
SNOW, ICE PELLETS, HAIL 4 = ICE PELLETS
TOTAL MONTH: M 5 = HAIL
GRTST 24HR M ON M 6 = FREEZING RAIN OR DRIZZLE
GRTST DEPTH: M ON M 7 = DUSTSTORM OR SANDSTORM:
VSBY 1/2 MILE OR LESS
8 = SMOKE OR HAZE
[NO. OF DAYS WITH] [WEATHER - DAYS WITH] 9 = BLOWING SNOW
X = TORNADO
MAX 32 OR BELOW: 1 0.01 INCH OR MORE: 5
MAX 90 OR ABOVE: 0 0.10 INCH OR MORE: 3
MIN 32 OR BELOW: 15 0.50 INCH OR MORE: 1
MIN 0 OR BELOW: 0 1.00 INCH OR MORE: 0
[HDD (BASE 65) ]
TOTAL THIS MO. 490 CLEAR (SCALE 0-3) 13
DPTR FM NORMAL 76 PTCLDY (SCALE 4-7) 6
TOTAL FM JUL 1 1404 CLOUDY (SCALE 8-10) 9
DPTR FM NORMAL -455
[CDD (BASE 65) ]
TOTAL THIS MO. 6
DPTR FM NORMAL 0 [PRESSURE DATA]
TOTAL FM JAN 1 6 HIGHEST SLP M ON M
DPTR FM NORMAL 4 LOWEST SLP M ON M
[REMARKS]
#FINAL-02-22#