000
CXUS54 KMAF 011420
CF6INK
PRELIMINARY LOCAL CLIMATOLOGICAL DATA (WS FORM: F-6)
STATION: WINK
MONTH: NOVEMBER
YEAR: 2021
LATITUDE: 31 46 N
LONGITUDE: 103 12 W
TEMPERATURE IN F: :PCPN: SNOW: WIND :SUNSHINE: SKY :PK WND
================================================================================
1 2 3 4 5 6A 6B 7 8 9 10 11 12 13 14 15 16 17 18
12Z AVG MX 2MIN
DY MAX MIN AVG DEP HDD CDD WTR SNW DPTH SPD SPD DIR MIN PSBL S-S WX SPD DR
================================================================================
1 75 44 60 1 5 0 0.00 M M 6.0 12 130 M M 0 14 120
2 59 49 54 -5 11 0 0.00 M M 9.2 17 70 M M 7 18 21 70
3 M M M M M M 0.00 M M 8.1 15 20 M M 10 18 18 10
4 59 44 52 -6 13 0 0.00 M M 5.3 14 140 M M 4 17 180
5 76 32 54 -4 11 0 0.00 M M 6.8 14 130 M M 1 12 18 130
6 79 40 60 3 5 0 0.00 M M 7.3 15 140 M M 2 12 19 130
7 84 41 63 6 2 0 0.00 M M 9.4 17 130 M M 0 20 130
8 86 44 65 9 0 0 0.00 M M 8.6 16 130 M M 0 21 130
9 85 49 67 11 0 2 0.00 M M 6.6 16 130 M M 0 19 130
10 81 49 65 9 0 0 0.00 M M 9.4 26 320 M M 1 12 32 300
11 72 38 55 0 10 0 0.00 M M 5.7 12 140 M M 0 8 15 150
12 66 32 49 -6 16 0 0.00 M M 9.0 25 20 M M 0 33 10
13 77 30 54 0 11 0 0.00 M M 6.0 14 200 M M 0 17 210
14 75 37 56 2 9 0 0.00 M M 7.6 17 40 M M 0 21 60
15 M M M M M M 0.00 M M M M M M M 0 M M
16 M M M M M M 0.00 M M M M M M M 0 M M
17 74 52 63 10 2 0 0.00 M M 18.0 25 50 M M 0 29 50
18 57 34 46 -6 19 0 0.00 M M 7.5 16 30 M M 0 23 100
19 70 36 53 1 12 0 0.00 M M 10.0 16 140 M M 0 19 150
20 83 36 60 8 5 0 0.00 M M 6.6 21 270 M M 0 27 250
21 64 43 54 3 11 0 0.00 M M 11.4 25 30 M M 0 30 30
22 65 31 48 -3 17 0 0.00 M M 6.3 12 130 M M 0 15 220
23 75 34 55 4 10 0 0.00 M M 7.7 16 150 M M 0 20 120
24 72 48 60 10 5 0 0.00 M M 8.2 21 270 M M 1 25 260
25 58 34 46 -4 19 0 0.00 M M 10.4 26 40 M M 1 33 40
26 60 28 44 -6 21 0 0.00 M M 5.8 12 180 M M 2 16 170
27 65 46 56 7 9 0 T M M 7.3 22 240 M M 8 28 240
28 66 37 52 3 13 0 0.00 M M 7.5 13 10 M M 0 15 10
29 75 29 52 3 13 0 0.00 M M 6.2 13 200 M M 0 17 240
30 77 32 55 7 10 0 0.00 M M 4.9 12 360 M M 0 14 360
================================================================================
SM 1935 1049 259 2 T M 222.8 M 37
================================================================================
AV 71.7 38.9 8.0 FASTST M M 1 MAX(MPH)
MISC ----> # 26 320 # 33 10
================================================================================
NOTES:
# LAST OF SEVERAL OCCURRENCES
COLUMN 17 PEAK WIND IN M.P.H.
PRELIMINARY LOCAL CLIMATOLOGICAL DATA (WS FORM: F-6) , PAGE 2
STATION: WINK
MONTH: NOVEMBER
YEAR: 2021
LATITUDE: 31 46 N
LONGITUDE: 103 12 W
[TEMPERATURE DATA] [PRECIPITATION DATA] SYMBOLS USED IN COLUMN 16
AVERAGE MONTHLY: 55.3 TOTAL FOR MONTH: T 1 = FOG OR MIST
DPTR FM NORMAL: 1.8 DPTR FM NORMAL: -0.49 2 = FOG REDUCING VISIBILITY
HIGHEST: 86 ON 8 GRTST 24HR T ON 27-27 TO 1/4 MILE OR LESS
LOWEST: 28 ON 26 3 = THUNDER
SNOW, ICE PELLETS, HAIL 4 = ICE PELLETS
TOTAL MONTH: M 5 = HAIL
GRTST 24HR M ON M 6 = FREEZING RAIN OR DRIZZLE
GRTST DEPTH: M ON M 7 = DUSTSTORM OR SANDSTORM:
VSBY 1/2 MILE OR LESS
8 = SMOKE OR HAZE
[NO. OF DAYS WITH] [WEATHER - DAYS WITH] 9 = BLOWING SNOW
X = TORNADO
MAX 32 OR BELOW: 0 0.01 INCH OR MORE: 0
MAX 90 OR ABOVE: 0 0.10 INCH OR MORE: 0
MIN 32 OR BELOW: 7 0.50 INCH OR MORE: 0
MIN 0 OR BELOW: 0 1.00 INCH OR MORE: 0
[HDD (BASE 65) ]
TOTAL THIS MO. 259 CLEAR (SCALE 0-3) 26
DPTR FM NORMAL -94 PTCLDY (SCALE 4-7) 3
TOTAL FM JUL 1 306 CLOUDY (SCALE 8-10) 1
DPTR FM NORMAL -143
[CDD (BASE 65) ]
TOTAL THIS MO. 2
DPTR FM NORMAL -6 [PRESSURE DATA]
TOTAL FM JAN 1 2369 HIGHEST SLP 30.54 ON 18
DPTR FM NORMAL -295 LOWEST SLP 29.74 ON 10
[REMARKS]
#FINAL-11-21#